114.119.130.111 - - [27/Oct/2022:17:48:17 -0700] "GET /wp-includes/js/?C=N%3BO%3DD HTTP/1.1" 200 359 "https://jsdsportsdevelopment.org/wp-includes/js/?C=D%3BO%3DA" "Mozilla/5.0 (Linux; Android 7.0;) AppleWebKit/537.36 (KHTML, like Gecko) Mobile Safari/537.36 (compatible; PetalBot;+https://webmaster.petalsearch.com/site/petalbot)" "jsdsportsdevelopment.org"
114.119.141.100 - - [27/Oct/2022:17:54:06 -0700] "GET /wp-includes/blocks/navigation/view.min.asset.php HTTP/1.1" 200 - "https://jsdsportsdevelopment.org/wp-includes/blocks/navigation/?C=S%3BO%3DA" "Mozilla/5.0 (Linux; Android 7.0;) AppleWebKit/537.36 (KHTML, like Gecko) Mobile Safari/537.36 (compatible; PetalBot;+https://webmaster.petalsearch.com/site/petalbot)" "jsdsportsdevelopment.org"
52.42.78.65 - - [27/Oct/2022:17:56:50 -0700] "GET / HTTP/1.1" 200 428 "-" "Mozilla/5.0 (X11; Linux x86_64) AppleWebKit/537.36 (KHTML, like Gecko) Chrome/83.0.4103.97 Safari/537.36" "jsdsportsdevelopment.org"
35.88.237.210 - - [27/Oct/2022:17:56:51 -0700] "GET / HTTP/1.1" 200 428 "-" "Mozilla/5.0 (X11; Linux x86_64) AppleWebKit/537.36 (KHTML, like Gecko) Chrome/83.0.4103.97 Safari/537.36" "jsdsportsdevelopment.org"
35.93.134.139 - - [27/Oct/2022:17:56:58 -0700] "GET /favicon.ico HTTP/1.1" 404 88 "-" "Mozilla/5.0 (X11; Linux x86_64) AppleWebKit/537.36 (KHTML, like Gecko) Chrome/83.0.4103.97 Safari/537.36" "jsdsportsdevelopment.org"
35.93.134.139 - - [27/Oct/2022:17:57:01 -0700] "GET / HTTP/1.1" 200 428 "-" "Mozilla/5.0 (X11; Linux x86_64) AppleWebKit/537.36 (KHTML, like Gecko) Chrome/83.0.4103.97 Safari/537.36" "jsdsportsdevelopment.org"
34.219.214.140 - - [27/Oct/2022:17:58:11 -0700] "GET /favicon.ico HTTP/1.1" 404 88 "http://jsdsportsdevelopment.org/favicon.ico" "Mozilla/5.0 (X11; Linux x86_64) AppleWebKit/537.36 (KHTML, like Gecko) Chrome/83.0.4103.97 Safari/537.36" "jsdsportsdevelopment.org"
34.219.214.140 - - [27/Oct/2022:17:58:13 -0700] "GET / HTTP/1.1" 200 428 "http://jsdsportsdevelopment.org" "Mozilla/5.0 (X11; Linux x86_64) AppleWebKit/537.36 (KHTML, like Gecko) Chrome/83.0.4103.97 Safari/537.36" "jsdsportsdevelopment.org"
51.222.253.8 - - [27/Oct/2022:18:00:58 -0700] "GET /wp-content/?C=N;O=D HTTP/1.1" 200 352 "-" "Mozilla/5.0 (compatible; AhrefsBot/7.0; +http://ahrefs.com/robot/)" "jsdsportsdevelopment.org"
52.226.227.211 - - [27/Oct/2022:18:14:47 -0700] "GET /robots.txt HTTP/1.1" 404 88 "-" "python-requests/2.27.1" "jsdsportsdevelopment.org"
52.226.227.211 - - [27/Oct/2022:18:14:49 -0700] "HEAD /blog/wp-content/themes/avenue/inc/images/patterns/overlay4.png HTTP/1.1" 404 - "-" "Mozilla/5.0 (Windows NT 10.0; Win64; x64) AppleWebKit/537.36 (KHTML, like Gecko) Chrome/76.0.3809.100 Safari/537.36" "jsdsportsdevelopment.org"
114.119.141.100 - - [27/Oct/2022:18:18:34 -0700] "GET /wp-includes/blocks/comments-pagination/?C=S%3BO%3DA HTTP/1.1" 200 510 "https://jsdsportsdevelopment.org/wp-includes/blocks/comments-pagination/?C=N%3BO%3DD" "Mozilla/5.0 (Linux; Android 7.0;) AppleWebKit/537.36 (KHTML, like Gecko) Mobile Safari/537.36 (compatible; PetalBot;+https://webmaster.petalsearch.com/site/petalbot)" "jsdsportsdevelopment.org"
114.119.130.111 - - [27/Oct/2022:18:43:01 -0700] "GET /wp-includes/blocks/avatar/?C=D%3BO%3DA HTTP/1.1" 200 497 "https://jsdsportsdevelopment.org/wp-includes/blocks/avatar/?C=M%3BO%3DA" "Mozilla/5.0 (Linux; Android 7.0;) AppleWebKit/537.36 (KHTML, like Gecko) Mobile Safari/537.36 (compatible; PetalBot;+https://webmaster.petalsearch.com/site/petalbot)" "jsdsportsdevelopment.org"
114.119.141.100 - - [27/Oct/2022:18:49:20 -0700] "GET /wp-includes/blocks/comment-date/?C=M%3BO%3DA HTTP/1.1" 200 382 "https://jsdsportsdevelopment.org/wp-includes/blocks/comment-date/?C=N%3BO%3DD" "Mozilla/5.0 (Linux; Android 7.0;) AppleWebKit/537.36 (KHTML, like Gecko) Mobile Safari/537.36 (compatible; PetalBot;+https://webmaster.petalsearch.com/site/petalbot)" "jsdsportsdevelopment.org"
114.119.140.99 - - [27/Oct/2022:18:55:02 -0700] "GET /wp-includes/blocks/home-link/?C=S%3BO%3DA HTTP/1.1" 200 379 "https://jsdsportsdevelopment.org/wp-includes/blocks/home-link/?C=N%3BO%3DD" "Mozilla/5.0 (Linux; Android 7.0;) AppleWebKit/537.36 (KHTML, like Gecko) Mobile Safari/537.36 (compatible; PetalBot;+https://webmaster.petalsearch.com/site/petalbot)" "jsdsportsdevelopment.org"
114.119.130.111 - - [27/Oct/2022:19:00:52 -0700] "GET /wp-includes/blocks/post-comments/ HTTP/1.1" 200 501 "https://jsdsportsdevelopment.org/wp-includes/blocks/?C=M%3BO%3DA" "Mozilla/5.0 (Linux; Android 7.0;) AppleWebKit/537.36 (KHTML, like Gecko) Mobile Safari/537.36 (compatible; PetalBot;+https://webmaster.petalsearch.com/site/petalbot)" "jsdsportsdevelopment.org"
20.254.54.70 - - [27/Oct/2022:19:06:16 -0700] "GET /wp-content/themes/seotheme/db.php?u HTTP/1.1" 404 88 "www.google.com" "Mozlila/5.0 (Linux; Android 7.0; SM-G892A Bulid/NRD90M; wv) AppleWebKit/537.36 (KHTML, like Gecko) Version/4.0 Chrome/60.0.3112.107 Moblie Safari/537.36" "jsdsportsdevelopment.org"
20.254.54.70 - - [27/Oct/2022:19:06:22 -0700] "GET /wp-content/themes/seotheme/db.php?u HTTP/1.1" 404 88 "www.google.com" "Mozlila/5.0 (Linux; Android 7.0; SM-G892A Bulid/NRD90M; wv) AppleWebKit/537.36 (KHTML, like Gecko) Version/4.0 Chrome/60.0.3112.107 Moblie Safari/537.36" "jsdsportsdevelopment.org"
114.119.141.100 - - [27/Oct/2022:19:06:37 -0700] "GET /wp-includes/blocks/navigation-submenu/editor.css HTTP/1.1" 200 1034 "https://jsdsportsdevelopment.org/wp-includes/blocks/navigation-submenu/" "Mozilla/5.0 (Linux; Android 7.0;) AppleWebKit/537.36 (KHTML, like Gecko) Mobile Safari/537.36 (compatible; PetalBot;+https://webmaster.petalsearch.com/site/petalbot)" "jsdsportsdevelopment.org"
114.119.140.99 - - [27/Oct/2022:19:12:23 -0700] "GET /wp-includes/blocks/comments-pagination/editor.min.css HTTP/1.1" 200 209 "https://jsdsportsdevelopment.org/wp-includes/blocks/comments-pagination/?C=N%3BO%3DD" "Mozilla/5.0 (Linux; Android 7.0;) AppleWebKit/537.36 (KHTML, like Gecko) Mobile Safari/537.36 (compatible; PetalBot;+https://webmaster.petalsearch.com/site/petalbot)" "jsdsportsdevelopment.org"
114.119.140.99 - - [27/Oct/2022:19:19:14 -0700] "GET /wp-includes/blocks/post-author-biography/?C=D%3BO%3DA HTTP/1.1" 200 388 "https://jsdsportsdevelopment.org/wp-includes/blocks/post-author-biography/" "Mozilla/5.0 (Linux; Android 7.0;) AppleWebKit/537.36 (KHTML, like Gecko) Mobile Safari/537.36 (compatible; PetalBot;+https://webmaster.petalsearch.com/site/petalbot)" "jsdsportsdevelopment.org"
114.119.140.87 - - [27/Oct/2022:19:25:09 -0700] "GET /wp-includes/blocks/navigation/?C=N%3BO%3DD HTTP/1.1" 200 561 "https://jsdsportsdevelopment.org/wp-includes/blocks/navigation/?C=S%3BO%3DA" "Mozilla/5.0 (Linux; Android 7.0;) AppleWebKit/537.36 (KHTML, like Gecko) Mobile Safari/537.36 (compatible; PetalBot;+https://webmaster.petalsearch.com/site/petalbot)" "jsdsportsdevelopment.org"
114.119.140.99 - - [27/Oct/2022:19:30:58 -0700] "GET /wp-includes/blocks/comments-pagination/?C=M%3BO%3DA HTTP/1.1" 200 510 "https://jsdsportsdevelopment.org/wp-includes/blocks/comments-pagination/?C=N%3BO%3DD" "Mozilla/5.0 (Linux; Android 7.0;) AppleWebKit/537.36 (KHTML, like Gecko) Mobile Safari/537.36 (compatible; PetalBot;+https://webmaster.petalsearch.com/site/petalbot)" "jsdsportsdevelopment.org"
114.119.130.111 - - [27/Oct/2022:19:43:57 -0700] "GET /wp-includes/blocks/navigation/editor.min.css HTTP/1.1" 200 2069 "https://jsdsportsdevelopment.org/wp-includes/blocks/navigation/?C=S%3BO%3DA" "Mozilla/5.0 (Linux; Android 7.0;) AppleWebKit/537.36 (KHTML, like Gecko) Mobile Safari/537.36 (compatible; PetalBot;+https://webmaster.petalsearch.com/site/petalbot)" "jsdsportsdevelopment.org"
114.119.140.87 - - [27/Oct/2022:19:58:05 -0700] "GET /wp-includes/blocks/template-part/?C=S%3BO%3DA HTTP/1.1" 200 501 "https://jsdsportsdevelopment.org/wp-includes/blocks/template-part/?C=N%3BO%3DD" "Mozilla/5.0 (Linux; Android 7.0;) AppleWebKit/537.36 (KHTML, like Gecko) Mobile Safari/537.36 (compatible; PetalBot;+https://webmaster.petalsearch.com/site/petalbot)" "jsdsportsdevelopment.org"
114.119.140.87 - - [27/Oct/2022:20:04:40 -0700] "GET /wp-includes/blocks/comment-content/style-rtl.css HTTP/1.1" 200 813 "https://jsdsportsdevelopment.org/wp-includes/blocks/comment-content/?C=D%3BO%3DA" "Mozilla/5.0 (Linux; Android 7.0;) AppleWebKit/537.36 (KHTML, like Gecko) Mobile Safari/537.36 (compatible; PetalBot;+https://webmaster.petalsearch.com/site/petalbot)" "jsdsportsdevelopment.org"
114.119.140.99 - - [27/Oct/2022:20:10:26 -0700] "GET /wp-includes/blocks/widget-group/?C=S%3BO%3DA HTTP/1.1" 200 382 "https://jsdsportsdevelopment.org/wp-includes/blocks/widget-group/?C=M%3BO%3DA" "Mozilla/5.0 (Linux; Android 7.0;) AppleWebKit/537.36 (KHTML, like Gecko) Mobile Safari/537.36 (compatible; PetalBot;+https://webmaster.petalsearch.com/site/petalbot)" "jsdsportsdevelopment.org"
114.119.140.99 - - [27/Oct/2022:20:16:15 -0700] "GET /wp-includes/blocks/comments-pagination-next/?C=D%3BO%3DA HTTP/1.1" 200 389 "https://jsdsportsdevelopment.org/wp-includes/blocks/comments-pagination-next/" "Mozilla/5.0 (Linux; Android 7.0;) AppleWebKit/537.36 (KHTML, like Gecko) Mobile Safari/537.36 (compatible; PetalBot;+https://webmaster.petalsearch.com/site/petalbot)" "jsdsportsdevelopment.org"
114.119.142.63 - - [27/Oct/2022:20:21:34 -0700] "GET /robots.txt HTTP/1.1" 404 88 "-" "Mozilla/5.0 (compatible;PetalBot;+https://webmaster.petalsearch.com/site/petalbot)" "jsdsportsdevelopment.org"
114.119.141.100 - - [27/Oct/2022:20:22:03 -0700] "GET /?C=D%3BO%3DA HTTP/1.1" 200 428 "https://jsdsportsdevelopment.org/?C=N%3BO%3DD" "Mozilla/5.0 (Linux; Android 7.0;) AppleWebKit/537.36 (KHTML, like Gecko) Mobile Safari/537.36 (compatible; PetalBot;+https://webmaster.petalsearch.com/site/petalbot)" "jsdsportsdevelopment.org"
114.119.140.87 - - [27/Oct/2022:20:35:38 -0700] "GET /wp-includes/blocks/comments-title/editor.css HTTP/1.1" 200 788 "https://jsdsportsdevelopment.org/wp-includes/blocks/comments-title/?C=D%3BO%3DA" "Mozilla/5.0 (Linux; Android 7.0;) AppleWebKit/537.36 (KHTML, like Gecko) Mobile Safari/537.36 (compatible; PetalBot;+https://webmaster.petalsearch.com/site/petalbot)" "jsdsportsdevelopment.org"
95.216.207.219 - - [27/Oct/2022:20:50:20 -0700] "GET / HTTP/1.1" 200 428 "http://jsdsportsdevelopment.org" "Mozilla/5.0 (Macintosh; Intel Mac OS X 10_13_6) AppleWebKit/537.36 (KHTML, like Gecko) Chrome/80.0.3987.116 Safari/537.36" "jsdsportsdevelopment.org"
51.222.253.5 - - [27/Oct/2022:21:09:22 -0700] "GET /wp-includes/css/dist/edit-site/?C=M;O=A HTTP/1.1" 200 421 "-" "Mozilla/5.0 (compatible; AhrefsBot/7.0; +http://ahrefs.com/robot/)" "jsdsportsdevelopment.org"
51.222.253.7 - - [27/Oct/2022:21:52:10 -0700] "GET /wp-includes/css/dist/edit-site/?C=D;O=A HTTP/1.1" 200 422 "-" "Mozilla/5.0 (compatible; AhrefsBot/7.0; +http://ahrefs.com/robot/)" "jsdsportsdevelopment.org"
111.207.155.211 - - [27/Oct/2022:22:39:00 -0700] "GET / HTTP/1.1" 200 1156 "-" "Mozilla/5.0 Firefox/35.0" "jsdsportsdevelopment.org"
141.95.150.133 - - [27/Oct/2022:22:58:43 -0700] "GET /wp-content/themes/seotheme/mar.php HTTP/1.1" 404 88 "www.google.com" "Mozlila/5.0 (Linux; Android 7.0; SM-G892A Bulid/NRD90M; wv) AppleWebKit/537.36 (KHTML, like Gecko) Version/4.0 Chrome/60.0.3112.107 Moblie Safari/537.36" "jsdsportsdevelopment.org"
141.95.150.133 - - [27/Oct/2022:22:58:56 -0700] "GET /wp-content/themes/seotheme/mar.php HTTP/1.1" 404 88 "www.google.com" "Mozlila/5.0 (Linux; Android 7.0; SM-G892A Bulid/NRD90M; wv) AppleWebKit/537.36 (KHTML, like Gecko) Version/4.0 Chrome/60.0.3112.107 Moblie Safari/537.36" "jsdsportsdevelopment.org"
141.95.150.133 - - [27/Oct/2022:22:59:19 -0700] "GET /wp-includes/wp-class.php HTTP/1.1" 404 88 "www.google.com" "Mozlila/5.0 (Linux; Android 7.0; SM-G892A Bulid/NRD90M; wv) AppleWebKit/537.36 (KHTML, like Gecko) Version/4.0 Chrome/60.0.3112.107 Moblie Safari/537.36" "jsdsportsdevelopment.org"
141.95.150.133 - - [27/Oct/2022:22:59:33 -0700] "GET /wp-includes/wp-class.php HTTP/1.1" 404 88 "www.google.com" "Mozlila/5.0 (Linux; Android 7.0; SM-G892A Bulid/NRD90M; wv) AppleWebKit/537.36 (KHTML, like Gecko) Version/4.0 Chrome/60.0.3112.107 Moblie Safari/537.36" "jsdsportsdevelopment.org"
141.95.150.133 - - [27/Oct/2022:22:59:46 -0700] "GET /wp-admin/shell20211028.php HTTP/1.1" 404 88 "www.google.com" "Mozlila/5.0 (Linux; Android 7.0; SM-G892A Bulid/NRD90M; wv) AppleWebKit/537.36 (KHTML, like Gecko) Version/4.0 Chrome/60.0.3112.107 Moblie Safari/537.36" "jsdsportsdevelopment.org"
141.95.150.133 - - [27/Oct/2022:22:59:55 -0700] "GET /wp-admin/shell20211028.php HTTP/1.1" 404 88 "www.google.com" "Mozlila/5.0 (Linux; Android 7.0; SM-G892A Bulid/NRD90M; wv) AppleWebKit/537.36 (KHTML, like Gecko) Version/4.0 Chrome/60.0.3112.107 Moblie Safari/537.36" "jsdsportsdevelopment.org"
51.222.253.18 - - [27/Oct/2022:23:01:39 -0700] "GET /wp-includes/css/dist/edit-site/?C=S;O=A HTTP/1.1" 200 424 "-" "Mozilla/5.0 (compatible; AhrefsBot/7.0; +http://ahrefs.com/robot/)" "jsdsportsdevelopment.org"
10.247.24.59 - - [27/Oct/2022:23:34:27 -0700] "POST /wp-cron.php?doing_wp_cron=1666938867.5616850852966308593750 HTTP/1.1" 404 88 "https://jsdsportsdevelopment.org/wp-cron.php?doing_wp_cron=1666938867.5616850852966308593750" "WordPress/6.0.1; https://jsdsportsdevelopment.org" "jsdsportsdevelopment.org"
185.119.81.101 - - [27/Oct/2022:23:34:23 -0700] "GET /blog/wp-login.php HTTP/1.1" 200 6686 "http://jsdsportsdevelopment.org/blog/wp-login.php" "Mozilla/5.0 (Windows NT 6.1; WOW64) AppleWebKit/537.36 (KHTML, like Gecko) Chrome/44.0.2403.157 Safari/537.36" "jsdsportsdevelopment.org"
162.55.86.60 - - [28/Oct/2022:01:29:13 -0700] "GET /robots.txt HTTP/1.1" 404 88 "-" "Mozilla/5.0 (compatible; BLEXBot/1.0; +http://webmeup-crawler.com/)" "jsdsportsdevelopment.org"
162.55.86.60 - - [28/Oct/2022:01:29:14 -0700] "GET /robots.txt HTTP/1.1" 404 88 "-" "Mozilla/5.0 (compatible; BLEXBot/1.0; +http://webmeup-crawler.com/)" "jsdsportsdevelopment.org"
162.55.86.60 - - [28/Oct/2022:01:29:14 -0700] "GET /sitemap HTTP/1.1" 404 88 "-" "Mozilla/5.0 (compatible; BLEXBot/1.0; +http://webmeup-crawler.com/)" "jsdsportsdevelopment.org"
162.55.86.60 - - [28/Oct/2022:01:29:18 -0700] "GET /sitemap HTTP/1.1" 404 88 "-" "Mozilla/5.0 (compatible; BLEXBot/1.0; +http://webmeup-crawler.com/)" "jsdsportsdevelopment.org"
162.55.86.60 - - [28/Oct/2022:01:29:22 -0700] "GET /sitemap.txt HTTP/1.1" 404 88 "-" "Mozilla/5.0 (compatible; BLEXBot/1.0; +http://webmeup-crawler.com/)" "jsdsportsdevelopment.org"
162.55.86.60 - - [28/Oct/2022:01:29:29 -0700] "GET /sitemap.txt HTTP/1.1" 404 88 "-" "Mozilla/5.0 (compatible; BLEXBot/1.0; +http://webmeup-crawler.com/)" "jsdsportsdevelopment.org"
162.55.86.60 - - [28/Oct/2022:01:29:32 -0700] "GET /wp-includes/blocks/comments-pagination-previous/?C=M;O=D HTTP/1.1" 200 390 "-" "Mozilla/5.0 (compatible; BLEXBot/1.0; +http://webmeup-crawler.com/)" "jsdsportsdevelopment.org"
162.55.86.60 - - [28/Oct/2022:01:29:35 -0700] "GET /wp-includes/css/dist/edit-site/?C=D;O=D HTTP/1.1" 200 423 "-" "Mozilla/5.0 (compatible; BLEXBot/1.0; +http://webmeup-crawler.com/)" "jsdsportsdevelopment.org"
162.55.86.60 - - [28/Oct/2022:01:29:38 -0700] "GET /wp-includes/css/dist/edit-site/?C=M;O=D HTTP/1.1" 200 422 "-" "Mozilla/5.0 (compatible; BLEXBot/1.0; +http://webmeup-crawler.com/)" "jsdsportsdevelopment.org"
162.55.86.60 - - [28/Oct/2022:01:29:40 -0700] "GET /wp-includes/css/dist/edit-site/?C=N;O=A HTTP/1.1" 200 422 "-" "Mozilla/5.0 (compatible; BLEXBot/1.0; +http://webmeup-crawler.com/)" "jsdsportsdevelopment.org"
162.55.86.60 - - [28/Oct/2022:01:29:43 -0700] "GET /wp-includes/css/dist/edit-site/?C=S;O=D HTTP/1.1" 200 422 "-" "Mozilla/5.0 (compatible; BLEXBot/1.0; +http://webmeup-crawler.com/)" "jsdsportsdevelopment.org"
162.55.86.60 - - [28/Oct/2022:01:29:45 -0700] "GET /wp-includes/js/dist/development/?C=D;O=D HTTP/1.1" 200 436 "-" "Mozilla/5.0 (compatible; BLEXBot/1.0; +http://webmeup-crawler.com/)" "jsdsportsdevelopment.org"
162.55.86.60 - - [28/Oct/2022:01:29:49 -0700] "GET /wp-includes/js/dist/development/?C=M;O=D HTTP/1.1" 200 439 "-" "Mozilla/5.0 (compatible; BLEXBot/1.0; +http://webmeup-crawler.com/)" "jsdsportsdevelopment.org"
162.55.86.60 - - [28/Oct/2022:01:29:54 -0700] "GET /wp-includes/js/dist/development/?C=N;O=A HTTP/1.1" 200 437 "-" "Mozilla/5.0 (compatible; BLEXBot/1.0; +http://webmeup-crawler.com/)" "jsdsportsdevelopment.org"
162.55.86.60 - - [28/Oct/2022:01:29:59 -0700] "GET /wp-includes/js/dist/development/?C=S;O=D HTTP/1.1" 200 435 "-" "Mozilla/5.0 (compatible; BLEXBot/1.0; +http://webmeup-crawler.com/)" "jsdsportsdevelopment.org"
157.55.39.200 - - [28/Oct/2022:03:01:34 -0700] "GET /robots.txt HTTP/1.1" 404 88 "-" "Mozilla/5.0 AppleWebKit/537.36 (KHTML, like Gecko; compatible; bingbot/2.0; +http://www.bing.com/bingbot.htm) Chrome/103.0.5060.134 Safari/537.36" "jsdsportsdevelopment.org"
137.226.113.44 - - [28/Oct/2022:03:51:27 -0700] "GET / HTTP/1.1" 200 428 "-" "Mozilla/5.0 zgrab/0.x (compatible; Researchscan/http; +http://researchscan.comsys.rwth-aachen.de)" "www.jsdsportsdevelopment.org"
35.206.95.253 - - [28/Oct/2022:04:57:00 -0700] "HEAD / HTTP/1.1" 200 - "-" "scalaj-http/2.4.2" "jsdsportsdevelopment.org"
35.206.95.253 - - [28/Oct/2022:04:57:00 -0700] "GET / HTTP/1.1" 200 428 "-" "Buck/2.3.2; (+https://app.hypefactors.com/media-monitoring/about.html)" "jsdsportsdevelopment.org"
35.206.95.253 - - [28/Oct/2022:04:57:01 -0700] "GET /robots.txt HTTP/1.1" 404 88 "-" "Buck/2.3.2; (+https://app.hypefactors.com/media-monitoring/about.html)" "jsdsportsdevelopment.org"
35.206.95.253 - - [28/Oct/2022:04:57:01 -0700] "GET /sitemap.xml HTTP/1.1" 404 88 "-" "Buck/2.3.2; (+https://app.hypefactors.com/media-monitoring/about.html)" "jsdsportsdevelopment.org"
10.247.24.59 - - [28/Oct/2022:04:57:45 -0700] "POST /wp-cron.php?doing_wp_cron=1666958265.3518729209899902343750 HTTP/1.1" 404 88 "https://jsdsportsdevelopment.org/wp-cron.php?doing_wp_cron=1666958265.3518729209899902343750" "WordPress/6.0.1; https://jsdsportsdevelopment.org" "jsdsportsdevelopment.org"
35.206.95.253 - - [28/Oct/2022:04:57:41 -0700] "GET /blog/ HTTP/1.1" 200 28684 "-" "Buck/2.3.2; (+https://app.hypefactors.com/media-monitoring/about.html)" "jsdsportsdevelopment.org"
35.206.95.253 - - [28/Oct/2022:04:58:21 -0700] "GET /wp-content/ HTTP/1.1" 200 354 "-" "Buck/2.3.2; (+https://app.hypefactors.com/media-monitoring/about.html)" "jsdsportsdevelopment.org"
35.206.95.253 - - [28/Oct/2022:04:59:03 -0700] "GET /wp-includes/ HTTP/1.1" 200 405 "-" "Buck/2.3.2; (+https://app.hypefactors.com/media-monitoring/about.html)" "jsdsportsdevelopment.org"
35.206.95.253 - - [28/Oct/2022:04:59:40 -0700] "GET /index.html.bak HTTP/1.1" 200 867 "-" "Buck/2.3.2; (+https://app.hypefactors.com/media-monitoring/about.html)" "jsdsportsdevelopment.org"
10.247.24.58 - - [28/Oct/2022:05:02:06 -0700] "POST /wp-cron.php?doing_wp_cron=1666958526.3369860649108886718750 HTTP/1.1" 404 88 "https://jsdsportsdevelopment.org/wp-cron.php?doing_wp_cron=1666958526.3369860649108886718750" "WordPress/6.0.1; https://jsdsportsdevelopment.org" "jsdsportsdevelopment.org"
185.119.81.101 - - [28/Oct/2022:05:02:04 -0700] "GET /blog/wp-login.php HTTP/1.1" 200 6686 "http://jsdsportsdevelopment.org/blog/wp-login.php" "Mozilla/5.0 (Windows NT 10.0; Win64; x64) AppleWebKit/537.36 (KHTML, like Gecko) Chrome/96.0.4664.93 Safari/537.36" "jsdsportsdevelopment.org"
185.119.81.101 - - [28/Oct/2022:05:02:06 -0700] "POST /wp-login.php HTTP/1.1" 404 88 "https://jsdsportsdevelopment.org/blog/wp-login.php" "Mozilla/5.0 (Windows NT 10.0; Win64; x64) AppleWebKit/537.36 (KHTML, like Gecko) Chrome/96.0.4664.93 Safari/537.36" "jsdsportsdevelopment.org"
51.222.253.5 - - [28/Oct/2022:05:13:51 -0700] "GET /robots.txt HTTP/1.1" 404 88 "-" "Mozilla/5.0 (compatible; AhrefsBot/7.0; +http://ahrefs.com/robot/)" "jsdsportsdevelopment.org"
51.222.253.9 - - [28/Oct/2022:05:13:52 -0700] "GET /?C=N;O=A HTTP/1.1" 200 428 "-" "Mozilla/5.0 (compatible; AhrefsBot/7.0; +http://ahrefs.com/robot/)" "jsdsportsdevelopment.org"
114.119.140.87 - - [28/Oct/2022:05:51:20 -0700] "GET /wp-includes/blocks/avatar/style.min.css HTTP/1.1" 200 59 "https://jsdsportsdevelopment.org/wp-includes/blocks/avatar/?C=M%3BO%3DA" "Mozilla/5.0 (Linux; Android 7.0;) AppleWebKit/537.36 (KHTML, like Gecko) Mobile Safari/537.36 (compatible; PetalBot;+https://webmaster.petalsearch.com/site/petalbot)" "jsdsportsdevelopment.org"
114.119.140.87 - - [28/Oct/2022:06:00:45 -0700] "GET /wp-includes/blocks/comments-query-loop/editor-rtl.css HTTP/1.1" 200 807 "https://jsdsportsdevelopment.org/wp-includes/blocks/comments-query-loop/?C=D%3BO%3DA" "Mozilla/5.0 (Linux; Android 7.0;) AppleWebKit/537.36 (KHTML, like Gecko) Mobile Safari/537.36 (compatible; PetalBot;+https://webmaster.petalsearch.com/site/petalbot)" "jsdsportsdevelopment.org"
77.88.5.126 - - [28/Oct/2022:06:06:25 -0700] "GET /robots.txt HTTP/1.1" 404 73 "-" "Mozilla/5.0 (compatible; YandexBot/3.0; +http://yandex.com/bots)" "jsdsportsdevelopment.org"
10.247.24.58 - - [28/Oct/2022:06:06:32 -0700] "POST /wp-cron.php?doing_wp_cron=1666962392.3447470664978027343750 HTTP/1.1" 500 1721 "https://jsdsportsdevelopment.org/wp-cron.php?doing_wp_cron=1666962392.3447470664978027343750" "WordPress/6.0.1; https://jsdsportsdevelopment.org" "jsdsportsdevelopment.org"
77.88.5.46 - - [28/Oct/2022:06:06:29 -0700] "GET /blog/index.php/partners/ HTTP/1.1" 200 28684 "-" "Mozilla/5.0 (compatible; YandexBot/3.0; +http://yandex.com/bots)" "jsdsportsdevelopment.org"
114.119.140.99 - - [28/Oct/2022:06:07:41 -0700] "GET /wp-includes/blocks/query-no-results/?C=N%3BO%3DD HTTP/1.1" 200 389 "https://jsdsportsdevelopment.org/wp-includes/blocks/query-no-results/?C=M%3BO%3DA" "Mozilla/5.0 (Linux; Android 7.0;) AppleWebKit/537.36 (KHTML, like Gecko) Mobile Safari/537.36 (compatible; PetalBot;+https://webmaster.petalsearch.com/site/petalbot)" "jsdsportsdevelopment.org"
196.240.143.26 - - [28/Oct/2022:06:09:04 -0700] "GET / HTTP/1.1" 200 428 "http://jsdsportsdevelopment.org" "Mozilla/5.0 (Windows NT 10.0; WOW64; x64) AppleWebKit/537.36 (KHTML, like Gecko) Chrome/103.0.0.0 Safari/537.36 OPR/89.0.4447.51" "jsdsportsdevelopment.org"
194.36.97.185 - - [28/Oct/2022:06:09:09 -0700] "GET /?C=N;O=D HTTP/1.1" 200 426 "https://jsdsportsdevelopment.org/" "Mozilla/5.0 (Windows NT 10.0; WOW64; x64) AppleWebKit/537.36 (KHTML, like Gecko) Chrome/103.0.0.0 Safari/537.36 OPR/89.0.4447.51" "jsdsportsdevelopment.org"
194.36.97.185 - - [28/Oct/2022:06:09:12 -0700] "GET /wp-includes/ HTTP/1.1" 200 405 "https://jsdsportsdevelopment.org/" "Mozilla/5.0 (Windows NT 10.0; WOW64; x64) AppleWebKit/537.36 (KHTML, like Gecko) Chrome/103.0.0.0 Safari/537.36 OPR/89.0.4447.51" "jsdsportsdevelopment.org"
194.36.97.185 - - [28/Oct/2022:06:09:15 -0700] "GET /?C=M;O=A HTTP/1.1" 200 422 "https://jsdsportsdevelopment.org/" "Mozilla/5.0 (Windows NT 10.0; WOW64; x64) AppleWebKit/537.36 (KHTML, like Gecko) Chrome/103.0.0.0 Safari/537.36 OPR/89.0.4447.51" "jsdsportsdevelopment.org"
194.36.97.185 - - [28/Oct/2022:06:09:18 -0700] "GET /wp-content/ HTTP/1.1" 200 354 "https://jsdsportsdevelopment.org/" "Mozilla/5.0 (Windows NT 10.0; WOW64; x64) AppleWebKit/537.36 (KHTML, like Gecko) Chrome/103.0.0.0 Safari/537.36 OPR/89.0.4447.51" "jsdsportsdevelopment.org"
194.36.97.185 - - [28/Oct/2022:06:09:21 -0700] "GET /?C=S;O=A HTTP/1.1" 200 421 "https://jsdsportsdevelopment.org/" "Mozilla/5.0 (Windows NT 10.0; WOW64; x64) AppleWebKit/537.36 (KHTML, like Gecko) Chrome/103.0.0.0 Safari/537.36 OPR/89.0.4447.51" "jsdsportsdevelopment.org"
194.36.97.185 - - [28/Oct/2022:06:09:24 -0700] "GET /index.html.bakk HTTP/1.1" 200 867 "https://jsdsportsdevelopment.org/" "Mozilla/5.0 (Windows NT 10.0; WOW64; x64) AppleWebKit/537.36 (KHTML, like Gecko) Chrome/103.0.0.0 Safari/537.36 OPR/89.0.4447.51" "jsdsportsdevelopment.org"
194.36.97.185 - - [28/Oct/2022:06:09:29 -0700] "GET /?C=D;O=A HTTP/1.1" 200 428 "https://jsdsportsdevelopment.org/" "Mozilla/5.0 (Windows NT 10.0; WOW64; x64) AppleWebKit/537.36 (KHTML, like Gecko) Chrome/103.0.0.0 Safari/537.36 OPR/89.0.4447.51" "jsdsportsdevelopment.org"
194.36.97.185 - - [28/Oct/2022:06:09:34 -0700] "GET /index.html.bak HTTP/1.1" 200 867 "https://jsdsportsdevelopment.org/" "Mozilla/5.0 (Windows NT 10.0; WOW64; x64) AppleWebKit/537.36 (KHTML, like Gecko) Chrome/103.0.0.0 Safari/537.36 OPR/89.0.4447.51" "jsdsportsdevelopment.org"
10.247.24.59 - - [28/Oct/2022:06:09:42 -0700] "POST /wp-cron.php?doing_wp_cron=1666962581.9654080867767333984375 HTTP/1.1" 404 88 "https://jsdsportsdevelopment.org/wp-cron.php?doing_wp_cron=1666962581.9654080867767333984375" "WordPress/6.0.1; https://jsdsportsdevelopment.org" "jsdsportsdevelopment.org"
194.36.97.185 - - [28/Oct/2022:06:09:38 -0700] "GET /blog/ HTTP/1.1" 200 28684 "https://jsdsportsdevelopment.org/" "Mozilla/5.0 (Windows NT 10.0; WOW64; x64) AppleWebKit/537.36 (KHTML, like Gecko) Chrome/103.0.0.0 Safari/537.36 OPR/89.0.4447.51" "jsdsportsdevelopment.org"
114.119.140.87 - - [28/Oct/2022:06:14:29 -0700] "GET /wp-includes/blocks/navigation-link/editor.css HTTP/1.1" 200 1565 "https://jsdsportsdevelopment.org/wp-includes/blocks/navigation-link/?C=D%3BO%3DA" "Mozilla/5.0 (Linux; Android 7.0;) AppleWebKit/537.36 (KHTML, like Gecko) Mobile Safari/537.36 (compatible; PetalBot;+https://webmaster.petalsearch.com/site/petalbot)" "jsdsportsdevelopment.org"
114.119.141.100 - - [28/Oct/2022:06:21:13 -0700] "GET /wp-includes/css/?C=M%3BO%3DA HTTP/1.1" 200 359 "https://jsdsportsdevelopment.org/wp-includes/css/?C=S%3BO%3DA" "Mozilla/5.0 (Linux; Android 7.0;) AppleWebKit/537.36 (KHTML, like Gecko) Mobile Safari/537.36 (compatible; PetalBot;+https://webmaster.petalsearch.com/site/petalbot)" "jsdsportsdevelopment.org"
51.222.253.13 - - [28/Oct/2022:06:26:50 -0700] "GET /?C=M;O=D HTTP/1.1" 200 419 "-" "Mozilla/5.0 (compatible; AhrefsBot/7.0; +http://ahrefs.com/robot/)" "jsdsportsdevelopment.org"
114.119.141.100 - - [28/Oct/2022:06:27:52 -0700] "GET /wp-content/themes/ HTTP/1.1" 200 363 "https://jsdsportsdevelopment.org/wp-content/" "Mozilla/5.0 (Linux; Android 7.0;) AppleWebKit/537.36 (KHTML, like Gecko) Mobile Safari/537.36 (compatible; PetalBot;+https://webmaster.petalsearch.com/site/petalbot)" "jsdsportsdevelopment.org"
114.119.137.54 - - [28/Oct/2022:06:29:38 -0700] "GET /?C=M%3BO%3DA HTTP/1.1" 200 428 "https://jsdsportsdevelopment.org" "Mozilla/5.0 (Linux; Android 7.0;) AppleWebKit/537.36 (KHTML, like Gecko) Mobile Safari/537.36 (compatible; PetalBot;+https://webmaster.petalsearch.com/site/petalbot)" "jsdsportsdevelopment.org"
114.119.140.87 - - [28/Oct/2022:06:34:35 -0700] "GET /wp-includes/blocks/post-comments/?C=N%3BO%3DD HTTP/1.1" 200 501 "https://jsdsportsdevelopment.org/wp-includes/blocks/post-comments/?C=S%3BO%3DA" "Mozilla/5.0 (Linux; Android 7.0;) AppleWebKit/537.36 (KHTML, like Gecko) Mobile Safari/537.36 (compatible; PetalBot;+https://webmaster.petalsearch.com/site/petalbot)" "jsdsportsdevelopment.org"
114.119.130.111 - - [28/Oct/2022:06:41:11 -0700] "GET /wp-includes/js/dist/development/?C=D%3BO%3DA HTTP/1.1" 200 437 "https://jsdsportsdevelopment.org/wp-includes/js/dist/development/?C=N%3BO%3DD" "Mozilla/5.0 (Linux; Android 7.0;) AppleWebKit/537.36 (KHTML, like Gecko) Mobile Safari/537.36 (compatible; PetalBot;+https://webmaster.petalsearch.com/site/petalbot)" "jsdsportsdevelopment.org"
51.222.253.7 - - [28/Oct/2022:08:26:29 -0700] "GET /?C=S;O=D HTTP/1.1" 200 421 "-" "Mozilla/5.0 (compatible; AhrefsBot/7.0; +http://ahrefs.com/robot/)" "jsdsportsdevelopment.org"
52.226.210.206 - - [28/Oct/2022:08:54:07 -0700] "GET /robots.txt HTTP/1.1" 404 88 "-" "python-requests/2.27.1" "jsdsportsdevelopment.org"
52.226.210.206 - - [28/Oct/2022:08:54:08 -0700] "HEAD /blog/wp-content/themes/avenue/inc/images/patterns/overlay5.png HTTP/1.1" 404 - "-" "Mozilla/5.0 (Windows NT 10.0; Win64; x64) AppleWebKit/537.36 (KHTML, like Gecko) Chrome/76.0.3809.100 Safari/537.36" "jsdsportsdevelopment.org"
114.119.134.208 - - [28/Oct/2022:09:02:35 -0700] "GET /robots.txt HTTP/1.1" 404 88 "-" "Mozilla/5.0 (compatible;PetalBot;+https://webmaster.petalsearch.com/site/petalbot)" "jsdsportsdevelopment.org"
157.33.109.241 - - [28/Oct/2022:09:45:26 -0700] "GET /robots.txt HTTP/1.1" 404 88 "-" "Mozilla/5.0 (Windows NT 10.0; Win64; x64) AppleWebKit/537.36 (KHTML, like Gecko) Chrome/92.0.4515.159 Safari/537.36" "jsdsportsdevelopment.org"
51.222.253.5 - - [28/Oct/2022:10:21:32 -0700] "GET /wp-includes/css/?C=N;O=D HTTP/1.1" 200 357 "-" "Mozilla/5.0 (compatible; AhrefsBot/7.0; +http://ahrefs.com/robot/)" "jsdsportsdevelopment.org"
20.169.10.135 - - [28/Oct/2022:10:43:08 -0700] "GET / HTTP/1.1" 200 1156 "-" "Mozilla/5.0 (Windows NT 10.0; Win64; x64) AppleWebKit/537.36 (KHTML, like Gecko) Chrome/78.0.3904.108 Safari/537.36" "jsdsportsdevelopment.org"
20.169.10.135 - - [28/Oct/2022:10:43:09 -0700] "GET /wp-includes/wlwmanifest.xml HTTP/1.1" 404 73 "-" "Mozilla/5.0 (Windows NT 10.0; Win64; x64) AppleWebKit/537.36 (KHTML, like Gecko) Chrome/78.0.3904.108 Safari/537.36" "jsdsportsdevelopment.org"
20.169.10.135 - - [28/Oct/2022:10:43:09 -0700] "GET /xmlrpc.php?rsd HTTP/1.1" 404 73 "-" "Mozilla/5.0 (Windows NT 10.0; Win64; x64) AppleWebKit/537.36 (KHTML, like Gecko) Chrome/78.0.3904.108 Safari/537.36" "jsdsportsdevelopment.org"
20.169.10.135 - - [28/Oct/2022:10:43:09 -0700] "GET / HTTP/1.1" 200 1156 "-" "Mozilla/5.0 (Windows NT 10.0; Win64; x64) AppleWebKit/537.36 (KHTML, like Gecko) Chrome/78.0.3904.108 Safari/537.36" "jsdsportsdevelopment.org"
20.169.10.135 - - [28/Oct/2022:10:43:10 -0700] "GET /blog/wp-includes/wlwmanifest.xml HTTP/1.1" 200 1045 "-" "Mozilla/5.0 (Windows NT 10.0; Win64; x64) AppleWebKit/537.36 (KHTML, like Gecko) Chrome/78.0.3904.108 Safari/537.36" "jsdsportsdevelopment.org"
20.169.10.135 - - [28/Oct/2022:10:43:10 -0700] "GET /blog//wp-login.php HTTP/1.1" 500 4997 "-" "Mozilla/5.0 (Windows NT 10.0; Win64; x64) AppleWebKit/537.36 (KHTML, like Gecko) Chrome/78.0.3904.108 Safari/537.36" "jsdsportsdevelopment.org"
93.159.230.89 - - [28/Oct/2022:10:47:03 -0700] "GET / HTTP/1.1" 200 428 "-" "Mozilla/5.0 (Windows NT 10.0; Win64; x64) AppleWebKit/537.36 (KHTML, like Gecko) Chrome/71.0.3578.98 Safari/537.36" "jsdsportsdevelopment.org"
109.239.58.107 - - [28/Oct/2022:10:53:46 -0700] "GET / HTTP/1.1" 200 428 "-" "Mozilla/5.0 (Windows NT 10.0; Win64; x64) AppleWebKit/537.36 (KHTML, like Gecko) Chrome/91.0.4472.114 Safari/537.36 Edg/91.0.864.54" "jsdsportsdevelopment.org"
10.247.24.58 - - [28/Oct/2022:11:17:28 -0700] "POST /wp-cron.php?doing_wp_cron=1666981048.8372581005096435546875 HTTP/1.1" 404 88 "https://jsdsportsdevelopment.org/wp-cron.php?doing_wp_cron=1666981048.8372581005096435546875" "WordPress/6.0.1; https://jsdsportsdevelopment.org" "jsdsportsdevelopment.org"
185.119.81.101 - - [28/Oct/2022:11:17:26 -0700] "GET /blog/wp-login.php HTTP/1.1" 200 6686 "http://jsdsportsdevelopment.org/blog/wp-login.php" "Mozilla/5.0 (Windows NT 10.0; Win64; x64) AppleWebKit/537.36 (KHTML, like Gecko) Chrome/67.0.3396.79 Safari/537.36" "jsdsportsdevelopment.org"
185.119.81.101 - - [28/Oct/2022:11:17:29 -0700] "POST /wp-login.php HTTP/1.1" 404 88 "https://jsdsportsdevelopment.org/blog/wp-login.php" "Mozilla/5.0 (Windows NT 10.0; Win64; x64) AppleWebKit/537.36 (KHTML, like Gecko) Chrome/67.0.3396.79 Safari/537.36" "jsdsportsdevelopment.org"
51.222.253.19 - - [28/Oct/2022:11:39:20 -0700] "GET /wp-includes/php-compat/?C=N;O=D HTTP/1.1" 200 376 "-" "Mozilla/5.0 (compatible; AhrefsBot/7.0; +http://ahrefs.com/robot/)" "jsdsportsdevelopment.org"
207.46.13.148 - - [28/Oct/2022:11:45:17 -0700] "GET /blog/wp-content/themes/avenue/inc/images/cat_logo.png HTTP/1.1" 200 6985 "-" "Mozilla/5.0 (compatible; bingbot/2.0; +http://www.bing.com/bingbot.htm)" "jsdsportsdevelopment.org"
93.159.230.83 - - [28/Oct/2022:11:47:04 -0700] "GET / HTTP/1.1" 200 428 "-" "Mozilla/5.0 (Windows NT 10.0; Win64; x64) AppleWebKit/537.36 (KHTML, like Gecko) Chrome/71.0.3578.98 Safari/537.36" "jsdsportsdevelopment.org"
92.205.25.182 - - [28/Oct/2022:12:01:57 -0700] "GET /wp-login.php HTTP/1.1" 404 88 "http://jsdsportsdevelopment.org/wp-login.php" "Mozilla/5.0 (Windows NT 10.0; Win64; x64; rv:96.0) Gecko/20100101 Firefox/96" "jsdsportsdevelopment.org"
51.222.253.7 - - [28/Oct/2022:12:38:42 -0700] "GET /wp-includes/js/?C=N;O=D HTTP/1.1" 200 357 "-" "Mozilla/5.0 (compatible; AhrefsBot/7.0; +http://ahrefs.com/robot/)" "jsdsportsdevelopment.org"
114.119.140.99 - - [28/Oct/2022:12:59:38 -0700] "GET /wp-includes/js/dist/?C=M%3BO%3DA HTTP/1.1" 200 368 "https://jsdsportsdevelopment.org/wp-includes/js/dist/?C=D%3BO%3DA" "Mozilla/5.0 (Linux; Android 7.0;) AppleWebKit/537.36 (KHTML, like Gecko) Mobile Safari/537.36 (compatible; PetalBot;+https://webmaster.petalsearch.com/site/petalbot)" "jsdsportsdevelopment.org"
114.119.141.100 - - [28/Oct/2022:13:32:58 -0700] "GET /wp-includes/css/dist/edit-site/ HTTP/1.1" 200 422 "https://jsdsportsdevelopment.org/wp-includes/css/dist/" "Mozilla/5.0 (Linux; Android 7.0;) AppleWebKit/537.36 (KHTML, like Gecko) Mobile Safari/537.36 (compatible; PetalBot;+https://webmaster.petalsearch.com/site/petalbot)" "jsdsportsdevelopment.org"
114.119.129.229 - - [28/Oct/2022:13:34:12 -0700] "GET /?C=S%3BO%3DA HTTP/1.1" 200 428 "https://jsdsportsdevelopment.org" "Mozilla/5.0 (Linux; Android 7.0;) AppleWebKit/537.36 (KHTML, like Gecko) Mobile Safari/537.36 (compatible; PetalBot;+https://webmaster.petalsearch.com/site/petalbot)" "jsdsportsdevelopment.org"
114.119.133.85 - - [28/Oct/2022:13:37:13 -0700] "GET /?C=N%3BO%3DD HTTP/1.1" 200 428 "https://jsdsportsdevelopment.org" "Mozilla/5.0 (Linux; Android 7.0;) AppleWebKit/537.36 (KHTML, like Gecko) Mobile Safari/537.36 (compatible; PetalBot;+https://webmaster.petalsearch.com/site/petalbot)" "jsdsportsdevelopment.org"
114.119.140.99 - - [28/Oct/2022:13:41:50 -0700] "GET /wp-includes/blocks/comment-edit-link/?C=N%3BO%3DD HTTP/1.1" 200 385 "https://jsdsportsdevelopment.org/wp-includes/blocks/comment-edit-link/?C=D%3BO%3DA" "Mozilla/5.0 (Linux; Android 7.0;) AppleWebKit/537.36 (KHTML, like Gecko) Mobile Safari/537.36 (compatible; PetalBot;+https://webmaster.petalsearch.com/site/petalbot)" "jsdsportsdevelopment.org"
51.222.253.15 - - [28/Oct/2022:13:43:10 -0700] "GET /wp-includes/?C=N;O=D HTTP/1.1" 200 404 "-" "Mozilla/5.0 (compatible; AhrefsBot/7.0; +http://ahrefs.com/robot/)" "jsdsportsdevelopment.org"
114.119.141.100 - - [28/Oct/2022:13:47:59 -0700] "GET /wp-includes/blocks/home-link/?C=D%3BO%3DA HTTP/1.1" 200 379 "https://jsdsportsdevelopment.org/wp-includes/blocks/home-link/?C=N%3BO%3DD" "Mozilla/5.0 (Linux; Android 7.0;) AppleWebKit/537.36 (KHTML, like Gecko) Mobile Safari/537.36 (compatible; PetalBot;+https://webmaster.petalsearch.com/site/petalbot)" "jsdsportsdevelopment.org"
93.159.230.87 - - [28/Oct/2022:13:48:00 -0700] "GET / HTTP/1.1" 200 428 "-" "Mozilla/5.0 (Windows NT 10.0; Win64; x64) AppleWebKit/537.36 (KHTML, like Gecko) Chrome/71.0.3578.98 Safari/537.36" "jsdsportsdevelopment.org"
10.247.24.60 - - [28/Oct/2022:14:03:42 -0700] "POST /wp-cron.php?doing_wp_cron=1666991022.3938789367675781250000 HTTP/1.1" 404 88 "https://jsdsportsdevelopment.org/wp-cron.php?doing_wp_cron=1666991022.3938789367675781250000" "WordPress/6.0.1; https://jsdsportsdevelopment.org" "jsdsportsdevelopment.org"
114.119.130.111 - - [28/Oct/2022:14:03:38 -0700] "GET /blog/index.php/donate/ HTTP/1.1" 200 28684 "http://jsdsportsdevelopment.org/blog/mentoring/" "Mozilla/5.0 (Linux; Android 7.0;) AppleWebKit/537.36 (KHTML, like Gecko) Mobile Safari/537.36 (compatible; PetalBot;+https://webmaster.petalsearch.com/site/petalbot)" "jsdsportsdevelopment.org"
10.247.24.60 - - [28/Oct/2022:14:14:56 -0700] "POST /wp-cron.php?doing_wp_cron=1666991696.6482119560241699218750 HTTP/1.1" 404 88 "https://jsdsportsdevelopment.org/wp-cron.php?doing_wp_cron=1666991696.6482119560241699218750" "WordPress/6.0.1; https://jsdsportsdevelopment.org" "jsdsportsdevelopment.org"
114.119.141.100 - - [28/Oct/2022:14:14:53 -0700] "GET /blog/index.php/after-school/ HTTP/1.1" 200 28684 "http://jsdsportsdevelopment.org/blog/mentoring/" "Mozilla/5.0 (Linux; Android 7.0;) AppleWebKit/537.36 (KHTML, like Gecko) Mobile Safari/537.36 (compatible; PetalBot;+https://webmaster.petalsearch.com/site/petalbot)" "jsdsportsdevelopment.org"
114.119.141.100 - - [28/Oct/2022:14:29:53 -0700] "GET /wp-content/themes/?C=N%3BO%3DD HTTP/1.1" 200 363 "https://jsdsportsdevelopment.org/wp-content/themes/?C=D%3BO%3DA" "Mozilla/5.0 (Linux; Android 7.0;) AppleWebKit/537.36 (KHTML, like Gecko) Mobile Safari/537.36 (compatible; PetalBot;+https://webmaster.petalsearch.com/site/petalbot)" "jsdsportsdevelopment.org"
20.169.10.135 - - [28/Oct/2022:14:32:01 -0700] "GET / HTTP/1.1" 200 1156 "-" "Mozilla/5.0 (Windows NT 10.0; Win64; x64) AppleWebKit/537.36 (KHTML, like Gecko) Chrome/78.0.3904.108 Safari/537.36" "jsdsportsdevelopment.org"
20.169.10.135 - - [28/Oct/2022:14:32:02 -0700] "GET /wp-includes/wlwmanifest.xml HTTP/1.1" 404 73 "-" "Mozilla/5.0 (Windows NT 10.0; Win64; x64) AppleWebKit/537.36 (KHTML, like Gecko) Chrome/78.0.3904.108 Safari/537.36" "jsdsportsdevelopment.org"
20.169.10.135 - - [28/Oct/2022:14:32:02 -0700] "GET /xmlrpc.php?rsd HTTP/1.1" 500 4965 "-" "Mozilla/5.0 (Windows NT 10.0; Win64; x64) AppleWebKit/537.36 (KHTML, like Gecko) Chrome/78.0.3904.108 Safari/537.36" "jsdsportsdevelopment.org"
20.169.10.135 - - [28/Oct/2022:14:32:03 -0700] "GET / HTTP/1.1" 200 1156 "-" "Mozilla/5.0 (Windows NT 10.0; Win64; x64) AppleWebKit/537.36 (KHTML, like Gecko) Chrome/78.0.3904.108 Safari/537.36" "jsdsportsdevelopment.org"
20.169.10.135 - - [28/Oct/2022:14:32:03 -0700] "GET /blog/wp-includes/wlwmanifest.xml HTTP/1.1" 200 1045 "-" "Mozilla/5.0 (Windows NT 10.0; Win64; x64) AppleWebKit/537.36 (KHTML, like Gecko) Chrome/78.0.3904.108 Safari/537.36" "jsdsportsdevelopment.org"
10.247.24.60 - - [28/Oct/2022:14:32:06 -0700] "POST /wp-cron.php?doing_wp_cron=1666992726.6194419860839843750000 HTTP/1.1" 404 88 "https://jsdsportsdevelopment.org/wp-cron.php?doing_wp_cron=1666992726.6194419860839843750000" "WordPress/6.0.1; https://jsdsportsdevelopment.org" "jsdsportsdevelopment.org"
20.169.10.135 - - [28/Oct/2022:14:32:03 -0700] "GET /blog//wp-login.php HTTP/1.1" 200 6686 "-" "Mozilla/5.0 (Windows NT 10.0; Win64; x64) AppleWebKit/537.36 (KHTML, like Gecko) Chrome/78.0.3904.108 Safari/537.36" "jsdsportsdevelopment.org"
20.169.10.135 - - [28/Oct/2022:14:32:07 -0700] "GET /blog//?author=1 HTTP/1.1" 200 23436 "-" "Mozilla/5.0 (Windows NT 10.0; Win64; x64) AppleWebKit/537.36 (KHTML, like Gecko) Chrome/78.0.3904.108 Safari/537.36" "jsdsportsdevelopment.org"
20.169.10.135 - - [28/Oct/2022:14:32:10 -0700] "GET /blog//?author=2 HTTP/1.1" 404 22431 "-" "Mozilla/5.0 (Windows NT 10.0; Win64; x64) AppleWebKit/537.36 (KHTML, like Gecko) Chrome/78.0.3904.108 Safari/537.36" "jsdsportsdevelopment.org"
20.169.10.135 - - [28/Oct/2022:14:32:12 -0700] "GET /blog/index.php//wp-json/wp/v2/users/ HTTP/1.1" 200 28684 "-" "Mozilla/5.0 (Windows NT 10.0; Win64; x64) AppleWebKit/537.36 (KHTML, like Gecko) Chrome/78.0.3904.108 Safari/537.36" "jsdsportsdevelopment.org"
20.169.10.135 - - [28/Oct/2022:14:32:14 -0700] "GET /blog/index.php//wp-json/oembed/1.0/embed?url=https://jsdsportsdevelopment.org//blog/ HTTP/1.1" 200 28684 "-" "Mozilla/5.0 (Windows NT 10.0; Win64; x64) AppleWebKit/537.36 (KHTML, like Gecko) Chrome/78.0.3904.108 Safari/537.36" "jsdsportsdevelopment.org"
20.169.10.135 - - [28/Oct/2022:14:32:16 -0700] "POST /blog/index.php//xmlrpc.php HTTP/1.1" 200 28684 "-" "Mozilla/5.0 (Windows NT 10.0; Win64; x64) AppleWebKit/537.36 (KHTML, like Gecko) Chrome/78.0.3904.108 Safari/537.36" "jsdsportsdevelopment.org"
20.169.10.135 - - [28/Oct/2022:14:32:18 -0700] "POST /blog//wp-login.php HTTP/1.1" 500 4997 "https://jsdsportsdevelopment.org//blog//wp-login.php" "Mozilla/5.0 (Windows NT 10.0; Win64; x64) AppleWebKit/537.36 (KHTML, like Gecko) Chrome/78.0.3904.108 Safari/537.36" "jsdsportsdevelopment.org"
114.119.130.111 - - [28/Oct/2022:14:39:08 -0700] "GET /wp-includes/blocks/comment-edit-link/?C=M%3BO%3DA HTTP/1.1" 200 385 "https://jsdsportsdevelopment.org/wp-includes/blocks/comment-edit-link/?C=D%3BO%3DA" "Mozilla/5.0 (Linux; Android 7.0;) AppleWebKit/537.36 (KHTML, like Gecko) Mobile Safari/537.36 (compatible; PetalBot;+https://webmaster.petalsearch.com/site/petalbot)" "jsdsportsdevelopment.org"
93.159.230.89 - - [28/Oct/2022:14:47:43 -0700] "GET / HTTP/1.1" 200 428 "-" "Mozilla/5.0 (Windows NT 10.0; Win64; x64) AppleWebKit/537.36 (KHTML, like Gecko) Chrome/71.0.3578.98 Safari/537.36" "jsdsportsdevelopment.org"
114.119.130.111 - - [28/Oct/2022:14:50:05 -0700] "GET /wp-includes/blocks/read-more/style-rtl.css HTTP/1.1" 200 849 "https://jsdsportsdevelopment.org/wp-includes/blocks/read-more/?C=M%3BO%3DA" "Mozilla/5.0 (Linux; Android 7.0;) AppleWebKit/537.36 (KHTML, like Gecko) Mobile Safari/537.36 (compatible; PetalBot;+https://webmaster.petalsearch.com/site/petalbot)" "jsdsportsdevelopment.org"
114.119.140.99 - - [28/Oct/2022:14:56:14 -0700] "GET /index.html.bak HTTP/1.1" 200 867 "https://jsdsportsdevelopment.org/?C=N%3BO%3DD" "Mozilla/5.0 (Linux; Android 7.0;) AppleWebKit/537.36 (KHTML, like Gecko) Mobile Safari/537.36 (compatible; PetalBot;+https://webmaster.petalsearch.com/site/petalbot)" "jsdsportsdevelopment.org"
114.119.140.99 - - [28/Oct/2022:15:02:26 -0700] "GET /wp-includes/blocks/post-navigation-link/?C=S%3BO%3DA HTTP/1.1" 200 387 "https://jsdsportsdevelopment.org/wp-includes/blocks/post-navigation-link/?C=N%3BO%3DD" "Mozilla/5.0 (Linux; Android 7.0;) AppleWebKit/537.36 (KHTML, like Gecko) Mobile Safari/537.36 (compatible; PetalBot;+https://webmaster.petalsearch.com/site/petalbot)" "jsdsportsdevelopment.org"
114.119.140.99 - - [28/Oct/2022:15:19:29 -0700] "GET /wp-includes/blocks/navigation/?C=D%3BO%3DA HTTP/1.1" 200 561 "https://jsdsportsdevelopment.org/wp-includes/blocks/navigation/?C=N%3BO%3DD" "Mozilla/5.0 (Linux; Android 7.0;) AppleWebKit/537.36 (KHTML, like Gecko) Mobile Safari/537.36 (compatible; PetalBot;+https://webmaster.petalsearch.com/site/petalbot)" "jsdsportsdevelopment.org"
52.226.210.206 - - [28/Oct/2022:15:32:32 -0700] "GET /robots.txt HTTP/1.1" 404 88 "-" "python-requests/2.27.1" "jsdsportsdevelopment.org"
52.226.210.206 - - [28/Oct/2022:15:32:33 -0700] "HEAD /blog/wp-content/themes/avenue/inc/images/patterns/overlay9.png HTTP/1.1" 404 - "-" "Mozilla/5.0 (Windows NT 10.0; Win64; x64) AppleWebKit/537.36 (KHTML, like Gecko) Chrome/76.0.3809.100 Safari/537.36" "jsdsportsdevelopment.org"
35.91.60.6 - - [28/Oct/2022:15:37:22 -0700] "GET / HTTP/1.1" 200 428 "-" "Mozilla/5.0 (X11; Linux x86_64) AppleWebKit/537.36 (KHTML, like Gecko) Chrome/83.0.4103.97 Safari/537.36" "jsdsportsdevelopment.org"
54.186.6.82 - - [28/Oct/2022:15:37:32 -0700] "GET /favicon.ico HTTP/1.1" 404 88 "http://jsdsportsdevelopment.org/favicon.ico" "Mozilla/5.0 (X11; Linux x86_64) AppleWebKit/537.36 (KHTML, like Gecko) Chrome/83.0.4103.97 Safari/537.36" "jsdsportsdevelopment.org"
54.186.6.82 - - [28/Oct/2022:15:37:33 -0700] "GET / HTTP/1.1" 200 428 "http://jsdsportsdevelopment.org" "Mozilla/5.0 (X11; Linux x86_64) AppleWebKit/537.36 (KHTML, like Gecko) Chrome/83.0.4103.97 Safari/537.36" "jsdsportsdevelopment.org"
114.119.130.111 - - [28/Oct/2022:15:43:58 -0700] "GET /wp-includes/blocks/comments-query-loop/?C=M%3BO%3DA HTTP/1.1" 200 459 "https://jsdsportsdevelopment.org/wp-includes/blocks/comments-query-loop/?C=D%3BO%3DA" "Mozilla/5.0 (Linux; Android 7.0;) AppleWebKit/537.36 (KHTML, like Gecko) Mobile Safari/537.36 (compatible; PetalBot;+https://webmaster.petalsearch.com/site/petalbot)" "jsdsportsdevelopment.org"
93.159.230.89 - - [28/Oct/2022:15:48:11 -0700] "GET / HTTP/1.1" 200 428 "-" "Mozilla/5.0 (Windows NT 10.0; Win64; x64) AppleWebKit/537.36 (KHTML, like Gecko) Chrome/71.0.3578.98 Safari/537.36" "jsdsportsdevelopment.org"
10.247.24.58 - - [28/Oct/2022:15:48:43 -0700] "POST /wp-cron.php?doing_wp_cron=1666997323.3882620334625244140625 HTTP/1.1" 404 88 "https://jsdsportsdevelopment.org/wp-cron.php?doing_wp_cron=1666997323.3882620334625244140625" "WordPress/6.0.1; https://jsdsportsdevelopment.org" "jsdsportsdevelopment.org"
185.119.81.100 - - [28/Oct/2022:15:48:40 -0700] "GET /blog/wp-login.php HTTP/1.1" 200 6686 "http://jsdsportsdevelopment.org/blog/wp-login.php" "Mozilla/5.0 (Windows NT 10.0; Win64; x64) AppleWebKit/537.36 (KHTML, like Gecko) Chrome/98.0.4758.102 Safari/537.36" "jsdsportsdevelopment.org"
185.119.81.100 - - [28/Oct/2022:15:48:44 -0700] "POST /wp-login.php HTTP/1.1" 404 88 "https://jsdsportsdevelopment.org/blog/wp-login.php" "Mozilla/5.0 (Windows NT 10.0; Win64; x64) AppleWebKit/537.36 (KHTML, like Gecko) Chrome/98.0.4758.102 Safari/537.36" "jsdsportsdevelopment.org"
114.119.130.111 - - [28/Oct/2022:15:49:59 -0700] "GET /wp-includes/blocks/comment-author-name/?C=S%3BO%3DA HTTP/1.1" 200 385 "https://jsdsportsdevelopment.org/wp-includes/blocks/comment-author-name/" "Mozilla/5.0 (Linux; Android 7.0;) AppleWebKit/537.36 (KHTML, like Gecko) Mobile Safari/537.36 (compatible; PetalBot;+https://webmaster.petalsearch.com/site/petalbot)" "jsdsportsdevelopment.org"
51.222.253.16 - - [28/Oct/2022:16:06:55 -0700] "GET /wp-includes/?C=M;O=D HTTP/1.1" 200 404 "-" "Mozilla/5.0 (compatible; AhrefsBot/7.0; +http://ahrefs.com/robot/)" "jsdsportsdevelopment.org"
185.191.171.7 - - [28/Oct/2022:16:22:30 -0700] "GET /robots.txt HTTP/1.1" 404 88 "-" "Mozilla/5.0 (compatible; SemrushBot/7~bl; +http://www.semrush.com/bot.html)" "jsdsportsdevelopment.org"
10.247.24.59 - - [28/Oct/2022:16:22:35 -0700] "POST /wp-cron.php?doing_wp_cron=1666999354.9420289993286132812500 HTTP/1.1" 404 88 "https://jsdsportsdevelopment.org/wp-cron.php?doing_wp_cron=1666999354.9420289993286132812500" "WordPress/6.0.1; https://jsdsportsdevelopment.org" "jsdsportsdevelopment.org"
185.191.171.6 - - [28/Oct/2022:16:22:30 -0700] "GET /blog/index.php/2017/03/28/sample-page/ HTTP/1.1" 200 28684 "-" "Mozilla/5.0 (compatible; SemrushBot/7~bl; +http://www.semrush.com/bot.html)" "jsdsportsdevelopment.org"
185.191.171.39 - - [28/Oct/2022:16:22:38 -0700] "GET /sitemap.xml HTTP/1.1" 404 88 "-" "Mozilla/5.0 (compatible; SemrushBot/7~bl; +http://www.semrush.com/bot.html)" "jsdsportsdevelopment.org"
93.159.230.89 - - [28/Oct/2022:16:46:51 -0700] "GET / HTTP/1.1" 200 428 "-" "Mozilla/5.0 (Windows NT 10.0; Win64; x64) AppleWebKit/537.36 (KHTML, like Gecko) Chrome/71.0.3578.98 Safari/537.36" "jsdsportsdevelopment.org"
114.119.130.111 - - [28/Oct/2022:16:50:24 -0700] "GET /wp-includes/blocks/template-part/editor-rtl.css HTTP/1.1" 200 865 "https://jsdsportsdevelopment.org/wp-includes/blocks/template-part/?C=S%3BO%3DA" "Mozilla/5.0 (Linux; Android 7.0;) AppleWebKit/537.36 (KHTML, like Gecko) Mobile Safari/537.36 (compatible; PetalBot;+https://webmaster.petalsearch.com/site/petalbot)" "jsdsportsdevelopment.org"
