34.128.123.85 - - [09/Oct/2022:17:04:04 -0700] "GET / HTTP/1.1" 200 428 "-" "Mozilla/5.0" "jsdsportsdevelopment.org"
114.119.141.100 - - [09/Oct/2022:17:47:24 -0700] "GET /wp-includes/css/dist/edit-site/?C=D%3BO%3DA HTTP/1.1" 200 422 "https://jsdsportsdevelopment.org/wp-includes/css/dist/edit-site/" "Mozilla/5.0 (Linux; Android 7.0;) AppleWebKit/537.36 (KHTML, like Gecko) Mobile Safari/537.36 (compatible; PetalBot;+https://webmaster.petalsearch.com/site/petalbot)" "jsdsportsdevelopment.org"
114.119.141.100 - - [09/Oct/2022:17:52:39 -0700] "GET /wp-includes/blocks/comments-pagination-numbers/editor.min.css HTTP/1.1" 200 121 "https://jsdsportsdevelopment.org/wp-includes/blocks/comments-pagination-numbers/?C=S%3BO%3DA" "Mozilla/5.0 (Linux; Android 7.0;) AppleWebKit/537.36 (KHTML, like Gecko) Mobile Safari/537.36 (compatible; PetalBot;+https://webmaster.petalsearch.com/site/petalbot)" "jsdsportsdevelopment.org"
114.119.141.100 - - [09/Oct/2022:17:57:57 -0700] "GET /wp-includes/blocks/navigation/view.asset.php HTTP/1.1" 200 - "https://jsdsportsdevelopment.org/wp-includes/blocks/navigation/" "Mozilla/5.0 (Linux; Android 7.0;) AppleWebKit/537.36 (KHTML, like Gecko) Mobile Safari/537.36 (compatible; PetalBot;+https://webmaster.petalsearch.com/site/petalbot)" "jsdsportsdevelopment.org"
114.119.140.99 - - [09/Oct/2022:18:03:09 -0700] "GET /wp-includes/blocks/navigation-link/?C=N%3BO%3DD HTTP/1.1" 200 503 "https://jsdsportsdevelopment.org/wp-includes/blocks/navigation-link/?C=M%3BO%3DA" "Mozilla/5.0 (Linux; Android 7.0;) AppleWebKit/537.36 (KHTML, like Gecko) Mobile Safari/537.36 (compatible; PetalBot;+https://webmaster.petalsearch.com/site/petalbot)" "jsdsportsdevelopment.org"
114.119.140.87 - - [09/Oct/2022:18:08:22 -0700] "GET /wp-includes/blocks/post-comments/block.json HTTP/1.1" 200 478 "https://jsdsportsdevelopment.org/wp-includes/blocks/post-comments/?C=S%3BO%3DA" "Mozilla/5.0 (Linux; Android 7.0;) AppleWebKit/537.36 (KHTML, like Gecko) Mobile Safari/537.36 (compatible; PetalBot;+https://webmaster.petalsearch.com/site/petalbot)" "jsdsportsdevelopment.org"
10.247.24.59 - - [09/Oct/2022:18:13:37 -0700] "POST /wp-cron.php?doing_wp_cron=1665364417.2589728832244873046875 HTTP/1.1" 404 88 "https://jsdsportsdevelopment.org/wp-cron.php?doing_wp_cron=1665364417.2589728832244873046875" "WordPress/6.0.1; https://jsdsportsdevelopment.org" "jsdsportsdevelopment.org"
114.119.140.99 - - [09/Oct/2022:18:13:33 -0700] "GET /blog/?page_id=24 HTTP/1.1" 200 24862 "http://jsdsportsdevelopment.org/blog/sports/" "Mozilla/5.0 (Linux; Android 7.0;) AppleWebKit/537.36 (KHTML, like Gecko) Mobile Safari/537.36 (compatible; PetalBot;+https://webmaster.petalsearch.com/site/petalbot)" "jsdsportsdevelopment.org"
114.119.130.111 - - [09/Oct/2022:18:18:42 -0700] "GET /wp-includes/blocks/comment-author-name/?C=S%3BO%3DA HTTP/1.1" 200 385 "https://jsdsportsdevelopment.org/wp-includes/blocks/comment-author-name/" "Mozilla/5.0 (Linux; Android 7.0;) AppleWebKit/537.36 (KHTML, like Gecko) Mobile Safari/537.36 (compatible; PetalBot;+https://webmaster.petalsearch.com/site/petalbot)" "jsdsportsdevelopment.org"
114.119.141.100 - - [09/Oct/2022:18:23:49 -0700] "GET /wp-includes/css/dist/ HTTP/1.1" 200 365 "https://jsdsportsdevelopment.org/wp-includes/css/dist/edit-site/" "Mozilla/5.0 (Linux; Android 7.0;) AppleWebKit/537.36 (KHTML, like Gecko) Mobile Safari/537.36 (compatible; PetalBot;+https://webmaster.petalsearch.com/site/petalbot)" "jsdsportsdevelopment.org"
114.119.141.100 - - [09/Oct/2022:18:28:57 -0700] "GET /wp-includes/blocks/navigation-submenu/?C=M%3BO%3DA HTTP/1.1" 200 456 "https://jsdsportsdevelopment.org/wp-includes/blocks/navigation-submenu/?C=S%3BO%3DA" "Mozilla/5.0 (Linux; Android 7.0;) AppleWebKit/537.36 (KHTML, like Gecko) Mobile Safari/537.36 (compatible; PetalBot;+https://webmaster.petalsearch.com/site/petalbot)" "jsdsportsdevelopment.org"
114.119.141.100 - - [09/Oct/2022:18:34:06 -0700] "GET /wp-includes/blocks/template-part/?C=M%3BO%3DA HTTP/1.1" 200 501 "https://jsdsportsdevelopment.org/wp-includes/blocks/template-part/" "Mozilla/5.0 (Linux; Android 7.0;) AppleWebKit/537.36 (KHTML, like Gecko) Mobile Safari/537.36 (compatible; PetalBot;+https://webmaster.petalsearch.com/site/petalbot)" "jsdsportsdevelopment.org"
114.119.140.87 - - [09/Oct/2022:18:39:14 -0700] "GET /wp-includes/blocks/post-comments/?C=N%3BO%3DD HTTP/1.1" 200 501 "https://jsdsportsdevelopment.org/wp-includes/blocks/post-comments/?C=S%3BO%3DA" "Mozilla/5.0 (Linux; Android 7.0;) AppleWebKit/537.36 (KHTML, like Gecko) Mobile Safari/537.36 (compatible; PetalBot;+https://webmaster.petalsearch.com/site/petalbot)" "jsdsportsdevelopment.org"
114.119.130.111 - - [09/Oct/2022:18:44:20 -0700] "GET /wp-content/themes/?C=S%3BO%3DA HTTP/1.1" 200 363 "https://jsdsportsdevelopment.org/wp-content/themes/?C=M%3BO%3DA" "Mozilla/5.0 (Linux; Android 7.0;) AppleWebKit/537.36 (KHTML, like Gecko) Mobile Safari/537.36 (compatible; PetalBot;+https://webmaster.petalsearch.com/site/petalbot)" "jsdsportsdevelopment.org"
114.119.140.87 - - [09/Oct/2022:18:49:29 -0700] "GET /wp-includes/js/dist/development/?C=N%3BO%3DD HTTP/1.1" 200 437 "https://jsdsportsdevelopment.org/wp-includes/js/dist/development/?C=D%3BO%3DA" "Mozilla/5.0 (Linux; Android 7.0;) AppleWebKit/537.36 (KHTML, like Gecko) Mobile Safari/537.36 (compatible; PetalBot;+https://webmaster.petalsearch.com/site/petalbot)" "jsdsportsdevelopment.org"
114.119.140.87 - - [09/Oct/2022:18:54:38 -0700] "GET /wp-content/themes/?C=N%3BO%3DD HTTP/1.1" 200 363 "https://jsdsportsdevelopment.org/wp-content/themes/?C=M%3BO%3DA" "Mozilla/5.0 (Linux; Android 7.0;) AppleWebKit/537.36 (KHTML, like Gecko) Mobile Safari/537.36 (compatible; PetalBot;+https://webmaster.petalsearch.com/site/petalbot)" "jsdsportsdevelopment.org"
114.119.140.99 - - [09/Oct/2022:18:59:50 -0700] "GET /wp-includes/blocks/post-author/style-rtl.css HTTP/1.1" 200 899 "https://jsdsportsdevelopment.org/wp-includes/blocks/post-author/?C=D%3BO%3DA" "Mozilla/5.0 (Linux; Android 7.0;) AppleWebKit/537.36 (KHTML, like Gecko) Mobile Safari/537.36 (compatible; PetalBot;+https://webmaster.petalsearch.com/site/petalbot)" "jsdsportsdevelopment.org"
114.119.130.111 - - [10/Oct/2022:01:34:26 -0700] "GET /wp-includes/blocks/query-no-results/?C=D%3BO%3DA HTTP/1.1" 200 389 "https://jsdsportsdevelopment.org/wp-includes/blocks/query-no-results/?C=S%3BO%3DA" "Mozilla/5.0 (Linux; Android 7.0;) AppleWebKit/537.36 (KHTML, like Gecko) Mobile Safari/537.36 (compatible; PetalBot;+https://webmaster.petalsearch.com/site/petalbot)" "jsdsportsdevelopment.org"
114.119.140.87 - - [10/Oct/2022:01:41:24 -0700] "GET /wp-includes/js/dist/development/react-refresh-runtime.min.js HTTP/1.1" 200 7338 "https://jsdsportsdevelopment.org/wp-includes/js/dist/development/?C=D%3BO%3DA" "Mozilla/5.0 (Linux; Android 7.0;) AppleWebKit/537.36 (KHTML, like Gecko) Mobile Safari/537.36 (compatible; PetalBot;+https://webmaster.petalsearch.com/site/petalbot)" "jsdsportsdevelopment.org"
35.208.229.182 - - [10/Oct/2022:01:45:01 -0700] "HEAD / HTTP/1.1" 200 - "-" "scalaj-http/2.4.2" "jsdsportsdevelopment.org"
35.208.229.182 - - [10/Oct/2022:01:45:01 -0700] "GET / HTTP/1.1" 200 428 "-" "Buck/2.3.2; (+https://app.hypefactors.com/media-monitoring/about.html)" "jsdsportsdevelopment.org"
35.208.229.182 - - [10/Oct/2022:01:45:01 -0700] "GET /robots.txt HTTP/1.1" 404 88 "-" "Buck/2.3.2; (+https://app.hypefactors.com/media-monitoring/about.html)" "jsdsportsdevelopment.org"
35.208.229.182 - - [10/Oct/2022:01:45:01 -0700] "GET /sitemap.xml HTTP/1.1" 404 88 "-" "Buck/2.3.2; (+https://app.hypefactors.com/media-monitoring/about.html)" "jsdsportsdevelopment.org"
10.247.24.59 - - [10/Oct/2022:01:45:33 -0700] "POST /wp-cron.php?doing_wp_cron=1665391533.3288109302520751953125 HTTP/1.1" 404 88 "https://jsdsportsdevelopment.org/wp-cron.php?doing_wp_cron=1665391533.3288109302520751953125" "WordPress/6.0.1; https://jsdsportsdevelopment.org" "jsdsportsdevelopment.org"
35.208.229.182 - - [10/Oct/2022:01:45:28 -0700] "GET /blog/ HTTP/1.1" 200 28684 "-" "Buck/2.3.2; (+https://app.hypefactors.com/media-monitoring/about.html)" "jsdsportsdevelopment.org"
35.208.229.182 - - [10/Oct/2022:01:45:58 -0700] "GET /wp-content/ HTTP/1.1" 200 354 "-" "Buck/2.3.2; (+https://app.hypefactors.com/media-monitoring/about.html)" "jsdsportsdevelopment.org"
35.208.229.182 - - [10/Oct/2022:01:46:34 -0700] "GET /wp-includes/ HTTP/1.1" 200 405 "-" "Buck/2.3.2; (+https://app.hypefactors.com/media-monitoring/about.html)" "jsdsportsdevelopment.org"
35.208.229.182 - - [10/Oct/2022:01:47:00 -0700] "GET /index.html.bak HTTP/1.1" 200 867 "-" "Buck/2.3.2; (+https://app.hypefactors.com/media-monitoring/about.html)" "jsdsportsdevelopment.org"
114.119.140.87 - - [10/Oct/2022:01:48:08 -0700] "GET /wp-includes/blocks/post-comments/ HTTP/1.1" 200 501 "https://jsdsportsdevelopment.org/wp-includes/blocks/?C=D%3BO%3DA" "Mozilla/5.0 (Linux; Android 7.0;) AppleWebKit/537.36 (KHTML, like Gecko) Mobile Safari/537.36 (compatible; PetalBot;+https://webmaster.petalsearch.com/site/petalbot)" "jsdsportsdevelopment.org"
114.119.140.87 - - [10/Oct/2022:01:54:33 -0700] "GET /wp-includes/blocks/post-comments/editor-rtl.css HTTP/1.1" 200 793 "https://jsdsportsdevelopment.org/wp-includes/blocks/post-comments/?C=S%3BO%3DA" "Mozilla/5.0 (Linux; Android 7.0;) AppleWebKit/537.36 (KHTML, like Gecko) Mobile Safari/537.36 (compatible; PetalBot;+https://webmaster.petalsearch.com/site/petalbot)" "jsdsportsdevelopment.org"
165.22.95.12 - - [10/Oct/2022:01:55:36 -0700] "GET /wp-config.php HTTP/1.1" 404 88 "-" "Mozilla/5.0 (Windows NT 10.0; rv:91.0) Gecko/20100101 Firefox/91.0" "jsdsportsdevelopment.org"
10.247.24.58 - - [10/Oct/2022:02:01:11 -0700] "POST /wp-cron.php?doing_wp_cron=1665392471.3903191089630126953125 HTTP/1.1" 500 1724 "https://jsdsportsdevelopment.org/wp-cron.php?doing_wp_cron=1665392471.3903191089630126953125" "WordPress/6.0.1; https://jsdsportsdevelopment.org" "jsdsportsdevelopment.org"
114.119.141.100 - - [10/Oct/2022:02:01:08 -0700] "GET /blog/?page_id=14 HTTP/1.1" 200 26917 "http://jsdsportsdevelopment.org/blog/sports/" "Mozilla/5.0 (Linux; Android 7.0;) AppleWebKit/537.36 (KHTML, like Gecko) Mobile Safari/537.36 (compatible; PetalBot;+https://webmaster.petalsearch.com/site/petalbot)" "jsdsportsdevelopment.org"
114.119.140.99 - - [10/Oct/2022:02:08:22 -0700] "GET /wp-includes/blocks/comment-author-name/?C=N%3BO%3DD HTTP/1.1" 200 385 "https://jsdsportsdevelopment.org/wp-includes/blocks/comment-author-name/" "Mozilla/5.0 (Linux; Android 7.0;) AppleWebKit/537.36 (KHTML, like Gecko) Mobile Safari/537.36 (compatible; PetalBot;+https://webmaster.petalsearch.com/site/petalbot)" "jsdsportsdevelopment.org"
10.247.24.59 - - [10/Oct/2022:02:17:11 -0700] "POST /wp-cron.php?doing_wp_cron=1665393431.0245940685272216796875 HTTP/1.1" 404 88 "https://jsdsportsdevelopment.org/wp-cron.php?doing_wp_cron=1665393431.0245940685272216796875" "WordPress/6.0.1; https://jsdsportsdevelopment.org" "jsdsportsdevelopment.org"
114.119.130.111 - - [10/Oct/2022:02:17:04 -0700] "GET /blog/index.php/2017/03/28/hello-world/ HTTP/1.1" 200 28684 "http://jsdsportsdevelopment.org/blog/mentoring/" "Mozilla/5.0 (Linux; Android 7.0;) AppleWebKit/537.36 (KHTML, like Gecko) Mobile Safari/537.36 (compatible; PetalBot;+https://webmaster.petalsearch.com/site/petalbot)" "jsdsportsdevelopment.org"
114.119.130.111 - - [10/Oct/2022:02:26:45 -0700] "GET /?page_id=20 HTTP/1.1" 200 428 "https://jsdsportsdevelopment.org/blog/?page_id=16" "Mozilla/5.0 (Linux; Android 7.0;) AppleWebKit/537.36 (KHTML, like Gecko) Mobile Safari/537.36 (compatible; PetalBot;+https://webmaster.petalsearch.com/site/petalbot)" "jsdsportsdevelopment.org"
114.119.141.100 - - [10/Oct/2022:02:37:34 -0700] "GET /wp-includes/blocks/template-part/theme.min.css HTTP/1.1" 200 101 "https://jsdsportsdevelopment.org/wp-includes/blocks/template-part/" "Mozilla/5.0 (Linux; Android 7.0;) AppleWebKit/537.36 (KHTML, like Gecko) Mobile Safari/537.36 (compatible; PetalBot;+https://webmaster.petalsearch.com/site/petalbot)" "jsdsportsdevelopment.org"
114.119.140.99 - - [10/Oct/2022:02:48:13 -0700] "GET /wp-includes/blocks/avatar/editor.min.css HTTP/1.1" 200 116 "https://jsdsportsdevelopment.org/wp-includes/blocks/avatar/?C=M%3BO%3DA" "Mozilla/5.0 (Linux; Android 7.0;) AppleWebKit/537.36 (KHTML, like Gecko) Mobile Safari/537.36 (compatible; PetalBot;+https://webmaster.petalsearch.com/site/petalbot)" "jsdsportsdevelopment.org"
114.119.140.99 - - [10/Oct/2022:02:57:56 -0700] "GET /wp-includes/blocks/comments-pagination-previous/?C=S%3BO%3DA HTTP/1.1" 200 392 "https://jsdsportsdevelopment.org/wp-includes/blocks/comments-pagination-previous/?C=D%3BO%3DA" "Mozilla/5.0 (Linux; Android 7.0;) AppleWebKit/537.36 (KHTML, like Gecko) Mobile Safari/537.36 (compatible; PetalBot;+https://webmaster.petalsearch.com/site/petalbot)" "jsdsportsdevelopment.org"
114.119.141.100 - - [10/Oct/2022:03:06:53 -0700] "GET /wp-includes/blocks/template-part/theme-rtl.css HTTP/1.1" 200 817 "https://jsdsportsdevelopment.org/wp-includes/blocks/template-part/" "Mozilla/5.0 (Linux; Android 7.0;) AppleWebKit/537.36 (KHTML, like Gecko) Mobile Safari/537.36 (compatible; PetalBot;+https://webmaster.petalsearch.com/site/petalbot)" "jsdsportsdevelopment.org"
114.119.130.111 - - [10/Oct/2022:03:15:29 -0700] "GET /wp-includes/blocks/comment-date/?C=D%3BO%3DA HTTP/1.1" 200 382 "https://jsdsportsdevelopment.org/wp-includes/blocks/comment-date/" "Mozilla/5.0 (Linux; Android 7.0;) AppleWebKit/537.36 (KHTML, like Gecko) Mobile Safari/537.36 (compatible; PetalBot;+https://webmaster.petalsearch.com/site/petalbot)" "jsdsportsdevelopment.org"
114.119.140.99 - - [10/Oct/2022:03:23:54 -0700] "GET /wp-includes/blocks/navigation-submenu/editor.min.css HTTP/1.1" 200 300 "https://jsdsportsdevelopment.org/wp-includes/blocks/navigation-submenu/?C=S%3BO%3DA" "Mozilla/5.0 (Linux; Android 7.0;) AppleWebKit/537.36 (KHTML, like Gecko) Mobile Safari/537.36 (compatible; PetalBot;+https://webmaster.petalsearch.com/site/petalbot)" "jsdsportsdevelopment.org"
114.119.140.99 - - [10/Oct/2022:03:31:52 -0700] "GET /wp-includes/blocks/comment-edit-link/?C=M%3BO%3DA HTTP/1.1" 200 385 "https://jsdsportsdevelopment.org/wp-includes/blocks/comment-edit-link/" "Mozilla/5.0 (Linux; Android 7.0;) AppleWebKit/537.36 (KHTML, like Gecko) Mobile Safari/537.36 (compatible; PetalBot;+https://webmaster.petalsearch.com/site/petalbot)" "jsdsportsdevelopment.org"
114.119.141.100 - - [10/Oct/2022:03:39:19 -0700] "GET /wp-includes/blocks/post-author-biography/?C=D%3BO%3DA HTTP/1.1" 200 388 "https://jsdsportsdevelopment.org/wp-includes/blocks/post-author-biography/?C=S%3BO%3DA" "Mozilla/5.0 (Linux; Android 7.0;) AppleWebKit/537.36 (KHTML, like Gecko) Mobile Safari/537.36 (compatible; PetalBot;+https://webmaster.petalsearch.com/site/petalbot)" "jsdsportsdevelopment.org"
114.119.130.111 - - [10/Oct/2022:03:46:24 -0700] "GET /wp-includes/blocks/comments-query-loop/editor.min.css HTTP/1.1" 200 95 "https://jsdsportsdevelopment.org/wp-includes/blocks/comments-query-loop/?C=N%3BO%3DD" "Mozilla/5.0 (Linux; Android 7.0;) AppleWebKit/537.36 (KHTML, like Gecko) Mobile Safari/537.36 (compatible; PetalBot;+https://webmaster.petalsearch.com/site/petalbot)" "jsdsportsdevelopment.org"
114.119.140.99 - - [10/Oct/2022:03:53:24 -0700] "GET /wp-includes/blocks/post-navigation-link/?C=D%3BO%3DA HTTP/1.1" 200 387 "https://jsdsportsdevelopment.org/wp-includes/blocks/post-navigation-link/?C=N%3BO%3DD" "Mozilla/5.0 (Linux; Android 7.0;) AppleWebKit/537.36 (KHTML, like Gecko) Mobile Safari/537.36 (compatible; PetalBot;+https://webmaster.petalsearch.com/site/petalbot)" "jsdsportsdevelopment.org"
114.119.130.95 - - [10/Oct/2022:04:24:46 -0700] "GET /robots.txt HTTP/1.1" 404 88 "-" "Mozilla/5.0 (compatible;PetalBot;+https://webmaster.petalsearch.com/site/petalbot)" "jsdsportsdevelopment.org"
198.54.124.131 - - [10/Oct/2022:06:44:44 -0700] "GET /wp-config.php_ HTTP/1.1" 404 88 "-" "Mozilla/5.0 (Windows NT 10.0; rv:91.0) Gecko/20100101 Firefox/91.0" "jsdsportsdevelopment.org"
54.36.149.74 - - [10/Oct/2022:07:00:35 -0700] "GET /robots.txt HTTP/1.1" 404 88 "-" "Mozilla/5.0 (compatible; AhrefsBot/7.0; +http://ahrefs.com/robot/)" "jsdsportsdevelopment.org"
51.222.253.1 - - [10/Oct/2022:07:00:36 -0700] "GET /wp-includes/js/dist/development/?C=D;O=A HTTP/1.1" 200 437 "-" "Mozilla/5.0 (compatible; AhrefsBot/7.0; +http://ahrefs.com/robot/)" "jsdsportsdevelopment.org"
51.222.253.15 - - [10/Oct/2022:07:39:37 -0700] "GET /wp-includes/js/dist/development/?C=M;O=A HTTP/1.1" 200 442 "-" "Mozilla/5.0 (compatible; AhrefsBot/7.0; +http://ahrefs.com/robot/)" "jsdsportsdevelopment.org"
51.222.253.11 - - [10/Oct/2022:08:13:45 -0700] "GET /wp-includes/js/dist/development/?C=S;O=A HTTP/1.1" 200 440 "-" "Mozilla/5.0 (compatible; AhrefsBot/7.0; +http://ahrefs.com/robot/)" "jsdsportsdevelopment.org"
114.119.128.218 - - [10/Oct/2022:08:40:35 -0700] "GET /robots.txt HTTP/1.1" 404 88 "-" "Mozilla/5.0 (compatible;PetalBot;+https://webmaster.petalsearch.com/site/petalbot)" "jsdsportsdevelopment.org"
42.83.147.34 - - [10/Oct/2022:09:48:55 -0700] "GET / HTTP/1.1" 200 428 "-" "Mozilla/5.0 (Windows NT 6.1; Win64; x64) AppleWebKit/537.36 (KHTML, like Gecko)Chrome/74.0.3729.169 Safari/537.36" "jsdsportsdevelopment.org"
51.159.103.13 - - [10/Oct/2022:09:58:10 -0700] "GET /favicon.ico HTTP/1.1" 404 88 "-" "Mozilla/5.0 (X11; Linux x86_64; rv:104.0) Gecko/20100101 Firefox/104.0" "www.jsdsportsdevelopment.org"
51.159.103.13 - - [10/Oct/2022:09:58:10 -0700] "GET / HTTP/1.1" 200 1156 "-" "Mozilla/5.0 (X11; Linux x86_64; rv:104.0) Gecko/20100101 Firefox/104.0" "www.jsdsportsdevelopment.org"
114.119.141.100 - - [10/Oct/2022:10:03:27 -0700] "GET /wp-includes/css/?C=M%3BO%3DA HTTP/1.1" 200 359 "https://jsdsportsdevelopment.org/wp-includes/css/?C=D%3BO%3DA" "Mozilla/5.0 (Linux; Android 7.0;) AppleWebKit/537.36 (KHTML, like Gecko) Mobile Safari/537.36 (compatible; PetalBot;+https://webmaster.petalsearch.com/site/petalbot)" "jsdsportsdevelopment.org"
52.226.227.211 - - [10/Oct/2022:10:18:10 -0700] "GET /robots.txt HTTP/1.1" 404 88 "-" "python-requests/2.27.1" "jsdsportsdevelopment.org"
52.226.227.211 - - [10/Oct/2022:10:18:28 -0700] "GET /index.html.bak HTTP/1.1" 200 867 "-" "Mozilla/5.0 (Windows NT 10.0; Win64; x64) AppleWebKit/537.36 (KHTML, like Gecko) Chrome/76.0.3809.100 Safari/537.36" "jsdsportsdevelopment.org"
114.119.141.100 - - [10/Oct/2022:10:25:28 -0700] "GET /wp-includes/css/dist/edit-site/style-rtl.min.css HTTP/1.1" 200 7900 "https://jsdsportsdevelopment.org/wp-includes/css/dist/edit-site/" "Mozilla/5.0 (Linux; Android 7.0;) AppleWebKit/537.36 (KHTML, like Gecko) Mobile Safari/537.36 (compatible; PetalBot;+https://webmaster.petalsearch.com/site/petalbot)" "jsdsportsdevelopment.org"
114.119.140.99 - - [10/Oct/2022:10:33:15 -0700] "GET /wp-content/?C=N%3BO%3DD HTTP/1.1" 200 354 "https://jsdsportsdevelopment.org/wp-content/?C=S%3BO%3DA" "Mozilla/5.0 (Linux; Android 7.0;) AppleWebKit/537.36 (KHTML, like Gecko) Mobile Safari/537.36 (compatible; PetalBot;+https://webmaster.petalsearch.com/site/petalbot)" "jsdsportsdevelopment.org"
114.119.141.100 - - [10/Oct/2022:10:38:39 -0700] "GET /wp-includes/blocks/post-author-biography/?C=N%3BO%3DD HTTP/1.1" 200 388 "https://jsdsportsdevelopment.org/wp-includes/blocks/post-author-biography/?C=S%3BO%3DA" "Mozilla/5.0 (Linux; Android 7.0;) AppleWebKit/537.36 (KHTML, like Gecko) Mobile Safari/537.36 (compatible; PetalBot;+https://webmaster.petalsearch.com/site/petalbot)" "jsdsportsdevelopment.org"
114.119.141.100 - - [10/Oct/2022:10:44:04 -0700] "GET /wp-includes/?C=M%3BO%3DA HTTP/1.1" 200 405 "https://jsdsportsdevelopment.org/wp-includes/?C=D%3BO%3DA" "Mozilla/5.0 (Linux; Android 7.0;) AppleWebKit/537.36 (KHTML, like Gecko) Mobile Safari/537.36 (compatible; PetalBot;+https://webmaster.petalsearch.com/site/petalbot)" "jsdsportsdevelopment.org"
114.119.141.100 - - [10/Oct/2022:10:49:37 -0700] "GET /wp-includes/blocks/comment-author-name/?C=M%3BO%3DA HTTP/1.1" 200 385 "https://jsdsportsdevelopment.org/wp-includes/blocks/comment-author-name/" "Mozilla/5.0 (Linux; Android 7.0;) AppleWebKit/537.36 (KHTML, like Gecko) Mobile Safari/537.36 (compatible; PetalBot;+https://webmaster.petalsearch.com/site/petalbot)" "jsdsportsdevelopment.org"
114.119.140.99 - - [10/Oct/2022:10:55:06 -0700] "GET /wp-includes/blocks/read-more/?C=S%3BO%3DA HTTP/1.1" 200 452 "https://jsdsportsdevelopment.org/wp-includes/blocks/read-more/?C=N%3BO%3DD" "Mozilla/5.0 (Linux; Android 7.0;) AppleWebKit/537.36 (KHTML, like Gecko) Mobile Safari/537.36 (compatible; PetalBot;+https://webmaster.petalsearch.com/site/petalbot)" "jsdsportsdevelopment.org"
114.119.140.87 - - [10/Oct/2022:11:00:33 -0700] "GET /wp-includes/blocks/navigation/?C=M%3BO%3DA HTTP/1.1" 200 561 "https://jsdsportsdevelopment.org/wp-includes/blocks/navigation/?C=N%3BO%3DD" "Mozilla/5.0 (Linux; Android 7.0;) AppleWebKit/537.36 (KHTML, like Gecko) Mobile Safari/537.36 (compatible; PetalBot;+https://webmaster.petalsearch.com/site/petalbot)" "jsdsportsdevelopment.org"
10.247.24.59 - - [10/Oct/2022:11:06:01 -0700] "POST /wp-cron.php?doing_wp_cron=1665425161.1212151050567626953125 HTTP/1.1" 404 88 "https://jsdsportsdevelopment.org/wp-cron.php?doing_wp_cron=1665425161.1212151050567626953125" "WordPress/6.0.1; https://jsdsportsdevelopment.org" "jsdsportsdevelopment.org"
114.119.141.100 - - [10/Oct/2022:11:05:57 -0700] "GET /blog/index.php/our-team/ HTTP/1.1" 200 28684 "http://jsdsportsdevelopment.org/blog/mentoring/" "Mozilla/5.0 (Linux; Android 7.0;) AppleWebKit/537.36 (KHTML, like Gecko) Mobile Safari/537.36 (compatible; PetalBot;+https://webmaster.petalsearch.com/site/petalbot)" "jsdsportsdevelopment.org"
114.119.140.99 - - [10/Oct/2022:11:11:27 -0700] "GET /wp-includes/blocks/navigation-link/ HTTP/1.1" 200 503 "https://jsdsportsdevelopment.org/wp-includes/blocks/?C=D%3BO%3DA" "Mozilla/5.0 (Linux; Android 7.0;) AppleWebKit/537.36 (KHTML, like Gecko) Mobile Safari/537.36 (compatible; PetalBot;+https://webmaster.petalsearch.com/site/petalbot)" "jsdsportsdevelopment.org"
114.119.130.111 - - [10/Oct/2022:11:17:00 -0700] "GET /wp-includes/blocks/avatar/ HTTP/1.1" 200 497 "https://jsdsportsdevelopment.org/wp-includes/blocks/?C=D%3BO%3DA" "Mozilla/5.0 (Linux; Android 7.0;) AppleWebKit/537.36 (KHTML, like Gecko) Mobile Safari/537.36 (compatible; PetalBot;+https://webmaster.petalsearch.com/site/petalbot)" "jsdsportsdevelopment.org"
114.119.130.111 - - [10/Oct/2022:11:22:33 -0700] "GET /wp-includes/css/dist/edit-site/style.css HTTP/1.1" 200 9705 "https://jsdsportsdevelopment.org/wp-includes/css/dist/edit-site/" "Mozilla/5.0 (Linux; Android 7.0;) AppleWebKit/537.36 (KHTML, like Gecko) Mobile Safari/537.36 (compatible; PetalBot;+https://webmaster.petalsearch.com/site/petalbot)" "jsdsportsdevelopment.org"
114.119.140.99 - - [10/Oct/2022:11:28:00 -0700] "GET /wp-includes/blocks/comments-pagination/editor.css HTTP/1.1" 200 959 "https://jsdsportsdevelopment.org/wp-includes/blocks/comments-pagination/?C=D%3BO%3DA" "Mozilla/5.0 (Linux; Android 7.0;) AppleWebKit/537.36 (KHTML, like Gecko) Mobile Safari/537.36 (compatible; PetalBot;+https://webmaster.petalsearch.com/site/petalbot)" "jsdsportsdevelopment.org"
10.247.24.60 - - [10/Oct/2022:11:33:34 -0700] "POST /wp-cron.php?doing_wp_cron=1665426814.0055930614471435546875 HTTP/1.1" 404 88 "https://jsdsportsdevelopment.org/wp-cron.php?doing_wp_cron=1665426814.0055930614471435546875" "WordPress/6.0.1; https://jsdsportsdevelopment.org" "jsdsportsdevelopment.org"
114.119.140.87 - - [10/Oct/2022:11:33:30 -0700] "GET /blog/?page_id=14 HTTP/1.1" 200 26917 "http://jsdsportsdevelopment.org/blog/sports/" "Mozilla/5.0 (Linux; Android 7.0;) AppleWebKit/537.36 (KHTML, like Gecko) Mobile Safari/537.36 (compatible; PetalBot;+https://webmaster.petalsearch.com/site/petalbot)" "jsdsportsdevelopment.org"
114.119.130.111 - - [10/Oct/2022:11:39:00 -0700] "GET /wp-includes/blocks/post-author-biography/?C=D%3BO%3DA HTTP/1.1" 200 388 "https://jsdsportsdevelopment.org/wp-includes/blocks/post-author-biography/?C=S%3BO%3DA" "Mozilla/5.0 (Linux; Android 7.0;) AppleWebKit/537.36 (KHTML, like Gecko) Mobile Safari/537.36 (compatible; PetalBot;+https://webmaster.petalsearch.com/site/petalbot)" "jsdsportsdevelopment.org"
114.119.140.87 - - [10/Oct/2022:11:44:31 -0700] "GET /wp-includes/js/?C=N%3BO%3DD HTTP/1.1" 200 359 "https://jsdsportsdevelopment.org/wp-includes/js/?C=M%3BO%3DA" "Mozilla/5.0 (Linux; Android 7.0;) AppleWebKit/537.36 (KHTML, like Gecko) Mobile Safari/537.36 (compatible; PetalBot;+https://webmaster.petalsearch.com/site/petalbot)" "jsdsportsdevelopment.org"
114.119.130.111 - - [10/Oct/2022:11:49:59 -0700] "GET /wp-includes/blocks/template-part/theme.css HTTP/1.1" 200 817 "https://jsdsportsdevelopment.org/wp-includes/blocks/template-part/?C=S%3BO%3DA" "Mozilla/5.0 (Linux; Android 7.0;) AppleWebKit/537.36 (KHTML, like Gecko) Mobile Safari/537.36 (compatible; PetalBot;+https://webmaster.petalsearch.com/site/petalbot)" "jsdsportsdevelopment.org"
114.119.141.100 - - [10/Oct/2022:11:55:32 -0700] "GET /wp-includes/blocks/comments-title/?C=S%3BO%3DA HTTP/1.1" 200 454 "https://jsdsportsdevelopment.org/wp-includes/blocks/comments-title/?C=M%3BO%3DA" "Mozilla/5.0 (Linux; Android 7.0;) AppleWebKit/537.36 (KHTML, like Gecko) Mobile Safari/537.36 (compatible; PetalBot;+https://webmaster.petalsearch.com/site/petalbot)" "jsdsportsdevelopment.org"
114.119.140.87 - - [10/Oct/2022:12:01:12 -0700] "GET /wp-includes/blocks/comments-query-loop/editor.min.css HTTP/1.1" 200 95 "https://jsdsportsdevelopment.org/wp-includes/blocks/comments-query-loop/?C=N%3BO%3DD" "Mozilla/5.0 (Linux; Android 7.0;) AppleWebKit/537.36 (KHTML, like Gecko) Mobile Safari/537.36 (compatible; PetalBot;+https://webmaster.petalsearch.com/site/petalbot)" "jsdsportsdevelopment.org"
114.119.140.87 - - [10/Oct/2022:12:06:48 -0700] "GET /wp-includes/blocks/post-author-biography/ HTTP/1.1" 200 388 "https://jsdsportsdevelopment.org/wp-includes/blocks/?C=D%3BO%3DA" "Mozilla/5.0 (Linux; Android 7.0;) AppleWebKit/537.36 (KHTML, like Gecko) Mobile Safari/537.36 (compatible; PetalBot;+https://webmaster.petalsearch.com/site/petalbot)" "jsdsportsdevelopment.org"
10.247.24.59 - - [10/Oct/2022:12:12:29 -0700] "POST /wp-cron.php?doing_wp_cron=1665429149.3020489215850830078125 HTTP/1.1" 404 88 "https://jsdsportsdevelopment.org/wp-cron.php?doing_wp_cron=1665429149.3020489215850830078125" "WordPress/6.0.1; https://jsdsportsdevelopment.org" "jsdsportsdevelopment.org"
114.119.140.87 - - [10/Oct/2022:12:12:26 -0700] "GET /blog/index.php/sports/track/ HTTP/1.1" 200 28684 "http://jsdsportsdevelopment.org/blog/mentoring/" "Mozilla/5.0 (Linux; Android 7.0;) AppleWebKit/537.36 (KHTML, like Gecko) Mobile Safari/537.36 (compatible; PetalBot;+https://webmaster.petalsearch.com/site/petalbot)" "jsdsportsdevelopment.org"
2.57.122.93 - - [10/Oct/2022:14:09:06 -0700] "GET /wp-content/themes/seotheme/mar.php HTTP/1.1" 404 88 "-" "Mozilla/5.0 (Windows; U; Windows NT 6.1; en-US; rv:1.9.1.5) Gecko/20091102 Firefox/3.5.5 (.NET CLR 3.5.30729)" "jsdsportsdevelopment.org"
185.191.171.33 - - [10/Oct/2022:14:18:03 -0700] "GET /robots.txt HTTP/1.1" 404 88 "-" "Mozilla/5.0 (compatible; SemrushBot/7~bl; +http://www.semrush.com/bot.html)" "jsdsportsdevelopment.org"
185.191.171.45 - - [10/Oct/2022:14:18:05 -0700] "GET /sitemap.xml HTTP/1.1" 404 88 "-" "Mozilla/5.0 (compatible; SemrushBot/7~bl; +http://www.semrush.com/bot.html)" "jsdsportsdevelopment.org"
10.247.24.59 - - [10/Oct/2022:14:18:09 -0700] "POST /wp-cron.php?doing_wp_cron=1665436688.9976739883422851562500 HTTP/1.1" 404 88 "https://jsdsportsdevelopment.org/wp-cron.php?doing_wp_cron=1665436688.9976739883422851562500" "WordPress/6.0.1; https://jsdsportsdevelopment.org" "jsdsportsdevelopment.org"
185.191.171.25 - - [10/Oct/2022:14:18:03 -0700] "GET /blog/index.php/2017/03/28/sample-page/ HTTP/1.1" 200 28684 "-" "Mozilla/5.0 (compatible; SemrushBot/7~bl; +http://www.semrush.com/bot.html)" "jsdsportsdevelopment.org"
125.46.110.162 - - [10/Oct/2022:15:10:34 -0700] "GET / HTTP/1.1" 200 428 "-" "Mozilla/5.0 (Windows NT 10.0; Win64; x64) AppleWebKit/537.36 (KHTML, like Gecko) Chrome/85.0.4183.121 Safari/537.36" "jsdsportsdevelopment.org"
10.247.24.58 - - [10/Oct/2022:15:10:38 -0700] "POST /wp-cron.php?doing_wp_cron=1665439838.2552330493927001953125 HTTP/1.1" 404 88 "https://jsdsportsdevelopment.org/wp-cron.php?doing_wp_cron=1665439838.2552330493927001953125" "WordPress/6.0.1; https://jsdsportsdevelopment.org" "jsdsportsdevelopment.org"
125.46.110.162 - - [10/Oct/2022:15:10:35 -0700] "GET /blog/ HTTP/1.1" 200 28684 "-" "Mozilla/5.0 (Windows NT 10.0; Win64; x64) AppleWebKit/537.36 (KHTML, like Gecko) Chrome/85.0.4183.121 Safari/537.36" "jsdsportsdevelopment.org"
125.46.110.162 - - [10/Oct/2022:15:10:45 -0700] "GET /?feed=comments-rss2 HTTP/1.1" 200 428 "-" "Mozilla/5.0 (Windows NT 10.0; Win64; x64) AppleWebKit/537.36 (KHTML, like Gecko) Chrome/85.0.4183.121 Safari/537.36" "jsdsportsdevelopment.org"
125.46.110.162 - - [10/Oct/2022:15:10:50 -0700] "GET /blog/index.php/mentoring/ HTTP/1.1" 200 28684 "-" "Mozilla/5.0 (Windows NT 10.0; Win64; x64) AppleWebKit/537.36 (KHTML, like Gecko) Chrome/85.0.4183.121 Safari/537.36" "jsdsportsdevelopment.org"
125.46.110.162 - - [10/Oct/2022:15:10:55 -0700] "GET /blog/index.php/ministry/ HTTP/1.1" 200 28684 "-" "Mozilla/5.0 (Windows NT 10.0; Win64; x64) AppleWebKit/537.36 (KHTML, like Gecko) Chrome/85.0.4183.121 Safari/537.36" "jsdsportsdevelopment.org"
162.55.86.60 - - [10/Oct/2022:15:20:16 -0700] "GET /robots.txt HTTP/1.1" 404 88 "-" "Mozilla/5.0 (compatible; BLEXBot/1.0; +http://webmeup-crawler.com/)" "jsdsportsdevelopment.org"
162.55.86.60 - - [10/Oct/2022:15:20:16 -0700] "GET /robots.txt HTTP/1.1" 404 88 "-" "Mozilla/5.0 (compatible; BLEXBot/1.0; +http://webmeup-crawler.com/)" "jsdsportsdevelopment.org"
162.55.86.60 - - [10/Oct/2022:15:20:17 -0700] "GET /sitemap HTTP/1.1" 404 88 "-" "Mozilla/5.0 (compatible; BLEXBot/1.0; +http://webmeup-crawler.com/)" "jsdsportsdevelopment.org"
162.55.86.60 - - [10/Oct/2022:15:20:30 -0700] "GET /sitemap HTTP/1.1" 404 88 "-" "Mozilla/5.0 (compatible; BLEXBot/1.0; +http://webmeup-crawler.com/)" "jsdsportsdevelopment.org"
162.55.86.60 - - [10/Oct/2022:15:20:45 -0700] "GET /sitemap.txt HTTP/1.1" 404 88 "-" "Mozilla/5.0 (compatible; BLEXBot/1.0; +http://webmeup-crawler.com/)" "jsdsportsdevelopment.org"
162.55.86.60 - - [10/Oct/2022:15:20:59 -0700] "GET /sitemap.txt HTTP/1.1" 404 88 "-" "Mozilla/5.0 (compatible; BLEXBot/1.0; +http://webmeup-crawler.com/)" "jsdsportsdevelopment.org"
162.55.86.60 - - [10/Oct/2022:15:21:12 -0700] "GET / HTTP/1.1" 200 428 "-" "Mozilla/5.0 (compatible; BLEXBot/1.0; +http://webmeup-crawler.com/)" "jsdsportsdevelopment.org"
162.55.86.60 - - [10/Oct/2022:15:21:26 -0700] "GET /?C=D;O=D HTTP/1.1" 200 426 "-" "Mozilla/5.0 (compatible; BLEXBot/1.0; +http://webmeup-crawler.com/)" "jsdsportsdevelopment.org"
162.55.86.60 - - [10/Oct/2022:15:21:39 -0700] "GET /?C=M;O=D HTTP/1.1" 200 419 "-" "Mozilla/5.0 (compatible; BLEXBot/1.0; +http://webmeup-crawler.com/)" "jsdsportsdevelopment.org"
162.55.86.60 - - [10/Oct/2022:15:21:53 -0700] "GET /?C=N;O=A HTTP/1.1" 200 428 "-" "Mozilla/5.0 (compatible; BLEXBot/1.0; +http://webmeup-crawler.com/)" "jsdsportsdevelopment.org"
162.55.86.60 - - [10/Oct/2022:15:22:07 -0700] "GET /?C=S;O=D HTTP/1.1" 200 421 "-" "Mozilla/5.0 (compatible; BLEXBot/1.0; +http://webmeup-crawler.com/)" "jsdsportsdevelopment.org"
162.55.86.60 - - [10/Oct/2022:15:22:20 -0700] "GET /?page_id=109 HTTP/1.1" 200 428 "-" "Mozilla/5.0 (compatible; BLEXBot/1.0; +http://webmeup-crawler.com/)" "jsdsportsdevelopment.org"
162.55.86.60 - - [10/Oct/2022:15:22:33 -0700] "GET /?page_id=14 HTTP/1.1" 200 428 "-" "Mozilla/5.0 (compatible; BLEXBot/1.0; +http://webmeup-crawler.com/)" "jsdsportsdevelopment.org"
162.55.86.60 - - [10/Oct/2022:15:22:47 -0700] "GET /?page_id=16 HTTP/1.1" 200 428 "-" "Mozilla/5.0 (compatible; BLEXBot/1.0; +http://webmeup-crawler.com/)" "jsdsportsdevelopment.org"
162.55.86.60 - - [10/Oct/2022:15:23:00 -0700] "GET /?page_id=20 HTTP/1.1" 200 428 "-" "Mozilla/5.0 (compatible; BLEXBot/1.0; +http://webmeup-crawler.com/)" "jsdsportsdevelopment.org"
162.55.86.60 - - [10/Oct/2022:15:23:14 -0700] "GET /?page_id=22 HTTP/1.1" 200 428 "-" "Mozilla/5.0 (compatible; BLEXBot/1.0; +http://webmeup-crawler.com/)" "jsdsportsdevelopment.org"
162.55.86.60 - - [10/Oct/2022:15:23:28 -0700] "GET /?page_id=24 HTTP/1.1" 200 428 "-" "Mozilla/5.0 (compatible; BLEXBot/1.0; +http://webmeup-crawler.com/)" "jsdsportsdevelopment.org"
10.247.24.59 - - [10/Oct/2022:15:23:45 -0700] "POST /wp-cron.php?doing_wp_cron=1665440625.6400148868560791015625 HTTP/1.1" 404 88 "https://jsdsportsdevelopment.org/wp-cron.php?doing_wp_cron=1665440625.6400148868560791015625" "WordPress/6.0.1; https://jsdsportsdevelopment.org" "jsdsportsdevelopment.org"
162.55.86.60 - - [10/Oct/2022:15:23:42 -0700] "GET /blog/index.php/mentoring/ HTTP/1.1" 200 28684 "-" "Mozilla/5.0 (compatible; BLEXBot/1.0; +http://webmeup-crawler.com/)" "jsdsportsdevelopment.org"
162.55.86.60 - - [10/Oct/2022:15:23:59 -0700] "GET /blog/index.php/ministry/ HTTP/1.1" 200 28684 "-" "Mozilla/5.0 (compatible; BLEXBot/1.0; +http://webmeup-crawler.com/)" "jsdsportsdevelopment.org"
162.55.86.60 - - [10/Oct/2022:15:24:15 -0700] "GET /wp-content/?C=D;O=A HTTP/1.1" 200 354 "-" "Mozilla/5.0 (compatible; BLEXBot/1.0; +http://webmeup-crawler.com/)" "jsdsportsdevelopment.org"
162.55.86.60 - - [10/Oct/2022:15:24:29 -0700] "GET /wp-content/?C=M;O=A HTTP/1.1" 200 354 "-" "Mozilla/5.0 (compatible; BLEXBot/1.0; +http://webmeup-crawler.com/)" "jsdsportsdevelopment.org"
162.55.86.60 - - [10/Oct/2022:15:24:42 -0700] "GET /wp-content/?C=N;O=D HTTP/1.1" 200 352 "-" "Mozilla/5.0 (compatible; BLEXBot/1.0; +http://webmeup-crawler.com/)" "jsdsportsdevelopment.org"
162.55.86.60 - - [10/Oct/2022:15:24:55 -0700] "GET /wp-content/?C=S;O=A HTTP/1.1" 200 355 "-" "Mozilla/5.0 (compatible; BLEXBot/1.0; +http://webmeup-crawler.com/)" "jsdsportsdevelopment.org"
162.55.86.60 - - [10/Oct/2022:15:25:09 -0700] "GET /wp-content/themes/ HTTP/1.1" 200 363 "-" "Mozilla/5.0 (compatible; BLEXBot/1.0; +http://webmeup-crawler.com/)" "jsdsportsdevelopment.org"
162.55.86.60 - - [10/Oct/2022:15:25:22 -0700] "GET /wp-includes/?C=D;O=A HTTP/1.1" 200 405 "-" "Mozilla/5.0 (compatible; BLEXBot/1.0; +http://webmeup-crawler.com/)" "jsdsportsdevelopment.org"
162.55.86.60 - - [10/Oct/2022:15:25:35 -0700] "GET /wp-includes/?C=M;O=A HTTP/1.1" 200 406 "-" "Mozilla/5.0 (compatible; BLEXBot/1.0; +http://webmeup-crawler.com/)" "jsdsportsdevelopment.org"
162.55.86.60 - - [10/Oct/2022:15:25:49 -0700] "GET /wp-includes/?C=N;O=D HTTP/1.1" 200 404 "-" "Mozilla/5.0 (compatible; BLEXBot/1.0; +http://webmeup-crawler.com/)" "jsdsportsdevelopment.org"
162.55.86.60 - - [10/Oct/2022:15:26:02 -0700] "GET /wp-includes/?C=S;O=A HTTP/1.1" 200 405 "-" "Mozilla/5.0 (compatible; BLEXBot/1.0; +http://webmeup-crawler.com/)" "jsdsportsdevelopment.org"
162.55.86.60 - - [10/Oct/2022:15:26:15 -0700] "GET /wp-includes/blocks/ HTTP/1.1" 200 715 "-" "Mozilla/5.0 (compatible; BLEXBot/1.0; +http://webmeup-crawler.com/)" "jsdsportsdevelopment.org"
162.55.86.60 - - [10/Oct/2022:15:26:29 -0700] "GET /wp-includes/css/ HTTP/1.1" 200 359 "-" "Mozilla/5.0 (compatible; BLEXBot/1.0; +http://webmeup-crawler.com/)" "jsdsportsdevelopment.org"
162.55.86.60 - - [10/Oct/2022:15:26:43 -0700] "GET /wp-includes/js/ HTTP/1.1" 200 359 "-" "Mozilla/5.0 (compatible; BLEXBot/1.0; +http://webmeup-crawler.com/)" "jsdsportsdevelopment.org"
162.55.86.60 - - [10/Oct/2022:15:26:57 -0700] "GET /wp-includes/php-compat/ HTTP/1.1" 200 379 "-" "Mozilla/5.0 (compatible; BLEXBot/1.0; +http://webmeup-crawler.com/)" "jsdsportsdevelopment.org"
185.216.71.133 - - [10/Oct/2022:15:37:56 -0700] "GET /wp-content/plugins/ninja-forms-uploads/readme.txt HTTP/1.1" 404 88 "https://www.google.com/" "Mozilla/5.0 (Macintosh; Intel Mac OS X 12.6; rv:105.0) Gecko/20100101 Firefox/105.0" "jsdsportsdevelopment.org"
