185.191.171.4 - - [05/Oct/2022:17:02:05 -0700] "GET /robots.txt HTTP/1.1" 404 88 "-" "Mozilla/5.0 (compatible; SemrushBot/7~bl; +http://www.semrush.com/bot.html)" "jsdsportsdevelopment.org"
114.119.149.252 - - [05/Oct/2022:17:11:23 -0700] "GET /robots.txt HTTP/1.1" 404 88 "-" "Mozilla/5.0 (compatible;PetalBot;+https://webmaster.petalsearch.com/site/petalbot)" "jsdsportsdevelopment.org"
114.119.141.100 - - [05/Oct/2022:17:17:38 -0700] "GET /?page_id=109 HTTP/1.1" 200 428 "https://jsdsportsdevelopment.org/blog/sports/football/" "Mozilla/5.0 (Linux; Android 7.0;) AppleWebKit/537.36 (KHTML, like Gecko) Mobile Safari/537.36 (compatible; PetalBot;+https://webmaster.petalsearch.com/site/petalbot)" "jsdsportsdevelopment.org"
185.191.171.16 - - [05/Oct/2022:17:23:51 -0700] "GET /wp-content/themes/?C=N%3BO%3DD HTTP/1.1" 200 363 "-" "Mozilla/5.0 (compatible; SemrushBot/7~bl; +http://www.semrush.com/bot.html)" "jsdsportsdevelopment.org"
185.191.171.43 - - [05/Oct/2022:17:29:43 -0700] "GET /wp-includes/css/dist/?C=N%3BO%3DD HTTP/1.1" 200 365 "-" "Mozilla/5.0 (compatible; SemrushBot/7~bl; +http://www.semrush.com/bot.html)" "jsdsportsdevelopment.org"
114.119.141.100 - - [05/Oct/2022:17:29:53 -0700] "GET /wp-includes/blocks/navigation/style.css HTTP/1.1" 200 2908 "https://jsdsportsdevelopment.org/wp-includes/blocks/navigation/?C=D%3BO%3DA" "Mozilla/5.0 (Linux; Android 7.0;) AppleWebKit/537.36 (KHTML, like Gecko) Mobile Safari/537.36 (compatible; PetalBot;+https://webmaster.petalsearch.com/site/petalbot)" "jsdsportsdevelopment.org"
114.119.141.100 - - [05/Oct/2022:17:35:29 -0700] "GET /wp-content/themes/ HTTP/1.1" 200 363 "https://jsdsportsdevelopment.org/wp-content/" "Mozilla/5.0 (Linux; Android 7.0;) AppleWebKit/537.36 (KHTML, like Gecko) Mobile Safari/537.36 (compatible; PetalBot;+https://webmaster.petalsearch.com/site/petalbot)" "jsdsportsdevelopment.org"
114.119.141.100 - - [05/Oct/2022:17:41:08 -0700] "GET /wp-includes/blocks/comments-pagination/?C=S%3BO%3DA HTTP/1.1" 200 510 "https://jsdsportsdevelopment.org/wp-includes/blocks/comments-pagination/" "Mozilla/5.0 (Linux; Android 7.0;) AppleWebKit/537.36 (KHTML, like Gecko) Mobile Safari/537.36 (compatible; PetalBot;+https://webmaster.petalsearch.com/site/petalbot)" "jsdsportsdevelopment.org"
114.119.140.99 - - [05/Oct/2022:17:46:43 -0700] "GET /wp-includes/blocks/comments-query-loop/editor-rtl.min.css HTTP/1.1" 200 95 "https://jsdsportsdevelopment.org/wp-includes/blocks/comments-query-loop/?C=N%3BO%3DD" "Mozilla/5.0 (Linux; Android 7.0;) AppleWebKit/537.36 (KHTML, like Gecko) Mobile Safari/537.36 (compatible; PetalBot;+https://webmaster.petalsearch.com/site/petalbot)" "jsdsportsdevelopment.org"
194.38.20.161 - - [05/Oct/2022:17:47:25 -0700] "GET /wp-content/themes/Ghost/includes/uploadify/upload_settings_image.php HTTP/1.1" 404 73 "-" "ALittle Client" "jsdsportsdevelopment.org"
35.208.15.225 - - [05/Oct/2022:17:51:01 -0700] "HEAD / HTTP/1.1" 200 - "-" "scalaj-http/2.4.2" "jsdsportsdevelopment.org"
35.208.15.225 - - [05/Oct/2022:17:51:02 -0700] "GET / HTTP/1.1" 200 428 "-" "Buck/2.3.2; (+https://app.hypefactors.com/media-monitoring/about.html)" "jsdsportsdevelopment.org"
35.208.15.225 - - [05/Oct/2022:17:51:03 -0700] "GET /robots.txt HTTP/1.1" 404 88 "-" "Buck/2.3.2; (+https://app.hypefactors.com/media-monitoring/about.html)" "jsdsportsdevelopment.org"
35.208.15.225 - - [05/Oct/2022:17:51:03 -0700] "GET /sitemap.xml HTTP/1.1" 404 88 "-" "Buck/2.3.2; (+https://app.hypefactors.com/media-monitoring/about.html)" "jsdsportsdevelopment.org"
10.247.24.59 - - [05/Oct/2022:17:51:50 -0700] "POST /wp-cron.php?doing_wp_cron=1665017510.8505980968475341796875 HTTP/1.1" 404 88 "https://jsdsportsdevelopment.org/wp-cron.php?doing_wp_cron=1665017510.8505980968475341796875" "WordPress/6.0.1; https://jsdsportsdevelopment.org" "jsdsportsdevelopment.org"
35.208.15.225 - - [05/Oct/2022:17:51:46 -0700] "GET /blog/ HTTP/1.1" 200 28684 "-" "Buck/2.3.2; (+https://app.hypefactors.com/media-monitoring/about.html)" "jsdsportsdevelopment.org"
35.208.15.225 - - [05/Oct/2022:17:52:19 -0700] "GET /wp-content/ HTTP/1.1" 200 354 "-" "Buck/2.3.2; (+https://app.hypefactors.com/media-monitoring/about.html)" "jsdsportsdevelopment.org"
114.119.140.99 - - [05/Oct/2022:17:52:22 -0700] "GET /wp-includes/blocks/navigation-link/editor-rtl.css HTTP/1.1" 200 1568 "https://jsdsportsdevelopment.org/wp-includes/blocks/navigation-link/?C=D%3BO%3DA" "Mozilla/5.0 (Linux; Android 7.0;) AppleWebKit/537.36 (KHTML, like Gecko) Mobile Safari/537.36 (compatible; PetalBot;+https://webmaster.petalsearch.com/site/petalbot)" "jsdsportsdevelopment.org"
35.208.15.225 - - [05/Oct/2022:17:52:48 -0700] "GET /wp-includes/ HTTP/1.1" 200 405 "-" "Buck/2.3.2; (+https://app.hypefactors.com/media-monitoring/about.html)" "jsdsportsdevelopment.org"
35.208.15.225 - - [05/Oct/2022:17:53:18 -0700] "GET /index.html.bak HTTP/1.1" 200 867 "-" "Buck/2.3.2; (+https://app.hypefactors.com/media-monitoring/about.html)" "jsdsportsdevelopment.org"
185.191.171.33 - - [05/Oct/2022:17:54:54 -0700] "GET /wp-includes/blocks/comment-content/?C=N%3BO%3DD HTTP/1.1" 200 455 "-" "Mozilla/5.0 (compatible; SemrushBot/7~bl; +http://www.semrush.com/bot.html)" "jsdsportsdevelopment.org"
114.119.140.99 - - [05/Oct/2022:17:58:04 -0700] "GET /wp-includes/blocks/navigation/view.min.js HTTP/1.1" 200 2815 "https://jsdsportsdevelopment.org/wp-includes/blocks/navigation/?C=D%3BO%3DA" "Mozilla/5.0 (Linux; Android 7.0;) AppleWebKit/537.36 (KHTML, like Gecko) Mobile Safari/537.36 (compatible; PetalBot;+https://webmaster.petalsearch.com/site/petalbot)" "jsdsportsdevelopment.org"
114.119.140.87 - - [05/Oct/2022:18:03:46 -0700] "GET /wp-includes/blocks/navigation-link/style.css HTTP/1.1" 200 829 "https://jsdsportsdevelopment.org/wp-includes/blocks/navigation-link/?C=D%3BO%3DA" "Mozilla/5.0 (Linux; Android 7.0;) AppleWebKit/537.36 (KHTML, like Gecko) Mobile Safari/537.36 (compatible; PetalBot;+https://webmaster.petalsearch.com/site/petalbot)" "jsdsportsdevelopment.org"
185.191.171.17 - - [05/Oct/2022:18:05:02 -0700] "GET /robots.txt HTTP/1.1" 404 88 "-" "Mozilla/5.0 (compatible; SemrushBot/7~bl; +http://www.semrush.com/bot.html)" "jsdsportsdevelopment.org"
185.191.171.4 - - [05/Oct/2022:18:05:02 -0700] "GET /wp-includes/blocks/navigation-submenu/?C=N%3BO%3DD HTTP/1.1" 200 456 "-" "Mozilla/5.0 (compatible; SemrushBot/7~bl; +http://www.semrush.com/bot.html)" "jsdsportsdevelopment.org"
114.119.140.99 - - [05/Oct/2022:18:09:25 -0700] "GET /wp-includes/blocks/post-comments-form/?C=D%3BO%3DA HTTP/1.1" 200 505 "https://jsdsportsdevelopment.org/wp-includes/blocks/post-comments-form/?C=S%3BO%3DA" "Mozilla/5.0 (Linux; Android 7.0;) AppleWebKit/537.36 (KHTML, like Gecko) Mobile Safari/537.36 (compatible; PetalBot;+https://webmaster.petalsearch.com/site/petalbot)" "jsdsportsdevelopment.org"
114.119.140.87 - - [05/Oct/2022:18:15:05 -0700] "GET /wp-includes/blocks/template-part/theme-rtl.min.css HTTP/1.1" 200 101 "https://jsdsportsdevelopment.org/wp-includes/blocks/template-part/?C=M%3BO%3DA" "Mozilla/5.0 (Linux; Android 7.0;) AppleWebKit/537.36 (KHTML, like Gecko) Mobile Safari/537.36 (compatible; PetalBot;+https://webmaster.petalsearch.com/site/petalbot)" "jsdsportsdevelopment.org"
45.83.220.186 - - [05/Oct/2022:18:20:18 -0700] "GET /adminer.php HTTP/1.1" 404 73 "-" "Mozilla/5.0 (Windows NT 10.0; Win64; x64) AppleWebKit/537.36 (KHTML, like Gecko) Chrome/83.0.4103.116 Safari/537.36" "jsdsportsdevelopment.org"
114.119.141.100 - - [05/Oct/2022:18:20:47 -0700] "GET /wp-includes/blocks/comment-template/?C=M%3BO%3DA HTTP/1.1" 200 459 "https://jsdsportsdevelopment.org/wp-includes/blocks/comment-template/?C=N%3BO%3DD" "Mozilla/5.0 (Linux; Android 7.0;) AppleWebKit/537.36 (KHTML, like Gecko) Mobile Safari/537.36 (compatible; PetalBot;+https://webmaster.petalsearch.com/site/petalbot)" "jsdsportsdevelopment.org"
114.119.140.99 - - [05/Oct/2022:18:26:31 -0700] "GET /wp-includes/blocks/comments-title/editor.min.css HTTP/1.1" 200 75 "https://jsdsportsdevelopment.org/wp-includes/blocks/comments-title/?C=M%3BO%3DA" "Mozilla/5.0 (Linux; Android 7.0;) AppleWebKit/537.36 (KHTML, like Gecko) Mobile Safari/537.36 (compatible; PetalBot;+https://webmaster.petalsearch.com/site/petalbot)" "jsdsportsdevelopment.org"
114.119.140.87 - - [05/Oct/2022:18:32:13 -0700] "GET /wp-includes/blocks/avatar/?C=D%3BO%3DA HTTP/1.1" 200 497 "https://jsdsportsdevelopment.org/wp-includes/blocks/avatar/?C=S%3BO%3DA" "Mozilla/5.0 (Linux; Android 7.0;) AppleWebKit/537.36 (KHTML, like Gecko) Mobile Safari/537.36 (compatible; PetalBot;+https://webmaster.petalsearch.com/site/petalbot)" "jsdsportsdevelopment.org"
114.119.141.100 - - [05/Oct/2022:18:38:02 -0700] "GET /wp-includes/blocks/pattern/?C=N%3BO%3DD HTTP/1.1" 200 377 "https://jsdsportsdevelopment.org/wp-includes/blocks/pattern/?C=M%3BO%3DA" "Mozilla/5.0 (Linux; Android 7.0;) AppleWebKit/537.36 (KHTML, like Gecko) Mobile Safari/537.36 (compatible; PetalBot;+https://webmaster.petalsearch.com/site/petalbot)" "jsdsportsdevelopment.org"
114.119.141.100 - - [05/Oct/2022:18:43:52 -0700] "GET /wp-includes/blocks/home-link/?C=N%3BO%3DD HTTP/1.1" 200 379 "https://jsdsportsdevelopment.org/wp-includes/blocks/home-link/?C=D%3BO%3DA" "Mozilla/5.0 (Linux; Android 7.0;) AppleWebKit/537.36 (KHTML, like Gecko) Mobile Safari/537.36 (compatible; PetalBot;+https://webmaster.petalsearch.com/site/petalbot)" "jsdsportsdevelopment.org"
114.119.140.87 - - [05/Oct/2022:18:49:37 -0700] "GET /wp-includes/css/?C=M%3BO%3DA HTTP/1.1" 200 359 "https://jsdsportsdevelopment.org/wp-includes/css/" "Mozilla/5.0 (Linux; Android 7.0;) AppleWebKit/537.36 (KHTML, like Gecko) Mobile Safari/537.36 (compatible; PetalBot;+https://webmaster.petalsearch.com/site/petalbot)" "jsdsportsdevelopment.org"
10.247.24.60 - - [05/Oct/2022:18:55:31 -0700] "POST /wp-cron.php?doing_wp_cron=1665021331.2784690856933593750000 HTTP/1.1" 404 88 "https://jsdsportsdevelopment.org/wp-cron.php?doing_wp_cron=1665021331.2784690856933593750000" "WordPress/6.0.1; https://jsdsportsdevelopment.org" "jsdsportsdevelopment.org"
114.119.141.100 - - [05/Oct/2022:18:55:28 -0700] "GET /blog/index.php/2017/03/28/sample-page/ HTTP/1.1" 200 28684 "http://jsdsportsdevelopment.org/blog/mentoring/" "Mozilla/5.0 (Linux; Android 7.0;) AppleWebKit/537.36 (KHTML, like Gecko) Mobile Safari/537.36 (compatible; PetalBot;+https://webmaster.petalsearch.com/site/petalbot)" "jsdsportsdevelopment.org"
114.119.140.87 - - [05/Oct/2022:19:01:20 -0700] "GET /wp-includes/js/?C=S%3BO%3DA HTTP/1.1" 200 359 "https://jsdsportsdevelopment.org/wp-includes/js/" "Mozilla/5.0 (Linux; Android 7.0;) AppleWebKit/537.36 (KHTML, like Gecko) Mobile Safari/537.36 (compatible; PetalBot;+https://webmaster.petalsearch.com/site/petalbot)" "jsdsportsdevelopment.org"
185.191.171.37 - - [05/Oct/2022:19:01:39 -0700] "GET /wp-includes/js/?C=N%3BO%3DD HTTP/1.1" 200 359 "-" "Mozilla/5.0 (compatible; SemrushBot/7~bl; +http://www.semrush.com/bot.html)" "jsdsportsdevelopment.org"
114.119.141.100 - - [05/Oct/2022:19:07:16 -0700] "GET /wp-includes/blocks/read-more/?C=M%3BO%3DA HTTP/1.1" 200 452 "https://jsdsportsdevelopment.org/wp-includes/blocks/read-more/?C=D%3BO%3DA" "Mozilla/5.0 (Linux; Android 7.0;) AppleWebKit/537.36 (KHTML, like Gecko) Mobile Safari/537.36 (compatible; PetalBot;+https://webmaster.petalsearch.com/site/petalbot)" "jsdsportsdevelopment.org"
114.119.141.100 - - [05/Oct/2022:19:13:02 -0700] "GET /wp-includes/blocks/navigation/editor-rtl.css HTTP/1.1" 200 2944 "https://jsdsportsdevelopment.org/wp-includes/blocks/navigation/?C=D%3BO%3DA" "Mozilla/5.0 (Linux; Android 7.0;) AppleWebKit/537.36 (KHTML, like Gecko) Mobile Safari/537.36 (compatible; PetalBot;+https://webmaster.petalsearch.com/site/petalbot)" "jsdsportsdevelopment.org"
114.119.140.87 - - [05/Oct/2022:19:19:00 -0700] "GET /wp-includes/blocks/query-no-results/?C=M%3BO%3DA HTTP/1.1" 200 389 "https://jsdsportsdevelopment.org/wp-includes/blocks/query-no-results/" "Mozilla/5.0 (Linux; Android 7.0;) AppleWebKit/537.36 (KHTML, like Gecko) Mobile Safari/537.36 (compatible; PetalBot;+https://webmaster.petalsearch.com/site/petalbot)" "jsdsportsdevelopment.org"
51.222.253.10 - - [05/Oct/2022:19:31:31 -0700] "GET /wp-includes/?C=M;O=D HTTP/1.1" 200 404 "-" "Mozilla/5.0 (compatible; AhrefsBot/7.0; +http://ahrefs.com/robot/)" "jsdsportsdevelopment.org"
185.191.171.38 - - [05/Oct/2022:19:38:11 -0700] "GET /robots.txt HTTP/1.1" 404 88 "-" "Mozilla/5.0 (compatible; SemrushBot/7~bl; +http://www.semrush.com/bot.html)" "jsdsportsdevelopment.org"
185.191.171.15 - - [05/Oct/2022:19:38:12 -0700] "GET /wp-includes/blocks/post-comments-form/?C=S%3BO%3DA HTTP/1.1" 200 505 "-" "Mozilla/5.0 (compatible; SemrushBot/7~bl; +http://www.semrush.com/bot.html)" "jsdsportsdevelopment.org"
185.191.171.18 - - [05/Oct/2022:19:50:44 -0700] "GET /wp-includes/blocks/query-no-results/?C=S%3BO%3DA HTTP/1.1" 200 389 "-" "Mozilla/5.0 (compatible; SemrushBot/7~bl; +http://www.semrush.com/bot.html)" "jsdsportsdevelopment.org"
185.191.171.17 - - [05/Oct/2022:20:12:22 -0700] "GET /wp-includes/blocks/comments-pagination-numbers/?C=N%3BO%3DD HTTP/1.1" 200 466 "-" "Mozilla/5.0 (compatible; SemrushBot/7~bl; +http://www.semrush.com/bot.html)" "jsdsportsdevelopment.org"
114.119.140.136 - - [05/Oct/2022:20:16:25 -0700] "GET /robots.txt HTTP/1.1" 404 88 "-" "Mozilla/5.0 (compatible;PetalBot;+https://webmaster.petalsearch.com/site/petalbot)" "jsdsportsdevelopment.org"
185.191.171.9 - - [05/Oct/2022:20:17:00 -0700] "GET /wp-includes/js/dist/?C=D%3BO%3DA HTTP/1.1" 200 368 "-" "Mozilla/5.0 (compatible; SemrushBot/7~bl; +http://www.semrush.com/bot.html)" "jsdsportsdevelopment.org"
185.191.171.24 - - [05/Oct/2022:20:37:05 -0700] "GET /wp-includes/blocks/comments-pagination-next/?C=N%3BO%3DD HTTP/1.1" 200 389 "-" "Mozilla/5.0 (compatible; SemrushBot/7~bl; +http://www.semrush.com/bot.html)" "jsdsportsdevelopment.org"
185.191.171.6 - - [05/Oct/2022:21:00:43 -0700] "GET /robots.txt HTTP/1.1" 404 88 "-" "Mozilla/5.0 (compatible; SemrushBot/7~bl; +http://www.semrush.com/bot.html)" "jsdsportsdevelopment.org"
185.191.171.24 - - [05/Oct/2022:21:00:45 -0700] "GET /wp-includes/blocks/post-author-biography/?C=S%3BO%3DA HTTP/1.1" 200 388 "-" "Mozilla/5.0 (compatible; SemrushBot/7~bl; +http://www.semrush.com/bot.html)" "jsdsportsdevelopment.org"
185.191.171.15 - - [05/Oct/2022:21:28:07 -0700] "GET /wp-includes/blocks/query-no-results/?C=N%3BO%3DD HTTP/1.1" 200 389 "-" "Mozilla/5.0 (compatible; SemrushBot/7~bl; +http://www.semrush.com/bot.html)" "jsdsportsdevelopment.org"
57.128.45.42 - - [05/Oct/2022:21:32:45 -0700] "GET /wp-includes/ HTTP/1.1" 200 405 "-" "Mozilla/5.0 (X11; Ubuntu; Linux i686; rv:28.0) Gecko/20100101 Firefox/28.0" "jsdsportsdevelopment.org"
185.191.171.16 - - [05/Oct/2022:21:33:48 -0700] "GET /wp-includes/blocks/read-more/?C=N%3BO%3DD HTTP/1.1" 200 452 "-" "Mozilla/5.0 (compatible; SemrushBot/7~bl; +http://www.semrush.com/bot.html)" "jsdsportsdevelopment.org"
185.191.171.45 - - [05/Oct/2022:21:36:46 -0700] "GET /wp-includes/js/dist/development/?C=D%3BO%3DA HTTP/1.1" 200 437 "-" "Mozilla/5.0 (compatible; SemrushBot/7~bl; +http://www.semrush.com/bot.html)" "jsdsportsdevelopment.org"
185.191.171.35 - - [05/Oct/2022:21:50:02 -0700] "GET /wp-content/themes/?C=S%3BO%3DA HTTP/1.1" 200 363 "-" "Mozilla/5.0 (compatible; SemrushBot/7~bl; +http://www.semrush.com/bot.html)" "jsdsportsdevelopment.org"
185.191.171.12 - - [05/Oct/2022:21:52:24 -0700] "GET /wp-includes/blocks/read-more/?C=S%3BO%3DA HTTP/1.1" 200 452 "-" "Mozilla/5.0 (compatible; SemrushBot/7~bl; +http://www.semrush.com/bot.html)" "jsdsportsdevelopment.org"
185.65.134.167 - - [05/Oct/2022:23:09:08 -0700] "GET / HTTP/1.1" 200 1156 "https://jsdsportsdevelopment.org/" "Mozilla/5.0 (Windows NT 6.2; Win64; x64) AppleWebKit/537.36 (KHTML, like Gecko) Chrome/90.0.4430.72 Safari/537.36" "jsdsportsdevelopment.org"
10.247.24.58 - - [06/Oct/2022:00:06:58 -0700] "POST /wp-cron.php?doing_wp_cron=1665040018.6742260456085205078125 HTTP/1.1" 404 88 "https://jsdsportsdevelopment.org/wp-cron.php?doing_wp_cron=1665040018.6742260456085205078125" "WordPress/6.0.1; https://jsdsportsdevelopment.org" "jsdsportsdevelopment.org"
114.119.141.100 - - [06/Oct/2022:00:06:55 -0700] "GET /blog/index.php/mentoring/ HTTP/1.1" 200 28684 "https://jsdsportsdevelopment.org/blog/sports/football/" "Mozilla/5.0 (Linux; Android 7.0;) AppleWebKit/537.36 (KHTML, like Gecko) Mobile Safari/537.36 (compatible; PetalBot;+https://webmaster.petalsearch.com/site/petalbot)" "jsdsportsdevelopment.org"
114.119.140.99 - - [06/Oct/2022:00:12:58 -0700] "GET /wp-includes/blocks/post-navigation-link/?C=M%3BO%3DA HTTP/1.1" 200 387 "https://jsdsportsdevelopment.org/wp-includes/blocks/post-navigation-link/?C=S%3BO%3DA" "Mozilla/5.0 (Linux; Android 7.0;) AppleWebKit/537.36 (KHTML, like Gecko) Mobile Safari/537.36 (compatible; PetalBot;+https://webmaster.petalsearch.com/site/petalbot)" "jsdsportsdevelopment.org"
114.119.140.87 - - [06/Oct/2022:01:41:26 -0700] "GET /wp-includes/blocks/term-description/?C=M%3BO%3DA HTTP/1.1" 200 379 "https://jsdsportsdevelopment.org/wp-includes/blocks/term-description/" "Mozilla/5.0 (Linux; Android 7.0;) AppleWebKit/537.36 (KHTML, like Gecko) Mobile Safari/537.36 (compatible; PetalBot;+https://webmaster.petalsearch.com/site/petalbot)" "jsdsportsdevelopment.org"
114.119.141.100 - - [06/Oct/2022:01:47:16 -0700] "GET /wp-includes/blocks/comments-pagination-previous/?C=M%3BO%3DA HTTP/1.1" 200 392 "https://jsdsportsdevelopment.org/wp-includes/blocks/comments-pagination-previous/" "Mozilla/5.0 (Linux; Android 7.0;) AppleWebKit/537.36 (KHTML, like Gecko) Mobile Safari/537.36 (compatible; PetalBot;+https://webmaster.petalsearch.com/site/petalbot)" "jsdsportsdevelopment.org"
114.119.140.87 - - [06/Oct/2022:01:59:06 -0700] "GET /wp-includes/blocks/?C=S%3BO%3DA HTTP/1.1" 200 715 "https://jsdsportsdevelopment.org/wp-includes/blocks/" "Mozilla/5.0 (Linux; Android 7.0;) AppleWebKit/537.36 (KHTML, like Gecko) Mobile Safari/537.36 (compatible; PetalBot;+https://webmaster.petalsearch.com/site/petalbot)" "jsdsportsdevelopment.org"
114.119.140.87 - - [06/Oct/2022:02:05:03 -0700] "GET /wp-includes/blocks/post-comments-form/editor.min.css HTTP/1.1" 200 96 "https://jsdsportsdevelopment.org/wp-includes/blocks/post-comments-form/?C=S%3BO%3DA" "Mozilla/5.0 (Linux; Android 7.0;) AppleWebKit/537.36 (KHTML, like Gecko) Mobile Safari/537.36 (compatible; PetalBot;+https://webmaster.petalsearch.com/site/petalbot)" "jsdsportsdevelopment.org"
114.119.140.87 - - [06/Oct/2022:02:10:54 -0700] "GET /wp-includes/blocks/comment-content/style.min.css HTTP/1.1" 200 92 "https://jsdsportsdevelopment.org/wp-includes/blocks/comment-content/?C=S%3BO%3DA" "Mozilla/5.0 (Linux; Android 7.0;) AppleWebKit/537.36 (KHTML, like Gecko) Mobile Safari/537.36 (compatible; PetalBot;+https://webmaster.petalsearch.com/site/petalbot)" "jsdsportsdevelopment.org"
114.119.141.100 - - [06/Oct/2022:02:16:49 -0700] "GET /wp-includes/blocks/comment-edit-link/?C=N%3BO%3DD HTTP/1.1" 200 385 "https://jsdsportsdevelopment.org/wp-includes/blocks/comment-edit-link/?C=S%3BO%3DA" "Mozilla/5.0 (Linux; Android 7.0;) AppleWebKit/537.36 (KHTML, like Gecko) Mobile Safari/537.36 (compatible; PetalBot;+https://webmaster.petalsearch.com/site/petalbot)" "jsdsportsdevelopment.org"
114.119.140.85 - - [06/Oct/2022:02:22:45 -0700] "GET /wp-includes/blocks/comments-title/?C=N%3BO%3DD HTTP/1.1" 200 454 "https://jsdsportsdevelopment.org/wp-includes/blocks/comments-title/?C=M%3BO%3DA" "Mozilla/5.0 (Linux; Android 7.0;) AppleWebKit/537.36 (KHTML, like Gecko) Mobile Safari/537.36 (compatible; PetalBot;+https://webmaster.petalsearch.com/site/petalbot)" "jsdsportsdevelopment.org"
114.119.141.100 - - [06/Oct/2022:02:28:38 -0700] "GET /wp-includes/js/dist/development/react-refresh-entry.js HTTP/1.1" 200 8994 "https://jsdsportsdevelopment.org/wp-includes/js/dist/development/" "Mozilla/5.0 (Linux; Android 7.0;) AppleWebKit/537.36 (KHTML, like Gecko) Mobile Safari/537.36 (compatible; PetalBot;+https://webmaster.petalsearch.com/site/petalbot)" "jsdsportsdevelopment.org"
141.94.69.154 - - [06/Oct/2022:03:05:49 -0700] "GET /wp-config.php.bak HTTP/1.1" 404 88 "-" "Mozilla/5.0 (Windows NT 10.0; rv:91.0) Gecko/20100101 Firefox/91.0" "jsdsportsdevelopment.org"
114.119.141.100 - - [06/Oct/2022:03:08:25 -0700] "GET /wp-includes/blocks/comments-pagination-numbers/block.json HTTP/1.1" 200 258 "https://jsdsportsdevelopment.org/wp-includes/blocks/comments-pagination-numbers/?C=M%3BO%3DA" "Mozilla/5.0 (Linux; Android 7.0;) AppleWebKit/537.36 (KHTML, like Gecko) Mobile Safari/537.36 (compatible; PetalBot;+https://webmaster.petalsearch.com/site/petalbot)" "jsdsportsdevelopment.org"
104.41.129.161 - - [06/Oct/2022:04:24:42 -0700] "GET / HTTP/1.1" 200 1156 "-" "Mozilla/5.0 (Windows NT 10.0; Win64; x64) AppleWebKit/537.36 (KHTML, like Gecko) Chrome/95.0.4638.69 Safari/537.36" "jsdsportsdevelopment.org"
104.41.129.161 - - [06/Oct/2022:04:24:43 -0700] "GET /?C=N;O=D HTTP/1.1" 200 1156 "-" "Mozilla/5.0 (Windows NT 10.0; Win64; x64) AppleWebKit/537.36 (KHTML, like Gecko) Chrome/95.0.4638.69 Safari/537.36" "jsdsportsdevelopment.org"
104.41.129.161 - - [06/Oct/2022:04:24:43 -0700] "GET /blog HTTP/1.1" 301 3213 "-" "Mozilla/5.0 (Windows NT 10.0; Win64; x64) AppleWebKit/537.36 (KHTML, like Gecko) Chrome/95.0.4638.69 Safari/537.36" "jsdsportsdevelopment.org"
10.247.24.60 - - [06/Oct/2022:04:24:47 -0700] "POST /wp-cron.php?doing_wp_cron=1665055487.1291708946228027343750 HTTP/1.1" 404 88 "https://jsdsportsdevelopment.org/wp-cron.php?doing_wp_cron=1665055487.1291708946228027343750" "WordPress/6.0.1; https://jsdsportsdevelopment.org" "jsdsportsdevelopment.org"
104.41.129.161 - - [06/Oct/2022:04:24:43 -0700] "GET /blog/ HTTP/1.1" 200 28684 "-" "Mozilla/5.0 (Windows NT 10.0; Win64; x64) AppleWebKit/537.36 (KHTML, like Gecko) Chrome/95.0.4638.69 Safari/537.36" "jsdsportsdevelopment.org"
104.41.129.161 - - [06/Oct/2022:04:24:47 -0700] "GET /index.html.bak HTTP/1.1" 200 2369 "-" "Mozilla/5.0 (Windows NT 10.0; Win64; x64) AppleWebKit/537.36 (KHTML, like Gecko) Chrome/95.0.4638.69 Safari/537.36" "jsdsportsdevelopment.org"
104.41.129.161 - - [06/Oct/2022:04:24:47 -0700] "GET /index.html.bakk HTTP/1.1" 200 2369 "-" "Mozilla/5.0 (Windows NT 10.0; Win64; x64) AppleWebKit/537.36 (KHTML, like Gecko) Chrome/95.0.4638.69 Safari/537.36" "jsdsportsdevelopment.org"
104.41.129.161 - - [06/Oct/2022:04:24:48 -0700] "GET /wp-content HTTP/1.1" 301 3219 "-" "Mozilla/5.0 (Windows NT 10.0; Win64; x64) AppleWebKit/537.36 (KHTML, like Gecko) Chrome/95.0.4638.69 Safari/537.36" "jsdsportsdevelopment.org"
104.41.129.161 - - [06/Oct/2022:04:24:48 -0700] "GET /wp-content/ HTTP/1.1" 200 706 "-" "Mozilla/5.0 (Windows NT 10.0; Win64; x64) AppleWebKit/537.36 (KHTML, like Gecko) Chrome/95.0.4638.69 Safari/537.36" "jsdsportsdevelopment.org"
104.41.129.161 - - [06/Oct/2022:04:24:48 -0700] "GET /wp-includes HTTP/1.1" 301 3220 "-" "Mozilla/5.0 (Windows NT 10.0; Win64; x64) AppleWebKit/537.36 (KHTML, like Gecko) Chrome/95.0.4638.69 Safari/537.36" "jsdsportsdevelopment.org"
104.41.129.161 - - [06/Oct/2022:04:24:48 -0700] "GET /wp-includes/ HTTP/1.1" 200 1149 "-" "Mozilla/5.0 (Windows NT 10.0; Win64; x64) AppleWebKit/537.36 (KHTML, like Gecko) Chrome/95.0.4638.69 Safari/537.36" "jsdsportsdevelopment.org"
114.119.141.100 - - [06/Oct/2022:04:28:14 -0700] "GET /wp-includes/css/dist/edit-site/style.min.css HTTP/1.1" 200 7897 "https://jsdsportsdevelopment.org/wp-includes/css/dist/edit-site/?C=D%3BO%3DA" "Mozilla/5.0 (Linux; Android 7.0;) AppleWebKit/537.36 (KHTML, like Gecko) Mobile Safari/537.36 (compatible; PetalBot;+https://webmaster.petalsearch.com/site/petalbot)" "jsdsportsdevelopment.org"
129.151.67.234 - - [06/Oct/2022:05:24:06 -0700] "GET /wp-config.php.old HTTP/1.1" 404 88 "-" "Mozilla/5.0 (Windows NT 10.0; rv:91.0) Gecko/20100101 Firefox/91.0" "jsdsportsdevelopment.org"
114.119.141.100 - - [06/Oct/2022:07:49:38 -0700] "GET /wp-includes/blocks/navigation-link/?C=M%3BO%3DA HTTP/1.1" 200 503 "https://jsdsportsdevelopment.org/wp-includes/blocks/navigation-link/?C=D%3BO%3DA" "Mozilla/5.0 (Linux; Android 7.0;) AppleWebKit/537.36 (KHTML, like Gecko) Mobile Safari/537.36 (compatible; PetalBot;+https://webmaster.petalsearch.com/site/petalbot)" "jsdsportsdevelopment.org"
114.119.141.100 - - [06/Oct/2022:07:55:39 -0700] "GET /wp-includes/blocks/avatar/style-rtl.min.css HTTP/1.1" 200 59 "https://jsdsportsdevelopment.org/wp-includes/blocks/avatar/" "Mozilla/5.0 (Linux; Android 7.0;) AppleWebKit/537.36 (KHTML, like Gecko) Mobile Safari/537.36 (compatible; PetalBot;+https://webmaster.petalsearch.com/site/petalbot)" "jsdsportsdevelopment.org"
114.119.140.87 - - [06/Oct/2022:08:40:21 -0700] "GET /wp-includes/blocks/home-link/ HTTP/1.1" 200 379 "https://jsdsportsdevelopment.org/wp-includes/blocks/" "Mozilla/5.0 (Linux; Android 7.0;) AppleWebKit/537.36 (KHTML, like Gecko) Mobile Safari/537.36 (compatible; PetalBot;+https://webmaster.petalsearch.com/site/petalbot)" "jsdsportsdevelopment.org"
114.119.140.87 - - [06/Oct/2022:08:51:16 -0700] "GET /wp-includes/blocks/comment-content/?C=D%3BO%3DA HTTP/1.1" 200 455 "https://jsdsportsdevelopment.org/wp-includes/blocks/comment-content/?C=S%3BO%3DA" "Mozilla/5.0 (Linux; Android 7.0;) AppleWebKit/537.36 (KHTML, like Gecko) Mobile Safari/537.36 (compatible; PetalBot;+https://webmaster.petalsearch.com/site/petalbot)" "jsdsportsdevelopment.org"
114.119.140.87 - - [06/Oct/2022:09:14:46 -0700] "GET /wp-includes/blocks/post-comments-form/style.min.css HTTP/1.1" 200 494 "https://jsdsportsdevelopment.org/wp-includes/blocks/post-comments-form/?C=S%3BO%3DA" "Mozilla/5.0 (Linux; Android 7.0;) AppleWebKit/537.36 (KHTML, like Gecko) Mobile Safari/537.36 (compatible; PetalBot;+https://webmaster.petalsearch.com/site/petalbot)" "jsdsportsdevelopment.org"
114.119.141.100 - - [06/Oct/2022:09:27:14 -0700] "GET /wp-includes/blocks/post-author/style.min.css HTTP/1.1" 200 176 "https://jsdsportsdevelopment.org/wp-includes/blocks/post-author/?C=M%3BO%3DA" "Mozilla/5.0 (Linux; Android 7.0;) AppleWebKit/537.36 (KHTML, like Gecko) Mobile Safari/537.36 (compatible; PetalBot;+https://webmaster.petalsearch.com/site/petalbot)" "jsdsportsdevelopment.org"
114.119.141.100 - - [06/Oct/2022:09:34:26 -0700] "GET /wp-includes/blocks/comments-pagination/editor-rtl.min.css HTTP/1.1" 200 222 "https://jsdsportsdevelopment.org/wp-includes/blocks/comments-pagination/" "Mozilla/5.0 (Linux; Android 7.0;) AppleWebKit/537.36 (KHTML, like Gecko) Mobile Safari/537.36 (compatible; PetalBot;+https://webmaster.petalsearch.com/site/petalbot)" "jsdsportsdevelopment.org"
111.85.200.106 - - [06/Oct/2022:09:35:57 -0700] "GET /static/img/logo.1a41f6387d69.svg HTTP/1.1" 404 88 "-" "Mozilla/4.054101423 Mozilla/4.0 (compatible; MSIE 9.0; Windows NT 6.1)" "jsdsportsdevelopment.org"
123.191.145.233 - - [06/Oct/2022:09:35:59 -0700] "GET / HTTP/1.1" 200 428 "-" "Mozilla/5.0 (Linux; Android 6.0; Nexus 5 Build/MRA58N) AppleWebKit/537.36 (KHTML, like Gecko) Chrome/55.0.2883.87 Mobile Safari/537.36" "jsdsportsdevelopment.org"
114.119.141.100 - - [06/Oct/2022:09:53:03 -0700] "GET /wp-includes/js/dist/?C=S%3BO%3DA HTTP/1.1" 200 368 "https://jsdsportsdevelopment.org/wp-includes/js/dist/?C=M%3BO%3DA" "Mozilla/5.0 (Linux; Android 7.0;) AppleWebKit/537.36 (KHTML, like Gecko) Mobile Safari/537.36 (compatible; PetalBot;+https://webmaster.petalsearch.com/site/petalbot)" "jsdsportsdevelopment.org"
114.119.141.100 - - [06/Oct/2022:10:07:10 -0700] "GET /wp-includes/blocks/comments-pagination-numbers/?C=D%3BO%3DA HTTP/1.1" 200 466 "https://jsdsportsdevelopment.org/wp-includes/blocks/comments-pagination-numbers/?C=M%3BO%3DA" "Mozilla/5.0 (Linux; Android 7.0;) AppleWebKit/537.36 (KHTML, like Gecko) Mobile Safari/537.36 (compatible; PetalBot;+https://webmaster.petalsearch.com/site/petalbot)" "jsdsportsdevelopment.org"
114.119.141.100 - - [06/Oct/2022:10:19:13 -0700] "GET /wp-includes/blocks/comment-template/style-rtl.min.css HTTP/1.1" 200 127 "https://jsdsportsdevelopment.org/wp-includes/blocks/comment-template/?C=N%3BO%3DD" "Mozilla/5.0 (Linux; Android 7.0;) AppleWebKit/537.36 (KHTML, like Gecko) Mobile Safari/537.36 (compatible; PetalBot;+https://webmaster.petalsearch.com/site/petalbot)" "jsdsportsdevelopment.org"
114.119.141.100 - - [06/Oct/2022:10:25:11 -0700] "GET /wp-includes/blocks/read-more/?C=N%3BO%3DD HTTP/1.1" 200 452 "https://jsdsportsdevelopment.org/wp-includes/blocks/read-more/?C=D%3BO%3DA" "Mozilla/5.0 (Linux; Android 7.0;) AppleWebKit/537.36 (KHTML, like Gecko) Mobile Safari/537.36 (compatible; PetalBot;+https://webmaster.petalsearch.com/site/petalbot)" "jsdsportsdevelopment.org"
114.119.141.100 - - [06/Oct/2022:10:38:49 -0700] "GET /wp-includes/blocks/avatar/editor.css HTTP/1.1" 200 831 "https://jsdsportsdevelopment.org/wp-includes/blocks/avatar/" "Mozilla/5.0 (Linux; Android 7.0;) AppleWebKit/537.36 (KHTML, like Gecko) Mobile Safari/537.36 (compatible; PetalBot;+https://webmaster.petalsearch.com/site/petalbot)" "jsdsportsdevelopment.org"
114.119.141.100 - - [06/Oct/2022:10:52:18 -0700] "GET /wp-includes/blocks/avatar/block.json HTTP/1.1" 200 461 "https://jsdsportsdevelopment.org/wp-includes/blocks/avatar/?C=D%3BO%3DA" "Mozilla/5.0 (Linux; Android 7.0;) AppleWebKit/537.36 (KHTML, like Gecko) Mobile Safari/537.36 (compatible; PetalBot;+https://webmaster.petalsearch.com/site/petalbot)" "jsdsportsdevelopment.org"
114.119.141.100 - - [06/Oct/2022:11:23:48 -0700] "GET /wp-includes/blocks/widget-group/?C=N%3BO%3DD HTTP/1.1" 200 382 "https://jsdsportsdevelopment.org/wp-includes/blocks/widget-group/?C=S%3BO%3DA" "Mozilla/5.0 (Linux; Android 7.0;) AppleWebKit/537.36 (KHTML, like Gecko) Mobile Safari/537.36 (compatible; PetalBot;+https://webmaster.petalsearch.com/site/petalbot)" "jsdsportsdevelopment.org"
114.119.140.87 - - [06/Oct/2022:11:36:42 -0700] "GET /wp-includes/js/dist/?C=N%3BO%3DD HTTP/1.1" 200 368 "https://jsdsportsdevelopment.org/wp-includes/js/dist/?C=M%3BO%3DA" "Mozilla/5.0 (Linux; Android 7.0;) AppleWebKit/537.36 (KHTML, like Gecko) Mobile Safari/537.36 (compatible; PetalBot;+https://webmaster.petalsearch.com/site/petalbot)" "jsdsportsdevelopment.org"
114.119.141.100 - - [06/Oct/2022:11:42:37 -0700] "GET /wp-includes/php-compat/?C=D%3BO%3DA HTTP/1.1" 200 379 "https://jsdsportsdevelopment.org/wp-includes/php-compat/?C=S%3BO%3DA" "Mozilla/5.0 (Linux; Android 7.0;) AppleWebKit/537.36 (KHTML, like Gecko) Mobile Safari/537.36 (compatible; PetalBot;+https://webmaster.petalsearch.com/site/petalbot)" "jsdsportsdevelopment.org"
114.119.141.100 - - [06/Oct/2022:11:48:40 -0700] "GET /wp-includes/blocks/comments-title/block.json HTTP/1.1" 200 515 "https://jsdsportsdevelopment.org/wp-includes/blocks/comments-title/?C=S%3BO%3DA" "Mozilla/5.0 (Linux; Android 7.0;) AppleWebKit/537.36 (KHTML, like Gecko) Mobile Safari/537.36 (compatible; PetalBot;+https://webmaster.petalsearch.com/site/petalbot)" "jsdsportsdevelopment.org"
10.247.24.59 - - [06/Oct/2022:11:54:38 -0700] "POST /wp-cron.php?doing_wp_cron=1665082478.4058749675750732421875 HTTP/1.1" 404 88 "https://jsdsportsdevelopment.org/wp-cron.php?doing_wp_cron=1665082478.4058749675750732421875" "WordPress/6.0.1; https://jsdsportsdevelopment.org" "jsdsportsdevelopment.org"
114.119.141.100 - - [06/Oct/2022:11:54:34 -0700] "GET /blog/?page_id=20 HTTP/1.1" 200 26082 "http://jsdsportsdevelopment.org/blog/sports/" "Mozilla/5.0 (Linux; Android 7.0;) AppleWebKit/537.36 (KHTML, like Gecko) Mobile Safari/537.36 (compatible; PetalBot;+https://webmaster.petalsearch.com/site/petalbot)" "jsdsportsdevelopment.org"
114.119.140.87 - - [06/Oct/2022:12:00:38 -0700] "GET /wp-content/themes/?C=M%3BO%3DA HTTP/1.1" 200 363 "https://jsdsportsdevelopment.org/wp-content/themes/?C=D%3BO%3DA" "Mozilla/5.0 (Linux; Android 7.0;) AppleWebKit/537.36 (KHTML, like Gecko) Mobile Safari/537.36 (compatible; PetalBot;+https://webmaster.petalsearch.com/site/petalbot)" "jsdsportsdevelopment.org"
114.119.140.87 - - [06/Oct/2022:12:06:27 -0700] "GET /wp-includes/blocks/pattern/ HTTP/1.1" 200 377 "https://jsdsportsdevelopment.org/wp-includes/blocks/" "Mozilla/5.0 (Linux; Android 7.0;) AppleWebKit/537.36 (KHTML, like Gecko) Mobile Safari/537.36 (compatible; PetalBot;+https://webmaster.petalsearch.com/site/petalbot)" "jsdsportsdevelopment.org"
114.119.141.100 - - [06/Oct/2022:12:12:33 -0700] "GET /wp-content/?C=D%3BO%3DA HTTP/1.1" 200 354 "https://jsdsportsdevelopment.org/wp-content/" "Mozilla/5.0 (Linux; Android 7.0;) AppleWebKit/537.36 (KHTML, like Gecko) Mobile Safari/537.36 (compatible; PetalBot;+https://webmaster.petalsearch.com/site/petalbot)" "jsdsportsdevelopment.org"
114.119.140.87 - - [06/Oct/2022:12:26:50 -0700] "GET /wp-includes/blocks/template-part/ HTTP/1.1" 200 501 "https://jsdsportsdevelopment.org/wp-includes/blocks/" "Mozilla/5.0 (Linux; Android 7.0;) AppleWebKit/537.36 (KHTML, like Gecko) Mobile Safari/537.36 (compatible; PetalBot;+https://webmaster.petalsearch.com/site/petalbot)" "jsdsportsdevelopment.org"
114.119.141.100 - - [06/Oct/2022:12:47:37 -0700] "GET /wp-includes/blocks/comment-template/style.min.css HTTP/1.1" 200 127 "https://jsdsportsdevelopment.org/wp-includes/blocks/comment-template/?C=N%3BO%3DD" "Mozilla/5.0 (Linux; Android 7.0;) AppleWebKit/537.36 (KHTML, like Gecko) Mobile Safari/537.36 (compatible; PetalBot;+https://webmaster.petalsearch.com/site/petalbot)" "jsdsportsdevelopment.org"
114.119.140.87 - - [06/Oct/2022:12:53:30 -0700] "GET /wp-includes/blocks/comments-pagination-next/ HTTP/1.1" 200 389 "https://jsdsportsdevelopment.org/wp-includes/blocks/" "Mozilla/5.0 (Linux; Android 7.0;) AppleWebKit/537.36 (KHTML, like Gecko) Mobile Safari/537.36 (compatible; PetalBot;+https://webmaster.petalsearch.com/site/petalbot)" "jsdsportsdevelopment.org"
114.119.141.100 - - [06/Oct/2022:13:10:03 -0700] "GET /wp-includes/blocks/comment-reply-link/?C=M%3BO%3DA HTTP/1.1" 200 386 "https://jsdsportsdevelopment.org/wp-includes/blocks/comment-reply-link/?C=D%3BO%3DA" "Mozilla/5.0 (Linux; Android 7.0;) AppleWebKit/537.36 (KHTML, like Gecko) Mobile Safari/537.36 (compatible; PetalBot;+https://webmaster.petalsearch.com/site/petalbot)" "jsdsportsdevelopment.org"
193.235.141.172 - - [06/Oct/2022:13:46:29 -0700] "GET / HTTP/1.1" 200 428 "-" "Mozilla/5.0 (Windows NT 10.0; Win64; x64) AppleWebKit/537.36 (KHTML, like Gecko) Chrome/105.0.0.0 Safari/537.36" "jsdsportsdevelopment.org"
193.235.141.172 - - [06/Oct/2022:13:46:29 -0700] "GET /favicon.ico HTTP/1.1" 404 88 "-" "Mozilla/5.0 (Windows NT 10.0; Win64; x64) AppleWebKit/537.36 (KHTML, like Gecko) Chrome/105.0.0.0 Safari/537.36" "jsdsportsdevelopment.org"
114.119.141.100 - - [06/Oct/2022:13:53:30 -0700] "GET /wp-includes/blocks/comments-pagination-numbers/editor.css HTTP/1.1" 200 845 "https://jsdsportsdevelopment.org/wp-includes/blocks/comments-pagination-numbers/?C=M%3BO%3DA" "Mozilla/5.0 (Linux; Android 7.0;) AppleWebKit/537.36 (KHTML, like Gecko) Mobile Safari/537.36 (compatible; PetalBot;+https://webmaster.petalsearch.com/site/petalbot)" "jsdsportsdevelopment.org"
199.244.88.223 - - [06/Oct/2022:14:19:35 -0700] "GET / HTTP/1.1" 200 428 "http://jsdsportsdevelopment.org" "Mozilla/5.0 (X11; Linux x86_64) AppleWebKit/537.36 (KHTML, like Gecko) Chrome/105.0.0.0 Safari/537.36" "jsdsportsdevelopment.org"
66.249.66.44 - - [06/Oct/2022:14:34:10 -0700] "GET /robots.txt HTTP/1.1" 404 88 "-" "Mozilla/5.0 (compatible; Googlebot/2.1; +http://www.google.com/bot.html)" "jsdsportsdevelopment.org"
35.209.250.155 - - [06/Oct/2022:14:53:01 -0700] "HEAD / HTTP/1.1" 200 - "-" "scalaj-http/2.4.2" "jsdsportsdevelopment.org"
35.209.250.155 - - [06/Oct/2022:14:53:01 -0700] "GET / HTTP/1.1" 200 428 "-" "Buck/2.3.2; (+https://app.hypefactors.com/media-monitoring/about.html)" "jsdsportsdevelopment.org"
35.209.250.155 - - [06/Oct/2022:14:53:02 -0700] "GET /robots.txt HTTP/1.1" 404 88 "-" "Buck/2.3.2; (+https://app.hypefactors.com/media-monitoring/about.html)" "jsdsportsdevelopment.org"
35.209.250.155 - - [06/Oct/2022:14:53:02 -0700] "GET /sitemap.xml HTTP/1.1" 404 88 "-" "Buck/2.3.2; (+https://app.hypefactors.com/media-monitoring/about.html)" "jsdsportsdevelopment.org"
10.247.24.60 - - [06/Oct/2022:14:53:38 -0700] "POST /wp-cron.php?doing_wp_cron=1665093218.8336379528045654296875 HTTP/1.1" 404 88 "https://jsdsportsdevelopment.org/wp-cron.php?doing_wp_cron=1665093218.8336379528045654296875" "WordPress/6.0.1; https://jsdsportsdevelopment.org" "jsdsportsdevelopment.org"
35.209.250.155 - - [06/Oct/2022:14:53:35 -0700] "GET /blog/ HTTP/1.1" 200 28684 "-" "Buck/2.3.2; (+https://app.hypefactors.com/media-monitoring/about.html)" "jsdsportsdevelopment.org"
35.209.250.155 - - [06/Oct/2022:14:54:13 -0700] "GET /wp-content/ HTTP/1.1" 200 354 "-" "Buck/2.3.2; (+https://app.hypefactors.com/media-monitoring/about.html)" "jsdsportsdevelopment.org"
35.209.250.155 - - [06/Oct/2022:14:54:40 -0700] "GET /wp-includes/ HTTP/1.1" 200 405 "-" "Buck/2.3.2; (+https://app.hypefactors.com/media-monitoring/about.html)" "jsdsportsdevelopment.org"
35.209.250.155 - - [06/Oct/2022:14:55:23 -0700] "GET /index.html.bak HTTP/1.1" 200 867 "-" "Buck/2.3.2; (+https://app.hypefactors.com/media-monitoring/about.html)" "jsdsportsdevelopment.org"
34.220.1.104 - - [06/Oct/2022:15:01:56 -0700] "GET / HTTP/1.1" 200 428 "-" "Mozilla/5.0 (X11; Linux x86_64) AppleWebKit/537.36 (KHTML, like Gecko) Chrome/83.0.4103.97 Safari/537.36" "jsdsportsdevelopment.org"
34.219.65.47 - - [06/Oct/2022:15:01:59 -0700] "GET / HTTP/1.1" 200 428 "-" "Mozilla/5.0 (X11; Linux x86_64) AppleWebKit/537.36 (KHTML, like Gecko) Chrome/83.0.4103.97 Safari/537.36" "jsdsportsdevelopment.org"
34.222.159.16 - - [06/Oct/2022:15:02:01 -0700] "GET /favicon.ico HTTP/1.1" 404 88 "http://jsdsportsdevelopment.org/favicon.ico" "Mozilla/5.0 (X11; Linux x86_64) AppleWebKit/537.36 (KHTML, like Gecko) Chrome/83.0.4103.97 Safari/537.36" "jsdsportsdevelopment.org"
34.222.159.16 - - [06/Oct/2022:15:02:01 -0700] "GET / HTTP/1.1" 200 428 "http://jsdsportsdevelopment.org" "Mozilla/5.0 (X11; Linux x86_64) AppleWebKit/537.36 (KHTML, like Gecko) Chrome/83.0.4103.97 Safari/537.36" "jsdsportsdevelopment.org"
52.10.39.223 - - [06/Oct/2022:15:02:20 -0700] "GET /favicon.ico HTTP/1.1" 404 88 "-" "Mozilla/5.0 (X11; Linux x86_64) AppleWebKit/537.36 (KHTML, like Gecko) Chrome/83.0.4103.97 Safari/537.36" "jsdsportsdevelopment.org"
52.10.39.223 - - [06/Oct/2022:15:02:23 -0700] "GET / HTTP/1.1" 200 428 "-" "Mozilla/5.0 (X11; Linux x86_64) AppleWebKit/537.36 (KHTML, like Gecko) Chrome/83.0.4103.97 Safari/537.36" "jsdsportsdevelopment.org"
194.38.20.161 - - [06/Oct/2022:15:15:25 -0700] "GET /wp-content/themes/purevision/scripts/admin/uploadify/uploadify.css HTTP/1.1" 404 73 "-" "ALittle Client" "jsdsportsdevelopment.org"
54.37.4.138 - - [06/Oct/2022:16:20:05 -0700] "POST / HTTP/1.1" 404 88 "-" "Mozilla/5.0 (X11; Linux x86_64) AppleWebKit/537.36 (KHTML, like Gecko) Chrome/81.0.4044.129 Safari/537.36" "jsdsportsdevelopment.org"
10.247.24.58 - - [06/Oct/2022:16:20:07 -0700] "POST /wp-cron.php?doing_wp_cron=1665098406.8757839202880859375000 HTTP/1.1" 404 88 "https://jsdsportsdevelopment.org/wp-cron.php?doing_wp_cron=1665098406.8757839202880859375000" "WordPress/6.0.1; https://jsdsportsdevelopment.org" "jsdsportsdevelopment.org"
40.77.167.68 - - [06/Oct/2022:16:20:03 -0700] "GET /blog/index.php/feed/ HTTP/1.1" 200 28684 "-" "Mozilla/5.0 (compatible; bingbot/2.0; +http://www.bing.com/bingbot.htm)" "jsdsportsdevelopment.org"
10.247.24.58 - - [06/Oct/2022:16:52:37 -0700] "POST /wp-cron.php?doing_wp_cron=1665100357.8948500156402587890625 HTTP/1.1" 404 88 "https://jsdsportsdevelopment.org/wp-cron.php?doing_wp_cron=1665100357.8948500156402587890625" "WordPress/6.0.1; https://jsdsportsdevelopment.org" "jsdsportsdevelopment.org"
207.46.13.145 - - [06/Oct/2022:16:52:31 -0700] "GET /blog/index.php/comments/feed/ HTTP/1.1" 200 28684 "-" "Mozilla/5.0 (compatible; bingbot/2.0; +http://www.bing.com/bingbot.htm)" "jsdsportsdevelopment.org"
