185.191.171.3 - - [04/Oct/2022:17:11:54 -0700] "GET /wp-includes/blocks/navigation-link/?C=D%3BO%3DA HTTP/1.1" 200 503 "-" "Mozilla/5.0 (compatible; SemrushBot/7~bl; +http://www.semrush.com/bot.html)" "jsdsportsdevelopment.org"
194.38.20.161 - - [04/Oct/2022:17:21:12 -0700] "GET /wp-content/themes/DailyDeal/monetize/upload/upload.php HTTP/1.1" 404 73 "-" "ALittle Client" "jsdsportsdevelopment.org"
185.191.171.13 - - [04/Oct/2022:17:30:08 -0700] "GET /robots.txt HTTP/1.1" 404 88 "-" "Mozilla/5.0 (compatible; SemrushBot/7~bl; +http://www.semrush.com/bot.html)" "jsdsportsdevelopment.org"
185.191.171.16 - - [04/Oct/2022:17:30:09 -0700] "GET /wp-includes/blocks/post-comments-form/?C=M%3BO%3DA HTTP/1.1" 200 505 "-" "Mozilla/5.0 (compatible; SemrushBot/7~bl; +http://www.semrush.com/bot.html)" "jsdsportsdevelopment.org"
185.191.171.35 - - [04/Oct/2022:18:21:57 -0700] "GET /wp-includes/css/dist/?C=S%3BO%3DA HTTP/1.1" 200 365 "-" "Mozilla/5.0 (compatible; SemrushBot/7~bl; +http://www.semrush.com/bot.html)" "jsdsportsdevelopment.org"
185.191.171.25 - - [04/Oct/2022:18:57:51 -0700] "GET /robots.txt HTTP/1.1" 404 88 "-" "Mozilla/5.0 (compatible; SemrushBot/7~bl; +http://www.semrush.com/bot.html)" "jsdsportsdevelopment.org"
185.191.171.26 - - [04/Oct/2022:18:57:51 -0700] "GET /wp-includes/blocks/comment-edit-link/?C=D%3BO%3DA HTTP/1.1" 200 385 "-" "Mozilla/5.0 (compatible; SemrushBot/7~bl; +http://www.semrush.com/bot.html)" "jsdsportsdevelopment.org"
185.191.171.33 - - [04/Oct/2022:19:20:42 -0700] "GET /wp-includes/blocks/post-author-biography/?C=M%3BO%3DA HTTP/1.1" 200 388 "-" "Mozilla/5.0 (compatible; SemrushBot/7~bl; +http://www.semrush.com/bot.html)" "jsdsportsdevelopment.org"
185.191.171.45 - - [04/Oct/2022:19:20:53 -0700] "GET /wp-includes/blocks/post-comments-form/?C=N%3BO%3DD HTTP/1.1" 200 505 "-" "Mozilla/5.0 (compatible; SemrushBot/7~bl; +http://www.semrush.com/bot.html)" "jsdsportsdevelopment.org"
79.185.179.102 - - [04/Oct/2022:19:22:32 -0700] "HEAD / HTTP/1.1" 200 - "-" "Mozilla/5.0 (Windows NT 6.1; Win64; x64) AppleWebKit/537.36 (KHTML, like Gecko) Chrome/78.0.3904.97 Safari/537.36" "jsdsportsdevelopment.org"
37.225.69.152 - - [04/Oct/2022:19:22:33 -0700] "GET / HTTP/1.1" 200 1156 "-" "Mozilla/5.0 (Windows NT 6.3; Win64; x64) AppleWebKit/537.36 (KHTML, like Gecko) Chrome/78.0.3904.97 Safari/537.36" "jsdsportsdevelopment.org"
185.191.171.26 - - [04/Oct/2022:19:32:13 -0700] "GET /wp-includes/blocks/?C=M%3BO%3DA HTTP/1.1" 200 715 "-" "Mozilla/5.0 (compatible; SemrushBot/7~bl; +http://www.semrush.com/bot.html)" "jsdsportsdevelopment.org"
185.191.171.6 - - [04/Oct/2022:19:41:13 -0700] "GET /wp-includes/blocks/post-comments/?C=M%3BO%3DA HTTP/1.1" 200 501 "-" "Mozilla/5.0 (compatible; SemrushBot/7~bl; +http://www.semrush.com/bot.html)" "jsdsportsdevelopment.org"
10.247.24.58 - - [04/Oct/2022:19:47:59 -0700] "POST /wp-cron.php?doing_wp_cron=1664938079.3263549804687500000000 HTTP/1.1" 404 88 "https://jsdsportsdevelopment.org/wp-cron.php?doing_wp_cron=1664938079.3263549804687500000000" "WordPress/6.0.1; https://jsdsportsdevelopment.org" "jsdsportsdevelopment.org"
185.191.171.33 - - [04/Oct/2022:19:47:55 -0700] "GET /blog/index.php/mentoring/ HTTP/1.1" 200 28684 "-" "Mozilla/5.0 (compatible; SemrushBot/7~bl; +http://www.semrush.com/bot.html)" "jsdsportsdevelopment.org"
185.191.171.10 - - [04/Oct/2022:19:55:19 -0700] "GET /wp-includes/blocks/comments-pagination/?C=S%3BO%3DA HTTP/1.1" 200 510 "-" "Mozilla/5.0 (compatible; SemrushBot/7~bl; +http://www.semrush.com/bot.html)" "jsdsportsdevelopment.org"
114.119.141.100 - - [04/Oct/2022:19:55:42 -0700] "GET /wp-includes/blocks/comments-pagination-next/?C=S%3BO%3DA HTTP/1.1" 200 389 "https://jsdsportsdevelopment.org/wp-includes/blocks/comments-pagination-next/?C=M%3BO%3DA" "Mozilla/5.0 (Linux; Android 7.0;) AppleWebKit/537.36 (KHTML, like Gecko) Mobile Safari/537.36 (compatible; PetalBot;+https://webmaster.petalsearch.com/site/petalbot)" "jsdsportsdevelopment.org"
114.119.140.99 - - [04/Oct/2022:20:04:58 -0700] "GET /wp-includes/blocks/comment-template/?C=N%3BO%3DD HTTP/1.1" 200 459 "https://jsdsportsdevelopment.org/wp-includes/blocks/comment-template/" "Mozilla/5.0 (Linux; Android 7.0;) AppleWebKit/537.36 (KHTML, like Gecko) Mobile Safari/537.36 (compatible; PetalBot;+https://webmaster.petalsearch.com/site/petalbot)" "jsdsportsdevelopment.org"
185.191.171.16 - - [04/Oct/2022:20:27:22 -0700] "GET /robots.txt HTTP/1.1" 404 88 "-" "Mozilla/5.0 (compatible; SemrushBot/7~bl; +http://www.semrush.com/bot.html)" "jsdsportsdevelopment.org"
185.191.171.23 - - [04/Oct/2022:20:27:23 -0700] "GET /wp-includes/blocks/post-navigation-link/?C=N%3BO%3DD HTTP/1.1" 200 387 "-" "Mozilla/5.0 (compatible; SemrushBot/7~bl; +http://www.semrush.com/bot.html)" "jsdsportsdevelopment.org"
185.191.171.6 - - [04/Oct/2022:20:28:42 -0700] "GET /wp-includes/blocks/comments-pagination/?C=N%3BO%3DD HTTP/1.1" 200 510 "-" "Mozilla/5.0 (compatible; SemrushBot/7~bl; +http://www.semrush.com/bot.html)" "jsdsportsdevelopment.org"
51.142.148.198 - - [04/Oct/2022:20:31:24 -0700] "GET / HTTP/1.1" 200 1156 "-" "Mozilla/5.0 (Windows NT 10.0; Win64; x64) AppleWebKit/537.36 (KHTML, like Gecko) Chrome/91.0.4472.106 Safari/537.36" "jsdsportsdevelopment.org"
51.142.148.198 - - [04/Oct/2022:20:31:24 -0700] "GET /feed/ HTTP/1.1" 404 73 "-" "Mozilla/5.0 (Windows NT 10.0; Win64; x64) AppleWebKit/537.36 (KHTML, like Gecko) Chrome/91.0.4472.106 Safari/537.36" "jsdsportsdevelopment.org"
51.142.148.198 - - [04/Oct/2022:20:31:25 -0700] "GET /xmlrpc.php?rsd HTTP/1.1" 404 73 "-" "Mozilla/5.0 (Windows NT 10.0; Win64; x64) AppleWebKit/537.36 (KHTML, like Gecko) Chrome/91.0.4472.106 Safari/537.36" "jsdsportsdevelopment.org"
51.142.148.198 - - [04/Oct/2022:20:31:25 -0700] "GET /blog/wp-includes/wlwmanifest.xml HTTP/1.1" 200 1045 "-" "Mozilla/5.0 (Windows NT 10.0; Win64; x64) AppleWebKit/537.36 (KHTML, like Gecko) Chrome/91.0.4472.106 Safari/537.36" "jsdsportsdevelopment.org"
10.247.24.59 - - [04/Oct/2022:20:31:30 -0700] "POST /wp-cron.php?doing_wp_cron=1664940690.2181320190429687500000 HTTP/1.1" 404 88 "https://jsdsportsdevelopment.org/wp-cron.php?doing_wp_cron=1664940690.2181320190429687500000" "WordPress/6.0.1; https://jsdsportsdevelopment.org" "jsdsportsdevelopment.org"
51.142.148.198 - - [04/Oct/2022:20:31:25 -0700] "GET /blog//?author=1 HTTP/1.1" 200 23436 "-" "Mozilla/5.0 (Windows NT 10.0; Win64; x64) AppleWebKit/537.36 (KHTML, like Gecko) Chrome/91.0.4472.106 Safari/537.36" "jsdsportsdevelopment.org"
51.142.148.198 - - [04/Oct/2022:20:31:31 -0700] "GET /blog/index.php//wp-json/wp/v2/users/ HTTP/1.1" 200 28684 "-" "Mozilla/5.0 (Windows NT 10.0; Win64; x64) AppleWebKit/537.36 (KHTML, like Gecko) Chrome/91.0.4472.106 Safari/537.36" "jsdsportsdevelopment.org"
51.142.148.198 - - [04/Oct/2022:20:31:34 -0700] "GET /blog/index.php//wp-json/oembed/1.0/embed?url=https://jsdsportsdevelopment.org//blog/ HTTP/1.1" 200 28684 "-" "Mozilla/5.0 (Windows NT 10.0; Win64; x64) AppleWebKit/537.36 (KHTML, like Gecko) Chrome/91.0.4472.106 Safari/537.36" "jsdsportsdevelopment.org"
51.142.148.198 - - [04/Oct/2022:20:31:36 -0700] "POST /blog/index.php//xmlrpc.php HTTP/1.1" 500 5013 "-" "Mozilla/5.0 (Windows NT 10.0; Win64; x64) AppleWebKit/537.36 (KHTML, like Gecko) Chrome/91.0.4472.106 Safari/537.36" "jsdsportsdevelopment.org"
185.191.171.4 - - [04/Oct/2022:20:47:23 -0700] "GET /wp-includes/js/dist/?C=S%3BO%3DA HTTP/1.1" 200 368 "-" "Mozilla/5.0 (compatible; SemrushBot/7~bl; +http://www.semrush.com/bot.html)" "jsdsportsdevelopment.org"
114.119.141.100 - - [04/Oct/2022:20:53:56 -0700] "GET /wp-includes/blocks/post-comments/editor.css HTTP/1.1" 200 793 "https://jsdsportsdevelopment.org/wp-includes/blocks/post-comments/" "Mozilla/5.0 (Linux; Android 7.0;) AppleWebKit/537.36 (KHTML, like Gecko) Mobile Safari/537.36 (compatible; PetalBot;+https://webmaster.petalsearch.com/site/petalbot)" "jsdsportsdevelopment.org"
185.191.171.12 - - [04/Oct/2022:21:02:11 -0700] "GET /wp-includes/css/dist/edit-site/?C=M%3BO%3DA HTTP/1.1" 200 422 "-" "Mozilla/5.0 (compatible; SemrushBot/7~bl; +http://www.semrush.com/bot.html)" "jsdsportsdevelopment.org"
114.119.140.87 - - [04/Oct/2022:21:02:17 -0700] "GET /wp-includes/css/dist/?C=D%3BO%3DA HTTP/1.1" 200 365 "https://jsdsportsdevelopment.org/wp-includes/css/dist/" "Mozilla/5.0 (Linux; Android 7.0;) AppleWebKit/537.36 (KHTML, like Gecko) Mobile Safari/537.36 (compatible; PetalBot;+https://webmaster.petalsearch.com/site/petalbot)" "jsdsportsdevelopment.org"
114.119.140.99 - - [04/Oct/2022:21:08:26 -0700] "GET /wp-includes/blocks/post-navigation-link/?C=S%3BO%3DA HTTP/1.1" 200 387 "https://jsdsportsdevelopment.org/wp-includes/blocks/post-navigation-link/?C=N%3BO%3DD" "Mozilla/5.0 (Linux; Android 7.0;) AppleWebKit/537.36 (KHTML, like Gecko) Mobile Safari/537.36 (compatible; PetalBot;+https://webmaster.petalsearch.com/site/petalbot)" "jsdsportsdevelopment.org"
114.119.141.100 - - [04/Oct/2022:21:18:44 -0700] "GET /wp-includes/blocks/post-author-biography/?C=N%3BO%3DD HTTP/1.1" 200 388 "https://jsdsportsdevelopment.org/wp-includes/blocks/post-author-biography/?C=S%3BO%3DA" "Mozilla/5.0 (Linux; Android 7.0;) AppleWebKit/537.36 (KHTML, like Gecko) Mobile Safari/537.36 (compatible; PetalBot;+https://webmaster.petalsearch.com/site/petalbot)" "jsdsportsdevelopment.org"
35.209.207.147 - - [04/Oct/2022:21:28:01 -0700] "HEAD / HTTP/1.1" 200 - "-" "scalaj-http/2.4.2" "jsdsportsdevelopment.org"
35.209.207.147 - - [04/Oct/2022:21:28:01 -0700] "GET / HTTP/1.1" 200 428 "-" "Buck/2.3.2; (+https://app.hypefactors.com/media-monitoring/about.html)" "jsdsportsdevelopment.org"
35.209.207.147 - - [04/Oct/2022:21:28:02 -0700] "GET /robots.txt HTTP/1.1" 404 88 "-" "Buck/2.3.2; (+https://app.hypefactors.com/media-monitoring/about.html)" "jsdsportsdevelopment.org"
35.209.207.147 - - [04/Oct/2022:21:28:02 -0700] "GET /sitemap.xml HTTP/1.1" 404 88 "-" "Buck/2.3.2; (+https://app.hypefactors.com/media-monitoring/about.html)" "jsdsportsdevelopment.org"
10.247.24.60 - - [04/Oct/2022:21:28:32 -0700] "POST /wp-cron.php?doing_wp_cron=1664944111.8723940849304199218750 HTTP/1.1" 404 88 "https://jsdsportsdevelopment.org/wp-cron.php?doing_wp_cron=1664944111.8723940849304199218750" "WordPress/6.0.1; https://jsdsportsdevelopment.org" "jsdsportsdevelopment.org"
35.209.207.147 - - [04/Oct/2022:21:28:25 -0700] "GET /blog/ HTTP/1.1" 200 28684 "-" "Buck/2.3.2; (+https://app.hypefactors.com/media-monitoring/about.html)" "jsdsportsdevelopment.org"
114.119.140.87 - - [04/Oct/2022:21:28:43 -0700] "GET /wp-includes/blocks/avatar/editor.min.css HTTP/1.1" 200 116 "https://jsdsportsdevelopment.org/wp-includes/blocks/avatar/?C=S%3BO%3DA" "Mozilla/5.0 (Linux; Android 7.0;) AppleWebKit/537.36 (KHTML, like Gecko) Mobile Safari/537.36 (compatible; PetalBot;+https://webmaster.petalsearch.com/site/petalbot)" "jsdsportsdevelopment.org"
185.191.171.14 - - [04/Oct/2022:21:29:06 -0700] "GET /robots.txt HTTP/1.1" 404 88 "-" "Mozilla/5.0 (compatible; SemrushBot/7~bl; +http://www.semrush.com/bot.html)" "jsdsportsdevelopment.org"
185.191.171.11 - - [04/Oct/2022:21:29:07 -0700] "GET /wp-includes/blocks/term-description/?C=M%3BO%3DA HTTP/1.1" 200 379 "-" "Mozilla/5.0 (compatible; SemrushBot/7~bl; +http://www.semrush.com/bot.html)" "jsdsportsdevelopment.org"
35.209.207.147 - - [04/Oct/2022:21:29:08 -0700] "GET /wp-content/ HTTP/1.1" 200 354 "-" "Buck/2.3.2; (+https://app.hypefactors.com/media-monitoring/about.html)" "jsdsportsdevelopment.org"
35.209.207.147 - - [04/Oct/2022:21:29:50 -0700] "GET /wp-includes/ HTTP/1.1" 200 405 "-" "Buck/2.3.2; (+https://app.hypefactors.com/media-monitoring/about.html)" "jsdsportsdevelopment.org"
35.209.207.147 - - [04/Oct/2022:21:30:18 -0700] "GET /index.html.bak HTTP/1.1" 200 867 "-" "Buck/2.3.2; (+https://app.hypefactors.com/media-monitoring/about.html)" "jsdsportsdevelopment.org"
114.119.141.100 - - [04/Oct/2022:21:35:00 -0700] "GET /wp-includes/blocks/comment-date/?C=D%3BO%3DA HTTP/1.1" 200 382 "https://jsdsportsdevelopment.org/wp-includes/blocks/comment-date/" "Mozilla/5.0 (Linux; Android 7.0;) AppleWebKit/537.36 (KHTML, like Gecko) Mobile Safari/537.36 (compatible; PetalBot;+https://webmaster.petalsearch.com/site/petalbot)" "jsdsportsdevelopment.org"
114.119.140.99 - - [04/Oct/2022:21:44:38 -0700] "GET /wp-content/themes/?C=D%3BO%3DA HTTP/1.1" 200 363 "https://jsdsportsdevelopment.org/wp-content/themes/?C=N%3BO%3DD" "Mozilla/5.0 (Linux; Android 7.0;) AppleWebKit/537.36 (KHTML, like Gecko) Mobile Safari/537.36 (compatible; PetalBot;+https://webmaster.petalsearch.com/site/petalbot)" "jsdsportsdevelopment.org"
185.191.171.38 - - [04/Oct/2022:21:47:58 -0700] "GET /wp-includes/blocks/comments-query-loop/?C=S%3BO%3DA HTTP/1.1" 200 459 "-" "Mozilla/5.0 (compatible; SemrushBot/7~bl; +http://www.semrush.com/bot.html)" "jsdsportsdevelopment.org"
185.191.171.19 - - [04/Oct/2022:21:50:25 -0700] "GET /wp-includes/js/?C=M%3BO%3DA HTTP/1.1" 200 359 "-" "Mozilla/5.0 (compatible; SemrushBot/7~bl; +http://www.semrush.com/bot.html)" "jsdsportsdevelopment.org"
114.119.140.87 - - [04/Oct/2022:21:53:34 -0700] "GET /wp-includes/blocks/avatar/style.css HTTP/1.1" 200 781 "https://jsdsportsdevelopment.org/wp-includes/blocks/avatar/?C=S%3BO%3DA" "Mozilla/5.0 (Linux; Android 7.0;) AppleWebKit/537.36 (KHTML, like Gecko) Mobile Safari/537.36 (compatible; PetalBot;+https://webmaster.petalsearch.com/site/petalbot)" "jsdsportsdevelopment.org"
185.191.171.12 - - [04/Oct/2022:21:56:17 -0700] "GET /wp-includes/php-compat/?C=N%3BO%3DD HTTP/1.1" 200 379 "-" "Mozilla/5.0 (compatible; SemrushBot/7~bl; +http://www.semrush.com/bot.html)" "jsdsportsdevelopment.org"
114.119.141.100 - - [04/Oct/2022:22:03:37 -0700] "GET /wp-includes/blocks/comment-date/?C=M%3BO%3DA HTTP/1.1" 200 382 "https://jsdsportsdevelopment.org/wp-includes/blocks/comment-date/" "Mozilla/5.0 (Linux; Android 7.0;) AppleWebKit/537.36 (KHTML, like Gecko) Mobile Safari/537.36 (compatible; PetalBot;+https://webmaster.petalsearch.com/site/petalbot)" "jsdsportsdevelopment.org"
114.119.140.87 - - [04/Oct/2022:22:14:52 -0700] "GET /wp-includes/blocks/post-comments/style.css HTTP/1.1" 200 1389 "https://jsdsportsdevelopment.org/wp-includes/blocks/post-comments/" "Mozilla/5.0 (Linux; Android 7.0;) AppleWebKit/537.36 (KHTML, like Gecko) Mobile Safari/537.36 (compatible; PetalBot;+https://webmaster.petalsearch.com/site/petalbot)" "jsdsportsdevelopment.org"
185.191.171.4 - - [04/Oct/2022:22:19:26 -0700] "GET /wp-includes/blocks/?C=D%3BO%3DA HTTP/1.1" 200 715 "-" "Mozilla/5.0 (compatible; SemrushBot/7~bl; +http://www.semrush.com/bot.html)" "jsdsportsdevelopment.org"
114.119.140.87 - - [04/Oct/2022:22:22:48 -0700] "GET /wp-includes/blocks/template-part/theme.min.css HTTP/1.1" 200 101 "https://jsdsportsdevelopment.org/wp-includes/blocks/template-part/?C=M%3BO%3DA" "Mozilla/5.0 (Linux; Android 7.0;) AppleWebKit/537.36 (KHTML, like Gecko) Mobile Safari/537.36 (compatible; PetalBot;+https://webmaster.petalsearch.com/site/petalbot)" "jsdsportsdevelopment.org"
114.119.133.85 - - [04/Oct/2022:22:23:01 -0700] "GET /?C=N%3BO%3DD HTTP/1.1" 200 428 "https://jsdsportsdevelopment.org" "Mozilla/5.0 (Linux; Android 7.0;) AppleWebKit/537.36 (KHTML, like Gecko) Mobile Safari/537.36 (compatible; PetalBot;+https://webmaster.petalsearch.com/site/petalbot)" "jsdsportsdevelopment.org"
51.222.253.17 - - [04/Oct/2022:22:26:31 -0700] "GET /wp-includes/css/dist/?C=D;O=A HTTP/1.1" 200 365 "-" "Mozilla/5.0 (compatible; AhrefsBot/7.0; +http://ahrefs.com/robot/)" "jsdsportsdevelopment.org"
185.191.171.18 - - [04/Oct/2022:22:36:30 -0700] "GET /robots.txt HTTP/1.1" 404 88 "-" "Mozilla/5.0 (compatible; SemrushBot/7~bl; +http://www.semrush.com/bot.html)" "jsdsportsdevelopment.org"
185.191.171.36 - - [04/Oct/2022:22:36:30 -0700] "GET /?C=M%3BO%3DA HTTP/1.1" 200 428 "-" "Mozilla/5.0 (compatible; SemrushBot/7~bl; +http://www.semrush.com/bot.html)" "jsdsportsdevelopment.org"
162.55.86.60 - - [04/Oct/2022:22:36:41 -0700] "GET /robots.txt HTTP/1.1" 404 88 "-" "Mozilla/5.0 (compatible; BLEXBot/1.0; +http://webmeup-crawler.com/)" "jsdsportsdevelopment.org"
162.55.86.60 - - [04/Oct/2022:22:36:46 -0700] "GET /robots.txt HTTP/1.1" 404 88 "-" "Mozilla/5.0 (compatible; BLEXBot/1.0; +http://webmeup-crawler.com/)" "jsdsportsdevelopment.org"
162.55.86.60 - - [04/Oct/2022:22:36:49 -0700] "GET /sitemap HTTP/1.1" 404 88 "-" "Mozilla/5.0 (compatible; BLEXBot/1.0; +http://webmeup-crawler.com/)" "jsdsportsdevelopment.org"
162.55.86.60 - - [04/Oct/2022:22:36:54 -0700] "GET /sitemap HTTP/1.1" 404 88 "-" "Mozilla/5.0 (compatible; BLEXBot/1.0; +http://webmeup-crawler.com/)" "jsdsportsdevelopment.org"
162.55.86.60 - - [04/Oct/2022:22:36:59 -0700] "GET /sitemap.txt HTTP/1.1" 404 88 "-" "Mozilla/5.0 (compatible; BLEXBot/1.0; +http://webmeup-crawler.com/)" "jsdsportsdevelopment.org"
162.55.86.60 - - [04/Oct/2022:22:37:05 -0700] "GET /sitemap.txt HTTP/1.1" 404 88 "-" "Mozilla/5.0 (compatible; BLEXBot/1.0; +http://webmeup-crawler.com/)" "jsdsportsdevelopment.org"
114.119.141.100 - - [04/Oct/2022:22:48:23 -0700] "GET /wp-includes/blocks/post-comments/editor-rtl.css HTTP/1.1" 200 793 "https://jsdsportsdevelopment.org/wp-includes/blocks/post-comments/" "Mozilla/5.0 (Linux; Android 7.0;) AppleWebKit/537.36 (KHTML, like Gecko) Mobile Safari/537.36 (compatible; PetalBot;+https://webmaster.petalsearch.com/site/petalbot)" "jsdsportsdevelopment.org"
185.191.171.35 - - [04/Oct/2022:23:16:53 -0700] "GET /wp-content/?C=D%3BO%3DA HTTP/1.1" 200 354 "-" "Mozilla/5.0 (compatible; SemrushBot/7~bl; +http://www.semrush.com/bot.html)" "jsdsportsdevelopment.org"
114.119.140.87 - - [04/Oct/2022:23:17:29 -0700] "GET /wp-includes/blocks/query-no-results/block.json HTTP/1.1" 200 298 "https://jsdsportsdevelopment.org/wp-includes/blocks/query-no-results/?C=D%3BO%3DA" "Mozilla/5.0 (Linux; Android 7.0;) AppleWebKit/537.36 (KHTML, like Gecko) Mobile Safari/537.36 (compatible; PetalBot;+https://webmaster.petalsearch.com/site/petalbot)" "jsdsportsdevelopment.org"
114.119.141.100 - - [04/Oct/2022:23:23:49 -0700] "GET /wp-includes/js/dist/development/ HTTP/1.1" 200 437 "https://jsdsportsdevelopment.org/wp-includes/js/dist/?C=M%3BO%3DA" "Mozilla/5.0 (Linux; Android 7.0;) AppleWebKit/537.36 (KHTML, like Gecko) Mobile Safari/537.36 (compatible; PetalBot;+https://webmaster.petalsearch.com/site/petalbot)" "jsdsportsdevelopment.org"
51.222.253.7 - - [04/Oct/2022:23:34:56 -0700] "GET /wp-includes/css/dist/?C=M;O=A HTTP/1.1" 200 365 "-" "Mozilla/5.0 (compatible; AhrefsBot/7.0; +http://ahrefs.com/robot/)" "jsdsportsdevelopment.org"
185.191.171.26 - - [04/Oct/2022:23:38:07 -0700] "GET /robots.txt HTTP/1.1" 404 88 "-" "Mozilla/5.0 (compatible; SemrushBot/7~bl; +http://www.semrush.com/bot.html)" "jsdsportsdevelopment.org"
10.247.24.58 - - [04/Oct/2022:23:38:10 -0700] "POST /wp-cron.php?doing_wp_cron=1664951890.8332889080047607421875 HTTP/1.1" 404 88 "https://jsdsportsdevelopment.org/wp-cron.php?doing_wp_cron=1664951890.8332889080047607421875" "WordPress/6.0.1; https://jsdsportsdevelopment.org" "jsdsportsdevelopment.org"
185.191.171.2 - - [04/Oct/2022:23:38:08 -0700] "GET /blog/index.php/sports/soccer/ HTTP/1.1" 200 28684 "-" "Mozilla/5.0 (compatible; SemrushBot/7~bl; +http://www.semrush.com/bot.html)" "jsdsportsdevelopment.org"
185.191.171.14 - - [04/Oct/2022:23:49:45 -0700] "GET /wp-includes/blocks/comments-query-loop/?C=N%3BO%3DD HTTP/1.1" 200 459 "-" "Mozilla/5.0 (compatible; SemrushBot/7~bl; +http://www.semrush.com/bot.html)" "jsdsportsdevelopment.org"
46.161.27.155 - - [04/Oct/2022:23:50:44 -0700] "GET /wp-login.php HTTP/1.1" 404 88 "http://jsdsportsdevelopment.org/wp-login.php" "Mozilla/5.0 (Windows NT 10.0; Win64; x64) AppleWebKit/537.36 (KHTML, like Gecko) Chrome/64.0.3282.140 Safari/537.36 Edge/18.17763" "jsdsportsdevelopment.org"
37.139.53.22 - - [05/Oct/2022:00:05:03 -0700] "GET / HTTP/1.1" 200 428 "-" "Mozilla/5.0 (Macintosh; Intel Mac OS X 10_15_7) AppleWebKit/537.36 (KHTML, like Gecko) Chrome/106.0.5249.91 Safari/537.36" "jsdsportsdevelopment.org"
37.139.53.22 - - [05/Oct/2022:00:05:04 -0700] "GET / HTTP/1.1" 200 428 "-" "Mozilla/5.0 (Macintosh; Intel Mac OS X 10_15_7) AppleWebKit/537.36 (KHTML, like Gecko) Chrome/106.0.5249.91 Safari/537.36" "jsdsportsdevelopment.org"
37.139.53.22 - - [05/Oct/2022:00:05:06 -0700] "GET / HTTP/1.1" 200 428 "-" "Mozilla/5.0 (Macintosh; Intel Mac OS X 10_15_7) AppleWebKit/537.36 (KHTML, like Gecko) Chrome/106.0.5249.91 Safari/537.36" "jsdsportsdevelopment.org"
185.191.171.10 - - [05/Oct/2022:00:17:27 -0700] "GET /wp-includes/php-compat/?C=M%3BO%3DA HTTP/1.1" 200 379 "-" "Mozilla/5.0 (compatible; SemrushBot/7~bl; +http://www.semrush.com/bot.html)" "jsdsportsdevelopment.org"
185.191.171.6 - - [05/Oct/2022:00:33:23 -0700] "GET /wp-includes/blocks/template-part/?C=S%3BO%3DA HTTP/1.1" 200 501 "-" "Mozilla/5.0 (compatible; SemrushBot/7~bl; +http://www.semrush.com/bot.html)" "jsdsportsdevelopment.org"
185.191.171.6 - - [05/Oct/2022:00:52:33 -0700] "GET /robots.txt HTTP/1.1" 404 88 "-" "Mozilla/5.0 (compatible; SemrushBot/7~bl; +http://www.semrush.com/bot.html)" "jsdsportsdevelopment.org"
185.191.171.38 - - [05/Oct/2022:00:52:33 -0700] "GET /wp-includes/blocks/post-comments/?C=N%3BO%3DD HTTP/1.1" 200 501 "-" "Mozilla/5.0 (compatible; SemrushBot/7~bl; +http://www.semrush.com/bot.html)" "jsdsportsdevelopment.org"
185.191.171.34 - - [05/Oct/2022:01:16:35 -0700] "GET /wp-includes/blocks/comments-pagination/?C=M%3BO%3DA HTTP/1.1" 200 510 "-" "Mozilla/5.0 (compatible; SemrushBot/7~bl; +http://www.semrush.com/bot.html)" "jsdsportsdevelopment.org"
185.191.171.34 - - [05/Oct/2022:01:35:14 -0700] "GET /wp-includes/css/?C=D%3BO%3DA HTTP/1.1" 200 359 "-" "Mozilla/5.0 (compatible; SemrushBot/7~bl; +http://www.semrush.com/bot.html)" "jsdsportsdevelopment.org"
51.222.253.12 - - [05/Oct/2022:01:45:36 -0700] "GET /wp-includes/css/dist/?C=S;O=A HTTP/1.1" 200 365 "-" "Mozilla/5.0 (compatible; AhrefsBot/7.0; +http://ahrefs.com/robot/)" "jsdsportsdevelopment.org"
207.46.13.230 - - [05/Oct/2022:01:59:39 -0700] "GET /robots.txt HTTP/1.1" 404 88 "-" "Mozilla/5.0 (compatible; bingbot/2.0; +http://www.bing.com/bingbot.htm)" "jsdsportsdevelopment.org"
10.247.24.59 - - [05/Oct/2022:01:59:46 -0700] "POST /wp-cron.php?doing_wp_cron=1664960386.5650629997253417968750 HTTP/1.1" 500 1724 "https://jsdsportsdevelopment.org/wp-cron.php?doing_wp_cron=1664960386.5650629997253417968750" "WordPress/6.0.1; https://jsdsportsdevelopment.org" "jsdsportsdevelopment.org"
40.77.167.26 - - [05/Oct/2022:01:59:42 -0700] "GET /blog/?page_id=14 HTTP/1.1" 200 26917 "-" "Mozilla/5.0 (compatible; bingbot/2.0; +http://www.bing.com/bingbot.htm)" "jsdsportsdevelopment.org"
185.191.171.21 - - [05/Oct/2022:02:00:32 -0700] "GET /robots.txt HTTP/1.1" 404 88 "-" "Mozilla/5.0 (compatible; SemrushBot/7~bl; +http://www.semrush.com/bot.html)" "jsdsportsdevelopment.org"
185.191.171.20 - - [05/Oct/2022:02:00:32 -0700] "GET /wp-includes/blocks/comment-date/?C=D%3BO%3DA HTTP/1.1" 200 382 "-" "Mozilla/5.0 (compatible; SemrushBot/7~bl; +http://www.semrush.com/bot.html)" "jsdsportsdevelopment.org"
51.222.253.5 - - [05/Oct/2022:02:28:19 -0700] "GET /wp-includes/css/dist/edit-site/ HTTP/1.1" 200 422 "-" "Mozilla/5.0 (compatible; AhrefsBot/7.0; +http://ahrefs.com/robot/)" "jsdsportsdevelopment.org"
185.191.171.26 - - [05/Oct/2022:02:28:58 -0700] "GET /wp-includes/js/?C=S%3BO%3DA HTTP/1.1" 200 359 "-" "Mozilla/5.0 (compatible; SemrushBot/7~bl; +http://www.semrush.com/bot.html)" "jsdsportsdevelopment.org"
185.191.171.36 - - [05/Oct/2022:02:37:35 -0700] "GET /wp-includes/blocks/read-more/?C=D%3BO%3DA HTTP/1.1" 200 452 "-" "Mozilla/5.0 (compatible; SemrushBot/7~bl; +http://www.semrush.com/bot.html)" "jsdsportsdevelopment.org"
5.189.177.69 - - [05/Oct/2022:02:38:07 -0700] "HEAD /wordpress HTTP/1.1" 404 - "http://jsdsportsdevelopment.org/wordpress" "Mozilla/5.0 (Windows NT 10.0; Win64; x64) AppleWebKit/537.36 (KHTML, like Gecko) Chrome/74.0.3729.169 Safari/537.36" "jsdsportsdevelopment.org"
5.189.177.69 - - [05/Oct/2022:02:38:08 -0700] "HEAD / HTTP/1.1" 200 - "http://jsdsportsdevelopment.org/" "Mozilla/5.0 (Windows NT 10.0; Win64; x64) AppleWebKit/537.36 (KHTML, like Gecko) Chrome/74.0.3729.169 Safari/537.36" "jsdsportsdevelopment.org"
5.189.177.69 - - [05/Oct/2022:02:38:08 -0700] "HEAD /wp HTTP/1.1" 404 - "http://jsdsportsdevelopment.org/wp" "Mozilla/5.0 (Windows NT 10.0; Win64; x64) AppleWebKit/537.36 (KHTML, like Gecko) Chrome/74.0.3729.169 Safari/537.36" "jsdsportsdevelopment.org"
5.189.177.69 - - [05/Oct/2022:02:38:09 -0700] "HEAD /bc HTTP/1.1" 404 - "http://jsdsportsdevelopment.org/bc" "Mozilla/5.0 (Windows NT 10.0; Win64; x64) AppleWebKit/537.36 (KHTML, like Gecko) Chrome/74.0.3729.169 Safari/537.36" "jsdsportsdevelopment.org"
5.189.177.69 - - [05/Oct/2022:02:38:10 -0700] "HEAD /bk HTTP/1.1" 404 - "http://jsdsportsdevelopment.org/bk" "Mozilla/5.0 (Windows NT 10.0; Win64; x64) AppleWebKit/537.36 (KHTML, like Gecko) Chrome/74.0.3729.169 Safari/537.36" "jsdsportsdevelopment.org"
5.189.177.69 - - [05/Oct/2022:02:38:10 -0700] "HEAD /backup HTTP/1.1" 404 - "http://jsdsportsdevelopment.org/backup" "Mozilla/5.0 (Windows NT 10.0; Win64; x64) AppleWebKit/537.36 (KHTML, like Gecko) Chrome/74.0.3729.169 Safari/537.36" "jsdsportsdevelopment.org"
5.189.177.69 - - [05/Oct/2022:02:38:11 -0700] "HEAD /old HTTP/1.1" 404 - "http://jsdsportsdevelopment.org/old" "Mozilla/5.0 (Windows NT 10.0; Win64; x64) AppleWebKit/537.36 (KHTML, like Gecko) Chrome/74.0.3729.169 Safari/537.36" "jsdsportsdevelopment.org"
5.189.177.69 - - [05/Oct/2022:02:38:11 -0700] "HEAD /new HTTP/1.1" 404 - "http://jsdsportsdevelopment.org/new" "Mozilla/5.0 (Windows NT 10.0; Win64; x64) AppleWebKit/537.36 (KHTML, like Gecko) Chrome/74.0.3729.169 Safari/537.36" "jsdsportsdevelopment.org"
5.189.177.69 - - [05/Oct/2022:02:38:12 -0700] "HEAD /main HTTP/1.1" 404 - "http://jsdsportsdevelopment.org/main" "Mozilla/5.0 (Windows NT 10.0; Win64; x64) AppleWebKit/537.36 (KHTML, like Gecko) Chrome/74.0.3729.169 Safari/537.36" "jsdsportsdevelopment.org"
5.189.177.69 - - [05/Oct/2022:02:38:13 -0700] "HEAD /home HTTP/1.1" 404 - "http://jsdsportsdevelopment.org/home" "Mozilla/5.0 (Windows NT 10.0; Win64; x64) AppleWebKit/537.36 (KHTML, like Gecko) Chrome/74.0.3729.169 Safari/537.36" "jsdsportsdevelopment.org"
185.191.171.33 - - [05/Oct/2022:03:01:15 -0700] "GET /robots.txt HTTP/1.1" 404 88 "-" "Mozilla/5.0 (compatible; SemrushBot/7~bl; +http://www.semrush.com/bot.html)" "jsdsportsdevelopment.org"
185.191.171.42 - - [05/Oct/2022:03:01:15 -0700] "GET /wp-includes/blocks/comment-edit-link/?C=S%3BO%3DA HTTP/1.1" 200 385 "-" "Mozilla/5.0 (compatible; SemrushBot/7~bl; +http://www.semrush.com/bot.html)" "jsdsportsdevelopment.org"
51.222.253.11 - - [05/Oct/2022:03:07:23 -0700] "GET /wp-content/themes/?C=N;O=D HTTP/1.1" 200 362 "-" "Mozilla/5.0 (compatible; AhrefsBot/7.0; +http://ahrefs.com/robot/)" "jsdsportsdevelopment.org"
66.249.66.38 - - [05/Oct/2022:03:15:33 -0700] "GET /robots.txt HTTP/1.1" 404 88 "-" "Mozilla/5.0 (compatible; Googlebot/2.1; +http://www.google.com/bot.html)" "jsdsportsdevelopment.org"
66.249.66.41 - - [05/Oct/2022:03:15:33 -0700] "GET /favicon.ico HTTP/1.1" 404 88 "-" "Googlebot-Image/1.0" "jsdsportsdevelopment.org"
194.38.20.161 - - [05/Oct/2022:03:32:36 -0700] "GET /wp-content/themes/theagency/includes/uploadify/uploadify.css HTTP/1.1" 404 73 "-" "ALittle Client" "jsdsportsdevelopment.org"
185.191.171.39 - - [05/Oct/2022:03:36:47 -0700] "GET /wp-content/?C=N%3BO%3DD HTTP/1.1" 200 354 "-" "Mozilla/5.0 (compatible; SemrushBot/7~bl; +http://www.semrush.com/bot.html)" "jsdsportsdevelopment.org"
185.191.171.34 - - [05/Oct/2022:03:46:56 -0700] "GET /wp-includes/js/dist/?C=N%3BO%3DD HTTP/1.1" 200 368 "-" "Mozilla/5.0 (compatible; SemrushBot/7~bl; +http://www.semrush.com/bot.html)" "jsdsportsdevelopment.org"
54.36.148.40 - - [05/Oct/2022:03:47:37 -0700] "GET /robots.txt HTTP/1.1" 404 88 "-" "Mozilla/5.0 (compatible; AhrefsBot/7.0; +http://ahrefs.com/robot/)" "jsdsportsdevelopment.org"
51.222.253.6 - - [05/Oct/2022:03:47:37 -0700] "GET /wp-includes/js/dist/?C=M;O=A HTTP/1.1" 200 368 "-" "Mozilla/5.0 (compatible; AhrefsBot/7.0; +http://ahrefs.com/robot/)" "jsdsportsdevelopment.org"
185.191.171.8 - - [05/Oct/2022:03:59:30 -0700] "GET /wp-includes/blocks/comments-title/?C=N%3BO%3DD HTTP/1.1" 200 454 "-" "Mozilla/5.0 (compatible; SemrushBot/7~bl; +http://www.semrush.com/bot.html)" "jsdsportsdevelopment.org"
185.191.171.38 - - [05/Oct/2022:04:00:52 -0700] "GET /wp-includes/blocks/navigation/?C=N%3BO%3DD HTTP/1.1" 200 561 "-" "Mozilla/5.0 (compatible; SemrushBot/7~bl; +http://www.semrush.com/bot.html)" "jsdsportsdevelopment.org"
185.191.171.15 - - [05/Oct/2022:04:07:04 -0700] "GET /robots.txt HTTP/1.1" 404 88 "-" "Mozilla/5.0 (compatible; SemrushBot/7~bl; +http://www.semrush.com/bot.html)" "jsdsportsdevelopment.org"
185.191.171.40 - - [05/Oct/2022:04:07:04 -0700] "GET /wp-includes/blocks/read-more/?C=M%3BO%3DA HTTP/1.1" 200 452 "-" "Mozilla/5.0 (compatible; SemrushBot/7~bl; +http://www.semrush.com/bot.html)" "jsdsportsdevelopment.org"
114.119.140.87 - - [05/Oct/2022:04:12:26 -0700] "GET /wp-includes/blocks/navigation-submenu/block.json HTTP/1.1" 200 468 "https://jsdsportsdevelopment.org/wp-includes/blocks/navigation-submenu/?C=M%3BO%3DA" "Mozilla/5.0 (Linux; Android 7.0;) AppleWebKit/537.36 (KHTML, like Gecko) Mobile Safari/537.36 (compatible; PetalBot;+https://webmaster.petalsearch.com/site/petalbot)" "jsdsportsdevelopment.org"
5.9.55.228 - - [05/Oct/2022:04:17:30 -0700] "GET /robots.txt HTTP/1.1" 404 88 "-" "serpstatbot/2.1 (advanced backlink tracking bot; https://serpstatbot.com/; abuse@serpstatbot.com)" "jsdsportsdevelopment.org"
114.119.140.87 - - [05/Oct/2022:04:29:42 -0700] "GET /wp-includes/css/?C=N%3BO%3DD HTTP/1.1" 200 359 "https://jsdsportsdevelopment.org/wp-includes/css/" "Mozilla/5.0 (Linux; Android 7.0;) AppleWebKit/537.36 (KHTML, like Gecko) Mobile Safari/537.36 (compatible; PetalBot;+https://webmaster.petalsearch.com/site/petalbot)" "jsdsportsdevelopment.org"
51.222.253.9 - - [05/Oct/2022:04:35:20 -0700] "GET /wp-includes/js/dist/?C=D;O=A HTTP/1.1" 200 368 "-" "Mozilla/5.0 (compatible; AhrefsBot/7.0; +http://ahrefs.com/robot/)" "jsdsportsdevelopment.org"
114.119.140.99 - - [05/Oct/2022:04:35:41 -0700] "GET /wp-includes/blocks/avatar/style.css HTTP/1.1" 200 781 "https://jsdsportsdevelopment.org/wp-includes/blocks/avatar/?C=S%3BO%3DA" "Mozilla/5.0 (Linux; Android 7.0;) AppleWebKit/537.36 (KHTML, like Gecko) Mobile Safari/537.36 (compatible; PetalBot;+https://webmaster.petalsearch.com/site/petalbot)" "jsdsportsdevelopment.org"
185.191.171.40 - - [05/Oct/2022:04:38:15 -0700] "GET /wp-includes/blocks/comments-query-loop/?C=D%3BO%3DA HTTP/1.1" 200 459 "-" "Mozilla/5.0 (compatible; SemrushBot/7~bl; +http://www.semrush.com/bot.html)" "jsdsportsdevelopment.org"
185.191.171.2 - - [05/Oct/2022:04:40:02 -0700] "GET /wp-includes/blocks/comments-pagination-numbers/?C=M%3BO%3DA HTTP/1.1" 200 466 "-" "Mozilla/5.0 (compatible; SemrushBot/7~bl; +http://www.semrush.com/bot.html)" "jsdsportsdevelopment.org"
185.191.171.45 - - [05/Oct/2022:04:42:45 -0700] "GET /wp-includes/js/dist/development/?C=N%3BO%3DD HTTP/1.1" 200 437 "-" "Mozilla/5.0 (compatible; SemrushBot/7~bl; +http://www.semrush.com/bot.html)" "jsdsportsdevelopment.org"
10.247.24.58 - - [05/Oct/2022:04:50:40 -0700] "POST /wp-cron.php?doing_wp_cron=1664970640.6096549034118652343750 HTTP/1.1" 404 88 "https://jsdsportsdevelopment.org/wp-cron.php?doing_wp_cron=1664970640.6096549034118652343750" "WordPress/6.0.1; https://jsdsportsdevelopment.org" "jsdsportsdevelopment.org"
5.9.55.228 - - [05/Oct/2022:04:50:36 -0700] "GET /blog/wp-login.php?reauth=1&redirect_to=http%3A%2F%2Fjsdsportsdevelopment.org%2Fblog%2Fwp-admin%2F HTTP/1.1" 200 6690 "-" "serpstatbot/2.1 (advanced backlink tracking bot; https://serpstatbot.com/; abuse@serpstatbot.com)" "jsdsportsdevelopment.org"
5.9.55.228 - - [05/Oct/2022:04:51:11 -0700] "GET /blog/wp-login.php?action=lostpassword HTTP/1.1" 200 3420 "-" "serpstatbot/2.1 (advanced backlink tracking bot; https://serpstatbot.com/; abuse@serpstatbot.com)" "jsdsportsdevelopment.org"
10.247.24.58 - - [05/Oct/2022:04:51:48 -0700] "POST /wp-cron.php?doing_wp_cron=1664970708.2430050373077392578125 HTTP/1.1" 404 88 "https://jsdsportsdevelopment.org/wp-cron.php?doing_wp_cron=1664970708.2430050373077392578125" "WordPress/6.0.1; https://jsdsportsdevelopment.org" "jsdsportsdevelopment.org"
5.9.55.228 - - [05/Oct/2022:04:51:45 -0700] "GET /blog/wp-login.php HTTP/1.1" 200 6686 "-" "serpstatbot/2.1 (advanced backlink tracking bot; https://serpstatbot.com/; abuse@serpstatbot.com)" "jsdsportsdevelopment.org"
5.9.55.228 - - [05/Oct/2022:04:52:17 -0700] "GET /blog/index.php/sports/volleyball/ HTTP/1.1" 200 28684 "-" "serpstatbot/2.1 (advanced backlink tracking bot; https://serpstatbot.com/; abuse@serpstatbot.com)" "jsdsportsdevelopment.org"
185.191.171.15 - - [05/Oct/2022:04:52:23 -0700] "GET /wp-includes/blocks/comments-query-loop/?C=M%3BO%3DA HTTP/1.1" 200 459 "-" "Mozilla/5.0 (compatible; SemrushBot/7~bl; +http://www.semrush.com/bot.html)" "jsdsportsdevelopment.org"
10.247.24.58 - - [05/Oct/2022:04:52:48 -0700] "POST /wp-cron.php?doing_wp_cron=1664970768.6677649021148681640625 HTTP/1.1" 404 88 "https://jsdsportsdevelopment.org/wp-cron.php?doing_wp_cron=1664970768.6677649021148681640625" "WordPress/6.0.1; https://jsdsportsdevelopment.org" "jsdsportsdevelopment.org"
5.9.55.228 - - [05/Oct/2022:04:52:46 -0700] "GET /blog/index.php/sports/track/ HTTP/1.1" 200 28684 "-" "serpstatbot/2.1 (advanced backlink tracking bot; https://serpstatbot.com/; abuse@serpstatbot.com)" "jsdsportsdevelopment.org"
5.9.55.228 - - [05/Oct/2022:04:53:17 -0700] "GET /blog/index.php/sports/soccer/ HTTP/1.1" 200 28684 "-" "serpstatbot/2.1 (advanced backlink tracking bot; https://serpstatbot.com/; abuse@serpstatbot.com)" "jsdsportsdevelopment.org"
5.9.55.228 - - [05/Oct/2022:04:53:44 -0700] "GET /blog/index.php/sports/football/ HTTP/1.1" 200 28684 "-" "serpstatbot/2.1 (advanced backlink tracking bot; https://serpstatbot.com/; abuse@serpstatbot.com)" "jsdsportsdevelopment.org"
10.247.24.58 - - [05/Oct/2022:04:54:17 -0700] "POST /wp-cron.php?doing_wp_cron=1664970857.2241199016571044921875 HTTP/1.1" 404 88 "https://jsdsportsdevelopment.org/wp-cron.php?doing_wp_cron=1664970857.2241199016571044921875" "WordPress/6.0.1; https://jsdsportsdevelopment.org" "jsdsportsdevelopment.org"
5.9.55.228 - - [05/Oct/2022:04:54:15 -0700] "GET /blog/index.php/sports/basketball/ HTTP/1.1" 200 28684 "-" "serpstatbot/2.1 (advanced backlink tracking bot; https://serpstatbot.com/; abuse@serpstatbot.com)" "jsdsportsdevelopment.org"
5.9.55.228 - - [05/Oct/2022:04:54:43 -0700] "GET /blog/index.php/sports/ HTTP/1.1" 200 28684 "-" "serpstatbot/2.1 (advanced backlink tracking bot; https://serpstatbot.com/; abuse@serpstatbot.com)" "jsdsportsdevelopment.org"
10.247.24.60 - - [05/Oct/2022:04:55:17 -0700] "POST /wp-cron.php?doing_wp_cron=1664970917.3194990158081054687500 HTTP/1.1" 404 88 "https://jsdsportsdevelopment.org/wp-cron.php?doing_wp_cron=1664970917.3194990158081054687500" "WordPress/6.0.1; https://jsdsportsdevelopment.org" "jsdsportsdevelopment.org"
5.9.55.228 - - [05/Oct/2022:04:55:14 -0700] "GET /blog/index.php/partners/ HTTP/1.1" 200 28684 "-" "serpstatbot/2.1 (advanced backlink tracking bot; https://serpstatbot.com/; abuse@serpstatbot.com)" "jsdsportsdevelopment.org"
5.9.55.228 - - [05/Oct/2022:04:55:44 -0700] "GET /blog/index.php/our-team/ HTTP/1.1" 200 28684 "-" "serpstatbot/2.1 (advanced backlink tracking bot; https://serpstatbot.com/; abuse@serpstatbot.com)" "jsdsportsdevelopment.org"
5.9.55.228 - - [05/Oct/2022:04:56:13 -0700] "GET /blog/index.php/ministry/ HTTP/1.1" 200 28684 "-" "serpstatbot/2.1 (advanced backlink tracking bot; https://serpstatbot.com/; abuse@serpstatbot.com)" "jsdsportsdevelopment.org"
10.247.24.59 - - [05/Oct/2022:04:56:43 -0700] "POST /wp-cron.php?doing_wp_cron=1664971003.5562720298767089843750 HTTP/1.1" 404 88 "https://jsdsportsdevelopment.org/wp-cron.php?doing_wp_cron=1664971003.5562720298767089843750" "WordPress/6.0.1; https://jsdsportsdevelopment.org" "jsdsportsdevelopment.org"
5.9.55.228 - - [05/Oct/2022:04:56:41 -0700] "GET /blog/index.php/mentoring/partners-of-jsd/ HTTP/1.1" 200 28684 "-" "serpstatbot/2.1 (advanced backlink tracking bot; https://serpstatbot.com/; abuse@serpstatbot.com)" "jsdsportsdevelopment.org"
5.9.55.228 - - [05/Oct/2022:04:57:07 -0700] "GET /blog/index.php/mentoring/ HTTP/1.1" 200 28684 "-" "serpstatbot/2.1 (advanced backlink tracking bot; https://serpstatbot.com/; abuse@serpstatbot.com)" "jsdsportsdevelopment.org"
5.9.55.228 - - [05/Oct/2022:04:57:33 -0700] "GET /blog/index.php/2018/11/08/thanksgiving-scholarship-fund/ HTTP/1.1" 200 28684 "-" "serpstatbot/2.1 (advanced backlink tracking bot; https://serpstatbot.com/; abuse@serpstatbot.com)" "jsdsportsdevelopment.org"
10.247.24.58 - - [05/Oct/2022:04:58:03 -0700] "POST /wp-cron.php?doing_wp_cron=1664971083.2889831066131591796875 HTTP/1.1" 404 88 "https://jsdsportsdevelopment.org/wp-cron.php?doing_wp_cron=1664971083.2889831066131591796875" "WordPress/6.0.1; https://jsdsportsdevelopment.org" "jsdsportsdevelopment.org"
5.9.55.228 - - [05/Oct/2022:04:58:00 -0700] "GET /blog/index.php/2017/03/28/hello-world/ HTTP/1.1" 200 28684 "-" "serpstatbot/2.1 (advanced backlink tracking bot; https://serpstatbot.com/; abuse@serpstatbot.com)" "jsdsportsdevelopment.org"
5.9.55.228 - - [05/Oct/2022:04:58:27 -0700] "GET /blog/index.php/donate/ HTTP/1.1" 200 28684 "-" "serpstatbot/2.1 (advanced backlink tracking bot; https://serpstatbot.com/; abuse@serpstatbot.com)" "jsdsportsdevelopment.org"
5.9.55.228 - - [05/Oct/2022:04:58:53 -0700] "GET /blog/index.php/after-school/ HTTP/1.1" 200 28684 "-" "serpstatbot/2.1 (advanced backlink tracking bot; https://serpstatbot.com/; abuse@serpstatbot.com)" "jsdsportsdevelopment.org"
10.247.24.60 - - [05/Oct/2022:04:59:21 -0700] "POST /wp-cron.php?doing_wp_cron=1664971161.0361371040344238281250 HTTP/1.1" 404 88 "https://jsdsportsdevelopment.org/wp-cron.php?doing_wp_cron=1664971161.0361371040344238281250" "WordPress/6.0.1; https://jsdsportsdevelopment.org" "jsdsportsdevelopment.org"
5.9.55.228 - - [05/Oct/2022:04:59:19 -0700] "GET /blog/index.php/2018/11/08/thanksgiving-scholarship-fund/ HTTP/1.1" 200 28684 "-" "serpstatbot/2.1 (advanced backlink tracking bot; https://serpstatbot.com/; abuse@serpstatbot.com)" "jsdsportsdevelopment.org"
5.9.55.228 - - [05/Oct/2022:04:59:45 -0700] "GET /blog/index.php/2017/03/28/sample-page/ HTTP/1.1" 200 28684 "-" "serpstatbot/2.1 (advanced backlink tracking bot; https://serpstatbot.com/; abuse@serpstatbot.com)" "jsdsportsdevelopment.org"
5.9.55.228 - - [05/Oct/2022:05:00:13 -0700] "GET /blog/index.php/2017/03/28/hello-world/ HTTP/1.1" 200 28684 "-" "serpstatbot/2.1 (advanced backlink tracking bot; https://serpstatbot.com/; abuse@serpstatbot.com)" "jsdsportsdevelopment.org"
10.247.24.59 - - [05/Oct/2022:05:00:42 -0700] "POST /wp-cron.php?doing_wp_cron=1664971242.6786210536956787109375 HTTP/1.1" 404 88 "https://jsdsportsdevelopment.org/wp-cron.php?doing_wp_cron=1664971242.6786210536956787109375" "WordPress/6.0.1; https://jsdsportsdevelopment.org" "jsdsportsdevelopment.org"
5.9.55.228 - - [05/Oct/2022:05:00:40 -0700] "GET /blog/ HTTP/1.1" 200 28684 "-" "serpstatbot/2.1 (advanced backlink tracking bot; https://serpstatbot.com/; abuse@serpstatbot.com)" "jsdsportsdevelopment.org"
5.9.55.228 - - [05/Oct/2022:05:01:06 -0700] "GET / HTTP/1.1" 200 428 "-" "serpstatbot/2.1 (advanced backlink tracking bot; https://serpstatbot.com/; abuse@serpstatbot.com)" "jsdsportsdevelopment.org"
114.119.141.100 - - [05/Oct/2022:05:20:03 -0700] "GET /wp-includes/css/dist/edit-site/style-rtl.css HTTP/1.1" 200 9691 "https://jsdsportsdevelopment.org/wp-includes/css/dist/edit-site/?C=D%3BO%3DA" "Mozilla/5.0 (Linux; Android 7.0;) AppleWebKit/537.36 (KHTML, like Gecko) Mobile Safari/537.36 (compatible; PetalBot;+https://webmaster.petalsearch.com/site/petalbot)" "jsdsportsdevelopment.org"
51.222.253.20 - - [05/Oct/2022:05:21:20 -0700] "GET /wp-includes/js/dist/?C=S;O=A HTTP/1.1" 200 368 "-" "Mozilla/5.0 (compatible; AhrefsBot/7.0; +http://ahrefs.com/robot/)" "jsdsportsdevelopment.org"
5.9.55.228 - - [05/Oct/2022:05:23:29 -0700] "GET /wp-login.php?action=lostpassword HTTP/1.1" 404 88 "-" "serpstatbot/2.1 (advanced backlink tracking bot; https://serpstatbot.com/; abuse@serpstatbot.com)" "jsdsportsdevelopment.org"
114.119.140.99 - - [05/Oct/2022:05:26:09 -0700] "GET /wp-includes/blocks/navigation-link/ HTTP/1.1" 200 503 "https://jsdsportsdevelopment.org/wp-includes/blocks/" "Mozilla/5.0 (Linux; Android 7.0;) AppleWebKit/537.36 (KHTML, like Gecko) Mobile Safari/537.36 (compatible; PetalBot;+https://webmaster.petalsearch.com/site/petalbot)" "jsdsportsdevelopment.org"
185.191.171.33 - - [05/Oct/2022:05:26:40 -0700] "GET /robots.txt HTTP/1.1" 404 88 "-" "Mozilla/5.0 (compatible; SemrushBot/7~bl; +http://www.semrush.com/bot.html)" "jsdsportsdevelopment.org"
185.191.171.10 - - [05/Oct/2022:05:26:41 -0700] "GET /wp-includes/css/?C=M%3BO%3DA HTTP/1.1" 200 359 "-" "Mozilla/5.0 (compatible; SemrushBot/7~bl; +http://www.semrush.com/bot.html)" "jsdsportsdevelopment.org"
114.119.141.100 - - [05/Oct/2022:05:35:12 -0700] "GET /wp-includes/blocks/post-comments-form/style.css HTTP/1.1" 200 1222 "https://jsdsportsdevelopment.org/wp-includes/blocks/post-comments-form/?C=S%3BO%3DA" "Mozilla/5.0 (Linux; Android 7.0;) AppleWebKit/537.36 (KHTML, like Gecko) Mobile Safari/537.36 (compatible; PetalBot;+https://webmaster.petalsearch.com/site/petalbot)" "jsdsportsdevelopment.org"
185.191.171.43 - - [05/Oct/2022:05:36:10 -0700] "GET /wp-includes/blocks/query-no-results/?C=D%3BO%3DA HTTP/1.1" 200 389 "-" "Mozilla/5.0 (compatible; SemrushBot/7~bl; +http://www.semrush.com/bot.html)" "jsdsportsdevelopment.org"
5.9.55.228 - - [05/Oct/2022:05:38:09 -0700] "GET /robots.txt HTTP/1.1" 404 88 "-" "serpstatbot/2.1 (advanced backlink tracking bot; https://serpstatbot.com/; abuse@serpstatbot.com)" "jsdsportsdevelopment.org"
5.9.55.228 - - [05/Oct/2022:05:38:09 -0700] "GET /?page_id=24 HTTP/1.1" 200 428 "-" "serpstatbot/2.1 (advanced backlink tracking bot; https://serpstatbot.com/; abuse@serpstatbot.com)" "jsdsportsdevelopment.org"
5.9.55.228 - - [05/Oct/2022:05:38:30 -0700] "GET /?page_id=22 HTTP/1.1" 200 428 "-" "serpstatbot/2.1 (advanced backlink tracking bot; https://serpstatbot.com/; abuse@serpstatbot.com)" "jsdsportsdevelopment.org"
5.9.55.228 - - [05/Oct/2022:05:38:47 -0700] "GET /?page_id=20 HTTP/1.1" 200 428 "-" "serpstatbot/2.1 (advanced backlink tracking bot; https://serpstatbot.com/; abuse@serpstatbot.com)" "jsdsportsdevelopment.org"
5.9.55.228 - - [05/Oct/2022:05:39:06 -0700] "GET /?page_id=16 HTTP/1.1" 200 428 "-" "serpstatbot/2.1 (advanced backlink tracking bot; https://serpstatbot.com/; abuse@serpstatbot.com)" "jsdsportsdevelopment.org"
5.9.55.228 - - [05/Oct/2022:05:39:23 -0700] "GET /?page_id=14 HTTP/1.1" 200 428 "-" "serpstatbot/2.1 (advanced backlink tracking bot; https://serpstatbot.com/; abuse@serpstatbot.com)" "jsdsportsdevelopment.org"
5.9.55.228 - - [05/Oct/2022:05:39:41 -0700] "GET /?page_id=109 HTTP/1.1" 200 428 "-" "serpstatbot/2.1 (advanced backlink tracking bot; https://serpstatbot.com/; abuse@serpstatbot.com)" "jsdsportsdevelopment.org"
5.9.55.228 - - [05/Oct/2022:05:40:05 -0700] "GET /?C=S&O=A HTTP/1.1" 200 421 "-" "serpstatbot/2.1 (advanced backlink tracking bot; https://serpstatbot.com/; abuse@serpstatbot.com)" "jsdsportsdevelopment.org"
5.9.55.228 - - [05/Oct/2022:05:40:30 -0700] "GET /?C=N&O=D HTTP/1.1" 200 426 "-" "serpstatbot/2.1 (advanced backlink tracking bot; https://serpstatbot.com/; abuse@serpstatbot.com)" "jsdsportsdevelopment.org"
5.9.55.228 - - [05/Oct/2022:05:40:55 -0700] "GET /?C=M&O=A HTTP/1.1" 200 422 "-" "serpstatbot/2.1 (advanced backlink tracking bot; https://serpstatbot.com/; abuse@serpstatbot.com)" "jsdsportsdevelopment.org"
5.9.55.228 - - [05/Oct/2022:05:41:17 -0700] "GET /?C=D&O=A HTTP/1.1" 200 428 "-" "serpstatbot/2.1 (advanced backlink tracking bot; https://serpstatbot.com/; abuse@serpstatbot.com)" "jsdsportsdevelopment.org"
5.9.55.228 - - [05/Oct/2022:05:41:40 -0700] "GET /wp-login.php HTTP/1.1" 404 88 "-" "serpstatbot/2.1 (advanced backlink tracking bot; https://serpstatbot.com/; abuse@serpstatbot.com)" "jsdsportsdevelopment.org"
5.9.55.228 - - [05/Oct/2022:05:42:10 -0700] "GET /wp-includes/ HTTP/1.1" 200 405 "-" "serpstatbot/2.1 (advanced backlink tracking bot; https://serpstatbot.com/; abuse@serpstatbot.com)" "jsdsportsdevelopment.org"
5.9.55.228 - - [05/Oct/2022:05:42:39 -0700] "GET /wp-content/ HTTP/1.1" 200 354 "-" "serpstatbot/2.1 (advanced backlink tracking bot; https://serpstatbot.com/; abuse@serpstatbot.com)" "jsdsportsdevelopment.org"
5.9.55.228 - - [05/Oct/2022:05:43:07 -0700] "GET /index.html.bakk HTTP/1.1" 200 867 "-" "serpstatbot/2.1 (advanced backlink tracking bot; https://serpstatbot.com/; abuse@serpstatbot.com)" "jsdsportsdevelopment.org"
5.9.55.228 - - [05/Oct/2022:05:43:34 -0700] "GET /index.html.bak HTTP/1.1" 200 867 "-" "serpstatbot/2.1 (advanced backlink tracking bot; https://serpstatbot.com/; abuse@serpstatbot.com)" "jsdsportsdevelopment.org"
114.119.141.100 - - [05/Oct/2022:05:46:53 -0700] "GET /wp-includes/blocks/comment-author-name/block.json HTTP/1.1" 200 466 "https://jsdsportsdevelopment.org/wp-includes/blocks/comment-author-name/?C=S%3BO%3DA" "Mozilla/5.0 (Linux; Android 7.0;) AppleWebKit/537.36 (KHTML, like Gecko) Mobile Safari/537.36 (compatible; PetalBot;+https://webmaster.petalsearch.com/site/petalbot)" "jsdsportsdevelopment.org"
185.191.171.17 - - [05/Oct/2022:05:48:39 -0700] "GET /wp-includes/blocks/comment-template/?C=D%3BO%3DA HTTP/1.1" 200 459 "-" "Mozilla/5.0 (compatible; SemrushBot/7~bl; +http://www.semrush.com/bot.html)" "jsdsportsdevelopment.org"
185.191.171.14 - - [05/Oct/2022:05:53:27 -0700] "GET /wp-includes/blocks/comments-pagination-previous/?C=N%3BO%3DD HTTP/1.1" 200 392 "-" "Mozilla/5.0 (compatible; SemrushBot/7~bl; +http://www.semrush.com/bot.html)" "jsdsportsdevelopment.org"
10.247.24.60 - - [05/Oct/2022:05:56:11 -0700] "POST /wp-cron.php?doing_wp_cron=1664974571.1659450531005859375000 HTTP/1.1" 404 88 "https://jsdsportsdevelopment.org/wp-cron.php?doing_wp_cron=1664974571.1659450531005859375000" "WordPress/6.0.1; https://jsdsportsdevelopment.org" "jsdsportsdevelopment.org"
185.191.171.22 - - [05/Oct/2022:05:56:08 -0700] "GET /blog/index.php/sports/football/ HTTP/1.1" 200 28684 "-" "Mozilla/5.0 (compatible; SemrushBot/7~bl; +http://www.semrush.com/bot.html)" "jsdsportsdevelopment.org"
185.191.171.10 - - [05/Oct/2022:05:59:10 -0700] "GET /wp-includes/blocks/post-author/?C=S%3BO%3DA HTTP/1.1" 200 456 "-" "Mozilla/5.0 (compatible; SemrushBot/7~bl; +http://www.semrush.com/bot.html)" "jsdsportsdevelopment.org"
114.119.140.99 - - [05/Oct/2022:06:09:46 -0700] "GET /wp-includes/blocks/comment-reply-link/?C=D%3BO%3DA HTTP/1.1" 200 386 "https://jsdsportsdevelopment.org/wp-includes/blocks/comment-reply-link/?C=S%3BO%3DA" "Mozilla/5.0 (Linux; Android 7.0;) AppleWebKit/537.36 (KHTML, like Gecko) Mobile Safari/537.36 (compatible; PetalBot;+https://webmaster.petalsearch.com/site/petalbot)" "jsdsportsdevelopment.org"
185.191.171.15 - - [05/Oct/2022:06:10:40 -0700] "GET /wp-includes/blocks/avatar/?C=N%3BO%3DD HTTP/1.1" 200 497 "-" "Mozilla/5.0 (compatible; SemrushBot/7~bl; +http://www.semrush.com/bot.html)" "jsdsportsdevelopment.org"
5.9.55.228 - - [05/Oct/2022:06:11:03 -0700] "GET /wp-login.php?action=lostpassword HTTP/1.1" 404 88 "-" "serpstatbot/2.1 (advanced backlink tracking bot; https://serpstatbot.com/; abuse@serpstatbot.com)" "jsdsportsdevelopment.org"
5.9.55.228 - - [05/Oct/2022:06:12:51 -0700] "GET /wp-content/?C=N&O=D HTTP/1.1" 200 352 "-" "serpstatbot/2.1 (advanced backlink tracking bot; https://serpstatbot.com/; abuse@serpstatbot.com)" "jsdsportsdevelopment.org"
5.9.55.228 - - [05/Oct/2022:06:13:28 -0700] "GET /wp-includes/js/ HTTP/1.1" 200 359 "-" "serpstatbot/2.1 (advanced backlink tracking bot; https://serpstatbot.com/; abuse@serpstatbot.com)" "jsdsportsdevelopment.org"
5.9.55.228 - - [05/Oct/2022:06:14:02 -0700] "GET /wp-includes/php-compat/ HTTP/1.1" 200 379 "-" "serpstatbot/2.1 (advanced backlink tracking bot; https://serpstatbot.com/; abuse@serpstatbot.com)" "jsdsportsdevelopment.org"
5.9.55.228 - - [05/Oct/2022:06:14:36 -0700] "GET /wp-content/?C=M&O=A HTTP/1.1" 200 354 "-" "serpstatbot/2.1 (advanced backlink tracking bot; https://serpstatbot.com/; abuse@serpstatbot.com)" "jsdsportsdevelopment.org"
5.9.55.228 - - [05/Oct/2022:06:15:07 -0700] "GET /?C=S&O=D HTTP/1.1" 200 421 "-" "serpstatbot/2.1 (advanced backlink tracking bot; https://serpstatbot.com/; abuse@serpstatbot.com)" "jsdsportsdevelopment.org"
5.9.55.228 - - [05/Oct/2022:06:15:39 -0700] "GET /wp-includes/css/ HTTP/1.1" 200 359 "-" "serpstatbot/2.1 (advanced backlink tracking bot; https://serpstatbot.com/; abuse@serpstatbot.com)" "jsdsportsdevelopment.org"
114.119.141.100 - - [05/Oct/2022:06:16:01 -0700] "GET /wp-includes/blocks/post-author-biography/ HTTP/1.1" 200 388 "https://jsdsportsdevelopment.org/wp-includes/blocks/" "Mozilla/5.0 (Linux; Android 7.0;) AppleWebKit/537.36 (KHTML, like Gecko) Mobile Safari/537.36 (compatible; PetalBot;+https://webmaster.petalsearch.com/site/petalbot)" "jsdsportsdevelopment.org"
5.9.55.228 - - [05/Oct/2022:06:16:12 -0700] "GET /wp-includes/blocks/ HTTP/1.1" 200 715 "-" "serpstatbot/2.1 (advanced backlink tracking bot; https://serpstatbot.com/; abuse@serpstatbot.com)" "jsdsportsdevelopment.org"
5.9.55.228 - - [05/Oct/2022:06:16:43 -0700] "GET /wp-includes/?C=S&O=A HTTP/1.1" 200 405 "-" "serpstatbot/2.1 (advanced backlink tracking bot; https://serpstatbot.com/; abuse@serpstatbot.com)" "jsdsportsdevelopment.org"
