180.253.225.245 - - [30/Sep/2022:17:06:51 -0700] "GET / HTTP/1.1" 200 428 "-" "Mozilla/5.0 (Windows NT 10.0; Win64; x64) AppleWebKit/537.36 (KHTML, like Gecko) Chrome/85.0.4183.121 Safari/537.36" "jsdsportsdevelopment.org"
10.247.24.59 - - [30/Sep/2022:17:07:29 -0700] "POST /wp-cron.php?doing_wp_cron=1664582849.7149279117584228515625 HTTP/1.1" 404 88 "https://jsdsportsdevelopment.org/wp-cron.php?doing_wp_cron=1664582849.7149279117584228515625" "WordPress/6.0.1; https://jsdsportsdevelopment.org" "jsdsportsdevelopment.org"
180.253.225.245 - - [30/Sep/2022:17:07:25 -0700] "GET /blog/ HTTP/1.1" 200 28684 "-" "Mozilla/5.0 (Windows NT 10.0; Win64; x64) AppleWebKit/537.36 (KHTML, like Gecko) Chrome/85.0.4183.121 Safari/537.36" "jsdsportsdevelopment.org"
180.253.225.245 - - [30/Sep/2022:17:07:35 -0700] "GET /?feed=comments-rss2 HTTP/1.1" 200 428 "-" "Mozilla/5.0 (Windows NT 10.0; Win64; x64) AppleWebKit/537.36 (KHTML, like Gecko) Chrome/85.0.4183.121 Safari/537.36" "jsdsportsdevelopment.org"
180.253.225.245 - - [30/Sep/2022:17:07:44 -0700] "GET /blog/index.php/mentoring/ HTTP/1.1" 200 28684 "-" "Mozilla/5.0 (Windows NT 10.0; Win64; x64) AppleWebKit/537.36 (KHTML, like Gecko) Chrome/85.0.4183.121 Safari/537.36" "jsdsportsdevelopment.org"
180.253.225.245 - - [30/Sep/2022:17:07:58 -0700] "GET /blog/index.php/ministry/ HTTP/1.1" 200 28684 "-" "Mozilla/5.0 (Windows NT 10.0; Win64; x64) AppleWebKit/537.36 (KHTML, like Gecko) Chrome/85.0.4183.121 Safari/537.36" "jsdsportsdevelopment.org"
194.38.20.161 - - [30/Sep/2022:17:16:11 -0700] "GET /wp-content/themes/lightspeed/framework/_scripts/valums_uploader/php.php HTTP/1.1" 404 73 "-" "ALittle Client" "jsdsportsdevelopment.org"
185.191.171.36 - - [30/Sep/2022:18:14:54 -0700] "GET /robots.txt HTTP/1.1" 404 88 "-" "Mozilla/5.0 (compatible; SemrushBot/7~bl; +http://www.semrush.com/bot.html)" "jsdsportsdevelopment.org"
10.247.24.59 - - [30/Sep/2022:18:14:58 -0700] "POST /wp-cron.php?doing_wp_cron=1664586898.8425619602203369140625 HTTP/1.1" 404 88 "https://jsdsportsdevelopment.org/wp-cron.php?doing_wp_cron=1664586898.8425619602203369140625" "WordPress/6.0.1; https://jsdsportsdevelopment.org" "jsdsportsdevelopment.org"
185.191.171.18 - - [30/Sep/2022:18:14:54 -0700] "GET /blog/ HTTP/1.1" 200 28684 "-" "Mozilla/5.0 (compatible; SemrushBot/7~bl; +http://www.semrush.com/bot.html)" "jsdsportsdevelopment.org"
185.191.171.36 - - [30/Sep/2022:18:20:48 -0700] "GET /wp-includes/blocks/term-description/block.json HTTP/1.1" 200 387 "-" "Mozilla/5.0 (compatible; SemrushBot/7~bl; +http://www.semrush.com/bot.html)" "jsdsportsdevelopment.org"
114.119.140.99 - - [30/Sep/2022:18:34:32 -0700] "GET /wp-includes/blocks/navigation-link/style-rtl.min.css HTTP/1.1" 200 115 "https://jsdsportsdevelopment.org/wp-includes/blocks/navigation-link/" "Mozilla/5.0 (Linux; Android 7.0;) AppleWebKit/537.36 (KHTML, like Gecko) Mobile Safari/537.36 (compatible; PetalBot;+https://webmaster.petalsearch.com/site/petalbot)" "jsdsportsdevelopment.org"
114.119.140.99 - - [30/Sep/2022:18:41:04 -0700] "GET /wp-includes/blocks/comments-pagination/style.min.css HTTP/1.1" 200 233 "https://jsdsportsdevelopment.org/wp-includes/blocks/comments-pagination/?C=D%3BO%3DA" "Mozilla/5.0 (Linux; Android 7.0;) AppleWebKit/537.36 (KHTML, like Gecko) Mobile Safari/537.36 (compatible; PetalBot;+https://webmaster.petalsearch.com/site/petalbot)" "jsdsportsdevelopment.org"
114.119.141.100 - - [30/Sep/2022:18:58:11 -0700] "GET /wp-includes/blocks/comments-pagination-next/?C=D%3BO%3DA HTTP/1.1" 200 389 "https://jsdsportsdevelopment.org/wp-includes/blocks/comments-pagination-next/?C=S%3BO%3DA" "Mozilla/5.0 (Linux; Android 7.0;) AppleWebKit/537.36 (KHTML, like Gecko) Mobile Safari/537.36 (compatible; PetalBot;+https://webmaster.petalsearch.com/site/petalbot)" "jsdsportsdevelopment.org"
114.119.140.99 - - [30/Sep/2022:19:03:43 -0700] "GET /wp-includes/blocks/comments-query-loop/?C=N%3BO%3DD HTTP/1.1" 200 459 "https://jsdsportsdevelopment.org/wp-includes/blocks/comments-query-loop/?C=M%3BO%3DA" "Mozilla/5.0 (Linux; Android 7.0;) AppleWebKit/537.36 (KHTML, like Gecko) Mobile Safari/537.36 (compatible; PetalBot;+https://webmaster.petalsearch.com/site/petalbot)" "jsdsportsdevelopment.org"
114.119.141.100 - - [30/Sep/2022:19:17:38 -0700] "GET /wp-includes/blocks/navigation/view.js HTTP/1.1" 200 3395 "https://jsdsportsdevelopment.org/wp-includes/blocks/navigation/?C=D%3BO%3DA" "Mozilla/5.0 (Linux; Android 7.0;) AppleWebKit/537.36 (KHTML, like Gecko) Mobile Safari/537.36 (compatible; PetalBot;+https://webmaster.petalsearch.com/site/petalbot)" "jsdsportsdevelopment.org"
114.119.140.99 - - [30/Sep/2022:19:23:27 -0700] "GET /wp-includes/blocks/comments-query-loop/?C=S%3BO%3DA HTTP/1.1" 200 459 "https://jsdsportsdevelopment.org/wp-includes/blocks/comments-query-loop/?C=M%3BO%3DA" "Mozilla/5.0 (Linux; Android 7.0;) AppleWebKit/537.36 (KHTML, like Gecko) Mobile Safari/537.36 (compatible; PetalBot;+https://webmaster.petalsearch.com/site/petalbot)" "jsdsportsdevelopment.org"
114.119.145.66 - - [30/Sep/2022:19:38:00 -0700] "GET /robots.txt HTTP/1.1" 404 88 "-" "Mozilla/5.0 (compatible;PetalBot;+https://webmaster.petalsearch.com/site/petalbot)" "jsdsportsdevelopment.org"
114.119.141.100 - - [30/Sep/2022:19:38:22 -0700] "GET /wp-includes/blocks/template-part/?C=D%3BO%3DA HTTP/1.1" 200 501 "https://jsdsportsdevelopment.org/wp-includes/blocks/template-part/?C=S%3BO%3DA" "Mozilla/5.0 (Linux; Android 7.0;) AppleWebKit/537.36 (KHTML, like Gecko) Mobile Safari/537.36 (compatible; PetalBot;+https://webmaster.petalsearch.com/site/petalbot)" "jsdsportsdevelopment.org"
114.119.140.87 - - [30/Sep/2022:19:44:01 -0700] "GET /?page_id=20 HTTP/1.1" 200 428 "https://jsdsportsdevelopment.org/blog/?page_id=22" "Mozilla/5.0 (Linux; Android 7.0;) AppleWebKit/537.36 (KHTML, like Gecko) Mobile Safari/537.36 (compatible; PetalBot;+https://webmaster.petalsearch.com/site/petalbot)" "jsdsportsdevelopment.org"
114.119.141.100 - - [30/Sep/2022:20:00:44 -0700] "GET /wp-includes/blocks/avatar/editor.css HTTP/1.1" 200 831 "https://jsdsportsdevelopment.org/wp-includes/blocks/avatar/" "Mozilla/5.0 (Linux; Android 7.0;) AppleWebKit/537.36 (KHTML, like Gecko) Mobile Safari/537.36 (compatible; PetalBot;+https://webmaster.petalsearch.com/site/petalbot)" "jsdsportsdevelopment.org"
114.119.141.100 - - [30/Sep/2022:20:10:13 -0700] "GET /wp-includes/blocks/avatar/block.json HTTP/1.1" 200 461 "https://jsdsportsdevelopment.org/wp-includes/blocks/avatar/" "Mozilla/5.0 (Linux; Android 7.0;) AppleWebKit/537.36 (KHTML, like Gecko) Mobile Safari/537.36 (compatible; PetalBot;+https://webmaster.petalsearch.com/site/petalbot)" "jsdsportsdevelopment.org"
114.119.141.100 - - [30/Sep/2022:20:15:33 -0700] "GET /wp-includes/blocks/comment-reply-link/?C=S%3BO%3DA HTTP/1.1" 200 386 "https://jsdsportsdevelopment.org/wp-includes/blocks/comment-reply-link/?C=D%3BO%3DA" "Mozilla/5.0 (Linux; Android 7.0;) AppleWebKit/537.36 (KHTML, like Gecko) Mobile Safari/537.36 (compatible; PetalBot;+https://webmaster.petalsearch.com/site/petalbot)" "jsdsportsdevelopment.org"
10.247.24.59 - - [30/Sep/2022:20:51:15 -0700] "POST /wp-cron.php?doing_wp_cron=1664596275.8875389099121093750000 HTTP/1.1" 404 88 "https://jsdsportsdevelopment.org/wp-cron.php?doing_wp_cron=1664596275.8875389099121093750000" "WordPress/6.0.1; https://jsdsportsdevelopment.org" "jsdsportsdevelopment.org"
114.119.140.87 - - [30/Sep/2022:20:51:12 -0700] "GET /blog/?page_id=20 HTTP/1.1" 200 26082 "http://jsdsportsdevelopment.org/blog/sports/" "Mozilla/5.0 (Linux; Android 7.0;) AppleWebKit/537.36 (KHTML, like Gecko) Mobile Safari/537.36 (compatible; PetalBot;+https://webmaster.petalsearch.com/site/petalbot)" "jsdsportsdevelopment.org"
10.247.24.60 - - [30/Sep/2022:21:02:55 -0700] "POST /wp-cron.php?doing_wp_cron=1664596975.6817600727081298828125 HTTP/1.1" 404 88 "https://jsdsportsdevelopment.org/wp-cron.php?doing_wp_cron=1664596975.6817600727081298828125" "WordPress/6.0.1; https://jsdsportsdevelopment.org" "jsdsportsdevelopment.org"
114.119.140.99 - - [30/Sep/2022:21:02:52 -0700] "GET /blog/index.php/partners/ HTTP/1.1" 200 28684 "http://jsdsportsdevelopment.org/blog/mentoring/" "Mozilla/5.0 (Linux; Android 7.0;) AppleWebKit/537.36 (KHTML, like Gecko) Mobile Safari/537.36 (compatible; PetalBot;+https://webmaster.petalsearch.com/site/petalbot)" "jsdsportsdevelopment.org"
114.119.140.87 - - [30/Sep/2022:21:16:02 -0700] "GET /wp-includes/blocks/comments-pagination/editor.css HTTP/1.1" 200 959 "https://jsdsportsdevelopment.org/wp-includes/blocks/comments-pagination/?C=D%3BO%3DA" "Mozilla/5.0 (Linux; Android 7.0;) AppleWebKit/537.36 (KHTML, like Gecko) Mobile Safari/537.36 (compatible; PetalBot;+https://webmaster.petalsearch.com/site/petalbot)" "jsdsportsdevelopment.org"
114.119.140.99 - - [30/Sep/2022:21:53:11 -0700] "GET /wp-includes/blocks/comments-pagination/?C=N%3BO%3DD HTTP/1.1" 200 510 "https://jsdsportsdevelopment.org/wp-includes/blocks/comments-pagination/?C=D%3BO%3DA" "Mozilla/5.0 (Linux; Android 7.0;) AppleWebKit/537.36 (KHTML, like Gecko) Mobile Safari/537.36 (compatible; PetalBot;+https://webmaster.petalsearch.com/site/petalbot)" "jsdsportsdevelopment.org"
114.119.140.99 - - [30/Sep/2022:22:06:14 -0700] "GET /wp-includes/blocks/template-part/ HTTP/1.1" 200 501 "https://jsdsportsdevelopment.org/wp-includes/blocks/?C=N%3BO%3DD" "Mozilla/5.0 (Linux; Android 7.0;) AppleWebKit/537.36 (KHTML, like Gecko) Mobile Safari/537.36 (compatible; PetalBot;+https://webmaster.petalsearch.com/site/petalbot)" "jsdsportsdevelopment.org"
54.36.148.172 - - [30/Sep/2022:22:23:20 -0700] "GET /robots.txt HTTP/1.1" 404 88 "-" "Mozilla/5.0 (compatible; AhrefsBot/7.0; +http://ahrefs.com/robot/)" "jsdsportsdevelopment.org"
114.119.134.206 - - [30/Sep/2022:22:31:05 -0700] "GET /robots.txt HTTP/1.1" 404 88 "-" "Mozilla/5.0 (compatible;PetalBot;+https://webmaster.petalsearch.com/site/petalbot)" "jsdsportsdevelopment.org"
20.234.184.81 - - [30/Sep/2022:23:53:18 -0700] "GET /_profiler/phpinfo HTTP/1.1" 404 88 "-" "Mozila/5.0" "jsdsportsdevelopment.org"
20.234.184.81 - - [30/Sep/2022:23:53:18 -0700] "GET / HTTP/1.1" 200 428 "-" "python-requests/2.28.1" "jsdsportsdevelopment.org"
20.234.184.81 - - [30/Sep/2022:23:53:19 -0700] "GET / HTTP/1.1" 200 428 "-" "python-requests/2.28.1" "jsdsportsdevelopment.org"
114.119.141.100 - - [01/Oct/2022:00:14:12 -0700] "GET /wp-includes/blocks/post-author/?C=S%3BO%3DA HTTP/1.1" 200 456 "https://jsdsportsdevelopment.org/wp-includes/blocks/post-author/?C=M%3BO%3DA" "Mozilla/5.0 (Linux; Android 7.0;) AppleWebKit/537.36 (KHTML, like Gecko) Mobile Safari/537.36 (compatible; PetalBot;+https://webmaster.petalsearch.com/site/petalbot)" "jsdsportsdevelopment.org"
185.191.171.42 - - [01/Oct/2022:02:30:22 -0700] "GET /robots.txt HTTP/1.1" 404 88 "-" "Mozilla/5.0 (compatible; SemrushBot/7~bl; +http://www.semrush.com/bot.html)" "jsdsportsdevelopment.org"
185.191.171.21 - - [01/Oct/2022:02:30:23 -0700] "GET /wp-includes/blocks/comment-edit-link/block.json HTTP/1.1" 200 487 "-" "Mozilla/5.0 (compatible; SemrushBot/7~bl; +http://www.semrush.com/bot.html)" "jsdsportsdevelopment.org"
194.38.20.161 - - [01/Oct/2022:03:01:51 -0700] "GET /wp-content/themes/magnitudo/framework/_scripts/valums_uploader/php.php HTTP/1.1" 404 73 "-" "ALittle Client" "jsdsportsdevelopment.org"
185.191.171.1 - - [01/Oct/2022:03:13:21 -0700] "GET /wp-includes/blocks/avatar/block.json HTTP/1.1" 200 461 "-" "Mozilla/5.0 (compatible; SemrushBot/7~bl; +http://www.semrush.com/bot.html)" "jsdsportsdevelopment.org"
66.249.66.44 - - [01/Oct/2022:03:47:25 -0700] "GET /robots.txt HTTP/1.1" 404 88 "-" "Mozilla/5.0 (compatible; Googlebot/2.1; +http://www.google.com/bot.html)" "jsdsportsdevelopment.org"
66.249.66.44 - - [01/Oct/2022:03:47:25 -0700] "GET /wp-content/uploads/2017/03/cropped-JSD-Logo-32x32.png HTTP/1.1" 404 88 "-" "Googlebot-Image/1.0" "jsdsportsdevelopment.org"
66.249.66.38 - - [01/Oct/2022:03:47:28 -0700] "GET /wp-content/uploads/2017/03/cropped-JSD-Logo-192x192.png HTTP/1.1" 404 88 "-" "Googlebot-Image/1.0" "jsdsportsdevelopment.org"
66.249.66.38 - - [01/Oct/2022:03:47:29 -0700] "GET /blog/wp-content/uploads/2017/03/JSD-Logo.png HTTP/1.1" 200 55414 "-" "Googlebot-Image/1.0" "jsdsportsdevelopment.org"
66.249.66.41 - - [01/Oct/2022:03:47:30 -0700] "GET /wp-content/uploads/2017/03/cropped-JSD-Logo-180x180.png HTTP/1.1" 404 88 "-" "Googlebot-Image/1.0" "jsdsportsdevelopment.org"
185.191.171.8 - - [01/Oct/2022:04:02:36 -0700] "GET /robots.txt HTTP/1.1" 404 88 "-" "Mozilla/5.0 (compatible; SemrushBot/7~bl; +http://www.semrush.com/bot.html)" "jsdsportsdevelopment.org"
185.191.171.2 - - [01/Oct/2022:04:02:37 -0700] "GET /wp-includes/js/dist/ HTTP/1.1" 200 368 "-" "Mozilla/5.0 (compatible; SemrushBot/7~bl; +http://www.semrush.com/bot.html)" "jsdsportsdevelopment.org"
41.216.188.218 - - [01/Oct/2022:04:12:21 -0700] "GET /wp-content/plugins/indeed-membership-pro/classes/PaymentGateways/mollie/vendor/phpunit/phpunit/phpunit.xsd HTTP/1.1" 404 88 "www.google.com" "Mozlila/5.0 (Linux; Android 7.0; SM-G892A Bulid/NRD90M; wv) AppleWebKit/537.36 (KHTML, like Gecko) Version/4.0 Chrome/60.0.3112.107 Moblie Safari/537.36" "jsdsportsdevelopment.org"
185.191.171.40 - - [01/Oct/2022:04:49:24 -0700] "GET /wp-includes/blocks/post-comments-form/block.json HTTP/1.1" 200 437 "-" "Mozilla/5.0 (compatible; SemrushBot/7~bl; +http://www.semrush.com/bot.html)" "jsdsportsdevelopment.org"
114.119.140.99 - - [01/Oct/2022:06:04:56 -0700] "GET /wp-includes/blocks/post-navigation-link/block.json HTTP/1.1" 200 413 "https://jsdsportsdevelopment.org/wp-includes/blocks/post-navigation-link/?C=M%3BO%3DA" "Mozilla/5.0 (Linux; Android 7.0;) AppleWebKit/537.36 (KHTML, like Gecko) Mobile Safari/537.36 (compatible; PetalBot;+https://webmaster.petalsearch.com/site/petalbot)" "jsdsportsdevelopment.org"
2.57.122.93 - - [01/Oct/2022:06:12:02 -0700] "GET /wp-content/wp-files-conficg.php HTTP/1.1" 404 88 "-" "Mozilla/5.0 (Windows; U; Windows NT 6.1; en-US; rv:1.9.1.5) Gecko/20091102 Firefox/3.5.5 (.NET CLR 3.5.30729)" "jsdsportsdevelopment.org"
2.57.122.93 - - [01/Oct/2022:06:12:03 -0700] "GET /wp-content/wp-file-conficg.php HTTP/1.1" 404 88 "-" "Mozilla/5.0 (Windows; U; Windows NT 6.1; en-US; rv:1.9.1.5) Gecko/20091102 Firefox/3.5.5 (.NET CLR 3.5.30729)" "jsdsportsdevelopment.org"
2.57.122.93 - - [01/Oct/2022:06:12:04 -0700] "GET /wp-content/wp-include-map.php HTTP/1.1" 404 88 "-" "Mozilla/5.0 (Windows; U; Windows NT 6.1; en-US; rv:1.9.1.5) Gecko/20091102 Firefox/3.5.5 (.NET CLR 3.5.30729)" "jsdsportsdevelopment.org"
2.57.122.93 - - [01/Oct/2022:06:12:04 -0700] "GET /wp-content/wordpress-index-keyword.php HTTP/1.1" 404 88 "-" "Mozilla/5.0 (Windows; U; Windows NT 6.1; en-US; rv:1.9.1.5) Gecko/20091102 Firefox/3.5.5 (.NET CLR 3.5.30729)" "jsdsportsdevelopment.org"
162.55.86.60 - - [01/Oct/2022:06:15:37 -0700] "GET /robots.txt HTTP/1.1" 404 88 "-" "Mozilla/5.0 (compatible; BLEXBot/1.0; +http://webmeup-crawler.com/)" "jsdsportsdevelopment.org"
162.55.86.60 - - [01/Oct/2022:06:15:41 -0700] "GET /robots.txt HTTP/1.1" 404 88 "-" "Mozilla/5.0 (compatible; BLEXBot/1.0; +http://webmeup-crawler.com/)" "jsdsportsdevelopment.org"
162.55.86.60 - - [01/Oct/2022:06:15:44 -0700] "GET /sitemap HTTP/1.1" 404 88 "-" "Mozilla/5.0 (compatible; BLEXBot/1.0; +http://webmeup-crawler.com/)" "jsdsportsdevelopment.org"
162.55.86.60 - - [01/Oct/2022:06:15:48 -0700] "GET /sitemap HTTP/1.1" 404 88 "-" "Mozilla/5.0 (compatible; BLEXBot/1.0; +http://webmeup-crawler.com/)" "jsdsportsdevelopment.org"
162.55.86.60 - - [01/Oct/2022:06:15:52 -0700] "GET /sitemap.txt HTTP/1.1" 404 88 "-" "Mozilla/5.0 (compatible; BLEXBot/1.0; +http://webmeup-crawler.com/)" "jsdsportsdevelopment.org"
162.55.86.60 - - [01/Oct/2022:06:15:57 -0700] "GET /sitemap.txt HTTP/1.1" 404 88 "-" "Mozilla/5.0 (compatible; BLEXBot/1.0; +http://webmeup-crawler.com/)" "jsdsportsdevelopment.org"
114.119.140.99 - - [01/Oct/2022:06:17:31 -0700] "GET /wp-includes/blocks/avatar/editor-rtl.css HTTP/1.1" 200 831 "https://jsdsportsdevelopment.org/wp-includes/blocks/avatar/" "Mozilla/5.0 (Linux; Android 7.0;) AppleWebKit/537.36 (KHTML, like Gecko) Mobile Safari/537.36 (compatible; PetalBot;+https://webmaster.petalsearch.com/site/petalbot)" "jsdsportsdevelopment.org"
185.191.171.4 - - [01/Oct/2022:06:28:45 -0700] "GET /robots.txt HTTP/1.1" 404 88 "-" "Mozilla/5.0 (compatible; SemrushBot/7~bl; +http://www.semrush.com/bot.html)" "jsdsportsdevelopment.org"
185.191.171.6 - - [01/Oct/2022:06:28:45 -0700] "GET /wp-includes/blocks/navigation-link/block.json HTTP/1.1" 200 500 "-" "Mozilla/5.0 (compatible; SemrushBot/7~bl; +http://www.semrush.com/bot.html)" "jsdsportsdevelopment.org"
114.119.141.100 - - [01/Oct/2022:06:41:03 -0700] "GET /wp-includes/js/dist/?C=D%3BO%3DA HTTP/1.1" 200 368 "https://jsdsportsdevelopment.org/wp-includes/js/dist/?C=N%3BO%3DD" "Mozilla/5.0 (Linux; Android 7.0;) AppleWebKit/537.36 (KHTML, like Gecko) Mobile Safari/537.36 (compatible; PetalBot;+https://webmaster.petalsearch.com/site/petalbot)" "jsdsportsdevelopment.org"
114.119.140.99 - - [01/Oct/2022:06:46:36 -0700] "GET /wp-includes/blocks/comments-title/editor-rtl.css HTTP/1.1" 200 788 "https://jsdsportsdevelopment.org/wp-includes/blocks/comments-title/" "Mozilla/5.0 (Linux; Android 7.0;) AppleWebKit/537.36 (KHTML, like Gecko) Mobile Safari/537.36 (compatible; PetalBot;+https://webmaster.petalsearch.com/site/petalbot)" "jsdsportsdevelopment.org"
114.119.141.100 - - [01/Oct/2022:06:55:10 -0700] "GET /wp-includes/blocks/navigation/view.min.asset.php HTTP/1.1" 200 - "https://jsdsportsdevelopment.org/wp-includes/blocks/navigation/?C=D%3BO%3DA" "Mozilla/5.0 (Linux; Android 7.0;) AppleWebKit/537.36 (KHTML, like Gecko) Mobile Safari/537.36 (compatible; PetalBot;+https://webmaster.petalsearch.com/site/petalbot)" "jsdsportsdevelopment.org"
10.247.24.58 - - [01/Oct/2022:07:08:26 -0700] "POST /wp-cron.php?doing_wp_cron=1664633306.0291039943695068359375 HTTP/1.1" 404 88 "https://jsdsportsdevelopment.org/wp-cron.php?doing_wp_cron=1664633306.0291039943695068359375" "WordPress/6.0.1; https://jsdsportsdevelopment.org" "jsdsportsdevelopment.org"
114.119.140.87 - - [01/Oct/2022:07:08:21 -0700] "GET /blog/?page_id=109 HTTP/1.1" 200 25499 "http://jsdsportsdevelopment.org/blog/sports/" "Mozilla/5.0 (Linux; Android 7.0;) AppleWebKit/537.36 (KHTML, like Gecko) Mobile Safari/537.36 (compatible; PetalBot;+https://webmaster.petalsearch.com/site/petalbot)" "jsdsportsdevelopment.org"
114.119.141.100 - - [01/Oct/2022:07:13:54 -0700] "GET /wp-includes/blocks/navigation-link/editor.css HTTP/1.1" 200 1565 "https://jsdsportsdevelopment.org/wp-includes/blocks/navigation-link/" "Mozilla/5.0 (Linux; Android 7.0;) AppleWebKit/537.36 (KHTML, like Gecko) Mobile Safari/537.36 (compatible; PetalBot;+https://webmaster.petalsearch.com/site/petalbot)" "jsdsportsdevelopment.org"
114.119.140.87 - - [01/Oct/2022:07:19:49 -0700] "GET /wp-includes/blocks/widget-group/?C=N%3BO%3DD HTTP/1.1" 200 382 "https://jsdsportsdevelopment.org/wp-includes/blocks/widget-group/?C=S%3BO%3DA" "Mozilla/5.0 (Linux; Android 7.0;) AppleWebKit/537.36 (KHTML, like Gecko) Mobile Safari/537.36 (compatible; PetalBot;+https://webmaster.petalsearch.com/site/petalbot)" "jsdsportsdevelopment.org"
114.119.141.100 - - [01/Oct/2022:07:25:25 -0700] "GET /wp-includes/blocks/comment-edit-link/?C=M%3BO%3DA HTTP/1.1" 200 385 "https://jsdsportsdevelopment.org/wp-includes/blocks/comment-edit-link/" "Mozilla/5.0 (Linux; Android 7.0;) AppleWebKit/537.36 (KHTML, like Gecko) Mobile Safari/537.36 (compatible; PetalBot;+https://webmaster.petalsearch.com/site/petalbot)" "jsdsportsdevelopment.org"
114.119.141.100 - - [01/Oct/2022:07:31:00 -0700] "GET /wp-includes/blocks/comment-author-name/?C=D%3BO%3DA HTTP/1.1" 200 385 "https://jsdsportsdevelopment.org/wp-includes/blocks/comment-author-name/" "Mozilla/5.0 (Linux; Android 7.0;) AppleWebKit/537.36 (KHTML, like Gecko) Mobile Safari/537.36 (compatible; PetalBot;+https://webmaster.petalsearch.com/site/petalbot)" "jsdsportsdevelopment.org"
114.119.140.99 - - [01/Oct/2022:07:36:36 -0700] "GET /wp-includes/blocks/post-navigation-link/?C=N%3BO%3DD HTTP/1.1" 200 387 "https://jsdsportsdevelopment.org/wp-includes/blocks/post-navigation-link/?C=M%3BO%3DA" "Mozilla/5.0 (Linux; Android 7.0;) AppleWebKit/537.36 (KHTML, like Gecko) Mobile Safari/537.36 (compatible; PetalBot;+https://webmaster.petalsearch.com/site/petalbot)" "jsdsportsdevelopment.org"
114.119.141.100 - - [01/Oct/2022:07:42:46 -0700] "GET /wp-includes/blocks/comments-pagination/editor.min.css HTTP/1.1" 200 209 "https://jsdsportsdevelopment.org/wp-includes/blocks/comments-pagination/?C=D%3BO%3DA" "Mozilla/5.0 (Linux; Android 7.0;) AppleWebKit/537.36 (KHTML, like Gecko) Mobile Safari/537.36 (compatible; PetalBot;+https://webmaster.petalsearch.com/site/petalbot)" "jsdsportsdevelopment.org"
185.191.171.16 - - [01/Oct/2022:08:51:45 -0700] "GET /robots.txt HTTP/1.1" 404 88 "-" "Mozilla/5.0 (compatible; SemrushBot/7~bl; +http://www.semrush.com/bot.html)" "jsdsportsdevelopment.org"
185.191.171.40 - - [01/Oct/2022:08:51:45 -0700] "GET /wp-includes/blocks/navigation/view.asset.php HTTP/1.1" 200 - "-" "Mozilla/5.0 (compatible; SemrushBot/7~bl; +http://www.semrush.com/bot.html)" "jsdsportsdevelopment.org"
88.214.43.118 - - [01/Oct/2022:09:23:11 -0700] "GET /phpinfi.php HTTP/1.1" 404 88 "-" "Mozilla/5.0 (X11; Linux x86_64) AppleWebKit/537.36 (KHTML, like Gecko) Chrome/81.0.4044.129 Safari/537.36" "jsdsportsdevelopment.org"
35.209.146.169 - - [01/Oct/2022:10:16:01 -0700] "HEAD / HTTP/1.1" 200 - "-" "scalaj-http/2.4.2" "jsdsportsdevelopment.org"
35.209.146.169 - - [01/Oct/2022:10:16:01 -0700] "GET / HTTP/1.1" 200 428 "-" "Buck/2.3.2; (+https://app.hypefactors.com/media-monitoring/about.html)" "jsdsportsdevelopment.org"
35.209.146.169 - - [01/Oct/2022:10:16:04 -0700] "GET /robots.txt HTTP/1.1" 404 88 "-" "Buck/2.3.2; (+https://app.hypefactors.com/media-monitoring/about.html)" "jsdsportsdevelopment.org"
35.209.146.169 - - [01/Oct/2022:10:16:04 -0700] "GET /sitemap.xml HTTP/1.1" 404 88 "-" "Buck/2.3.2; (+https://app.hypefactors.com/media-monitoring/about.html)" "jsdsportsdevelopment.org"
10.247.24.58 - - [01/Oct/2022:10:16:49 -0700] "POST /wp-cron.php?doing_wp_cron=1664644609.1066789627075195312500 HTTP/1.1" 404 88 "https://jsdsportsdevelopment.org/wp-cron.php?doing_wp_cron=1664644609.1066789627075195312500" "WordPress/6.0.1; https://jsdsportsdevelopment.org" "jsdsportsdevelopment.org"
35.209.146.169 - - [01/Oct/2022:10:16:45 -0700] "GET /blog/ HTTP/1.1" 200 28684 "-" "Buck/2.3.2; (+https://app.hypefactors.com/media-monitoring/about.html)" "jsdsportsdevelopment.org"
35.209.146.169 - - [01/Oct/2022:10:17:28 -0700] "GET /wp-content/ HTTP/1.1" 200 354 "-" "Buck/2.3.2; (+https://app.hypefactors.com/media-monitoring/about.html)" "jsdsportsdevelopment.org"
35.209.146.169 - - [01/Oct/2022:10:18:14 -0700] "GET /wp-includes/ HTTP/1.1" 200 405 "-" "Buck/2.3.2; (+https://app.hypefactors.com/media-monitoring/about.html)" "jsdsportsdevelopment.org"
35.209.146.169 - - [01/Oct/2022:10:18:39 -0700] "GET /index.html.bak HTTP/1.1" 200 867 "-" "Buck/2.3.2; (+https://app.hypefactors.com/media-monitoring/about.html)" "jsdsportsdevelopment.org"
185.191.171.8 - - [01/Oct/2022:10:26:52 -0700] "GET /robots.txt HTTP/1.1" 404 88 "-" "Mozilla/5.0 (compatible; SemrushBot/7~bl; +http://www.semrush.com/bot.html)" "jsdsportsdevelopment.org"
185.191.171.8 - - [01/Oct/2022:10:26:52 -0700] "GET /wp-includes/blocks/navigation/view.min.asset.php HTTP/1.1" 200 - "-" "Mozilla/5.0 (compatible; SemrushBot/7~bl; +http://www.semrush.com/bot.html)" "jsdsportsdevelopment.org"
51.222.253.6 - - [01/Oct/2022:10:32:13 -0700] "GET /robots.txt HTTP/1.1" 404 88 "-" "Mozilla/5.0 (compatible; AhrefsBot/7.0; +http://ahrefs.com/robot/)" "jsdsportsdevelopment.org"
193.235.141.171 - - [01/Oct/2022:11:32:31 -0700] "GET / HTTP/1.1" 200 428 "-" "Mozilla/5.0 (Windows NT 10.0; Win64; x64) AppleWebKit/537.36 (KHTML, like Gecko) Chrome/105.0.0.0 Safari/537.36" "jsdsportsdevelopment.org"
193.235.141.171 - - [01/Oct/2022:11:32:32 -0700] "GET /favicon.ico HTTP/1.1" 404 88 "-" "Mozilla/5.0 (Windows NT 10.0; Win64; x64) AppleWebKit/537.36 (KHTML, like Gecko) Chrome/105.0.0.0 Safari/537.36" "jsdsportsdevelopment.org"
41.216.188.218 - - [01/Oct/2022:11:34:24 -0700] "GET /wp-content/plugins/indeed-membership-pro/classes/PaymentGateways/mollie/vendor/phpunit/phpunit/phpunit.xsd HTTP/1.1" 404 88 "www.google.com" "Mozlila/5.0 (Linux; Android 7.0; SM-G892A Bulid/NRD90M; wv) AppleWebKit/537.36 (KHTML, like Gecko) Version/4.0 Chrome/60.0.3112.107 Moblie Safari/537.36" "jsdsportsdevelopment.org"
114.119.141.100 - - [01/Oct/2022:13:25:01 -0700] "GET /wp-includes/blocks/post-author-biography/block.json HTTP/1.1" 200 401 "https://jsdsportsdevelopment.org/wp-includes/blocks/post-author-biography/?C=D%3BO%3DA" "Mozilla/5.0 (Linux; Android 7.0;) AppleWebKit/537.36 (KHTML, like Gecko) Mobile Safari/537.36 (compatible; PetalBot;+https://webmaster.petalsearch.com/site/petalbot)" "jsdsportsdevelopment.org"
114.119.140.87 - - [01/Oct/2022:13:54:04 -0700] "GET /wp-includes/blocks/widget-group/block.json HTTP/1.1" 200 200 "https://jsdsportsdevelopment.org/wp-includes/blocks/widget-group/?C=S%3BO%3DA" "Mozilla/5.0 (Linux; Android 7.0;) AppleWebKit/537.36 (KHTML, like Gecko) Mobile Safari/537.36 (compatible; PetalBot;+https://webmaster.petalsearch.com/site/petalbot)" "jsdsportsdevelopment.org"
114.119.140.99 - - [01/Oct/2022:14:31:12 -0700] "GET /wp-includes/blocks/comment-date/?C=S%3BO%3DA HTTP/1.1" 200 382 "https://jsdsportsdevelopment.org/wp-includes/blocks/comment-date/?C=D%3BO%3DA" "Mozilla/5.0 (Linux; Android 7.0;) AppleWebKit/537.36 (KHTML, like Gecko) Mobile Safari/537.36 (compatible; PetalBot;+https://webmaster.petalsearch.com/site/petalbot)" "jsdsportsdevelopment.org"
114.119.140.99 - - [01/Oct/2022:14:36:54 -0700] "GET /wp-includes/blocks/navigation-submenu/editor.css HTTP/1.1" 200 1034 "https://jsdsportsdevelopment.org/wp-includes/blocks/navigation-submenu/?C=D%3BO%3DA" "Mozilla/5.0 (Linux; Android 7.0;) AppleWebKit/537.36 (KHTML, like Gecko) Mobile Safari/537.36 (compatible; PetalBot;+https://webmaster.petalsearch.com/site/petalbot)" "jsdsportsdevelopment.org"
185.191.171.18 - - [01/Oct/2022:14:38:04 -0700] "GET /robots.txt HTTP/1.1" 404 88 "-" "Mozilla/5.0 (compatible; SemrushBot/7~bl; +http://www.semrush.com/bot.html)" "jsdsportsdevelopment.org"
185.191.171.13 - - [01/Oct/2022:14:38:06 -0700] "GET /wp-includes/blocks/comment-template/ HTTP/1.1" 200 459 "-" "Mozilla/5.0 (compatible; SemrushBot/7~bl; +http://www.semrush.com/bot.html)" "jsdsportsdevelopment.org"
114.119.141.100 - - [01/Oct/2022:14:46:20 -0700] "GET /wp-includes/blocks/avatar/?C=N%3BO%3DD HTTP/1.1" 200 497 "https://jsdsportsdevelopment.org/wp-includes/blocks/avatar/" "Mozilla/5.0 (Linux; Android 7.0;) AppleWebKit/537.36 (KHTML, like Gecko) Mobile Safari/537.36 (compatible; PetalBot;+https://webmaster.petalsearch.com/site/petalbot)" "jsdsportsdevelopment.org"
185.191.171.16 - - [01/Oct/2022:14:52:15 -0700] "GET /wp-includes/blocks/comments-pagination-previous/ HTTP/1.1" 200 392 "-" "Mozilla/5.0 (compatible; SemrushBot/7~bl; +http://www.semrush.com/bot.html)" "jsdsportsdevelopment.org"
114.119.141.100 - - [01/Oct/2022:15:00:00 -0700] "GET /wp-includes/blocks/post-author-biography/?C=M%3BO%3DA HTTP/1.1" 200 388 "https://jsdsportsdevelopment.org/wp-includes/blocks/post-author-biography/?C=D%3BO%3DA" "Mozilla/5.0 (Linux; Android 7.0;) AppleWebKit/537.36 (KHTML, like Gecko) Mobile Safari/537.36 (compatible; PetalBot;+https://webmaster.petalsearch.com/site/petalbot)" "jsdsportsdevelopment.org"
114.119.140.87 - - [01/Oct/2022:15:14:38 -0700] "GET /index.html.bak HTTP/1.1" 200 867 "https://jsdsportsdevelopment.org/?C=S%3BO%3DA" "Mozilla/5.0 (Linux; Android 7.0;) AppleWebKit/537.36 (KHTML, like Gecko) Mobile Safari/537.36 (compatible; PetalBot;+https://webmaster.petalsearch.com/site/petalbot)" "jsdsportsdevelopment.org"
114.119.140.87 - - [01/Oct/2022:15:20:18 -0700] "GET /wp-includes/blocks/comments-pagination/?C=D%3BO%3DA HTTP/1.1" 200 510 "https://jsdsportsdevelopment.org/wp-includes/blocks/comments-pagination/" "Mozilla/5.0 (Linux; Android 7.0;) AppleWebKit/537.36 (KHTML, like Gecko) Mobile Safari/537.36 (compatible; PetalBot;+https://webmaster.petalsearch.com/site/petalbot)" "jsdsportsdevelopment.org"
114.119.140.87 - - [01/Oct/2022:15:26:05 -0700] "GET /wp-includes/blocks/avatar/?C=M%3BO%3DA HTTP/1.1" 200 497 "https://jsdsportsdevelopment.org/wp-includes/blocks/avatar/" "Mozilla/5.0 (Linux; Android 7.0;) AppleWebKit/537.36 (KHTML, like Gecko) Mobile Safari/537.36 (compatible; PetalBot;+https://webmaster.petalsearch.com/site/petalbot)" "jsdsportsdevelopment.org"
114.119.140.87 - - [01/Oct/2022:15:31:50 -0700] "GET /wp-includes/blocks/post-comments-form/editor-rtl.css HTTP/1.1" 200 807 "https://jsdsportsdevelopment.org/wp-includes/blocks/post-comments-form/?C=M%3BO%3DA" "Mozilla/5.0 (Linux; Android 7.0;) AppleWebKit/537.36 (KHTML, like Gecko) Mobile Safari/537.36 (compatible; PetalBot;+https://webmaster.petalsearch.com/site/petalbot)" "jsdsportsdevelopment.org"
114.119.140.87 - - [01/Oct/2022:15:37:28 -0700] "GET /wp-includes/blocks/comment-author-name/?C=M%3BO%3DA HTTP/1.1" 200 385 "https://jsdsportsdevelopment.org/wp-includes/blocks/comment-author-name/" "Mozilla/5.0 (Linux; Android 7.0;) AppleWebKit/537.36 (KHTML, like Gecko) Mobile Safari/537.36 (compatible; PetalBot;+https://webmaster.petalsearch.com/site/petalbot)" "jsdsportsdevelopment.org"
114.119.140.87 - - [01/Oct/2022:15:43:11 -0700] "GET /wp-includes/blocks/comments-pagination-numbers/ HTTP/1.1" 200 466 "https://jsdsportsdevelopment.org/wp-includes/blocks/?C=N%3BO%3DD" "Mozilla/5.0 (Linux; Android 7.0;) AppleWebKit/537.36 (KHTML, like Gecko) Mobile Safari/537.36 (compatible; PetalBot;+https://webmaster.petalsearch.com/site/petalbot)" "jsdsportsdevelopment.org"
10.247.24.60 - - [01/Oct/2022:15:43:52 -0700] "POST /wp-cron.php?doing_wp_cron=1664664232.3519740104675292968750 HTTP/1.1" 404 88 "https://jsdsportsdevelopment.org/wp-cron.php?doing_wp_cron=1664664232.3519740104675292968750" "WordPress/6.0.1; https://jsdsportsdevelopment.org" "jsdsportsdevelopment.org"
66.249.66.157 - - [01/Oct/2022:15:48:19 -0700] "GET /wp-content/themes/avenue/inc/css/animate.css?ver=2.03 HTTP/1.1" 404 88 "https://jsdsportsdevelopment.org/blog/donate/" "Mozilla/5.0 AppleWebKit/537.36 (KHTML, like Gecko; compatible; Googlebot/2.1; +http://www.google.com/bot.html) Chrome/105.0.5195.125 Safari/537.36" "jsdsportsdevelopment.org"
66.249.66.64 - - [01/Oct/2022:15:48:19 -0700] "GET /robots.txt HTTP/1.1" 404 88 "-" "Mozilla/5.0 (compatible; Googlebot/2.1; +http://www.google.com/bot.html)" "jsdsportsdevelopment.org"
66.249.66.30 - - [01/Oct/2022:15:48:19 -0700] "GET /wp-includes/js/jquery/jquery-migrate.min.js?ver=3.3.2 HTTP/1.1" 404 88 "https://jsdsportsdevelopment.org/blog/donate/" "Mozilla/5.0 AppleWebKit/537.36 (KHTML, like Gecko; compatible; Googlebot/2.1; +http://www.google.com/bot.html) Chrome/105.0.5195.125 Safari/537.36" "jsdsportsdevelopment.org"
66.249.66.68 - - [01/Oct/2022:15:48:19 -0700] "GET /wp-content/themes/avenue/style.css?ver=6.0.1 HTTP/1.1" 404 88 "https://jsdsportsdevelopment.org/blog/donate/" "Mozilla/5.0 AppleWebKit/537.36 (KHTML, like Gecko; compatible; Googlebot/2.1; +http://www.google.com/bot.html) Chrome/105.0.5195.125 Safari/537.36" "jsdsportsdevelopment.org"
66.249.66.198 - - [01/Oct/2022:15:48:19 -0700] "GET /wp-content/themes/avenue/inc/js/script.js?ver=2.03 HTTP/1.1" 404 88 "https://jsdsportsdevelopment.org/blog/donate/" "Mozilla/5.0 AppleWebKit/537.36 (KHTML, like Gecko; compatible; Googlebot/2.1; +http://www.google.com/bot.html) Chrome/105.0.5195.125 Safari/537.36" "jsdsportsdevelopment.org"
66.249.66.200 - - [01/Oct/2022:15:48:19 -0700] "GET /wp-includes/js/jquery/jquery.min.js?ver=3.6.0 HTTP/1.1" 404 88 "https://jsdsportsdevelopment.org/blog/donate/" "Mozilla/5.0 AppleWebKit/537.36 (KHTML, like Gecko; compatible; Googlebot/2.1; +http://www.google.com/bot.html) Chrome/105.0.5195.125 Safari/537.36" "jsdsportsdevelopment.org"
66.249.66.156 - - [01/Oct/2022:15:48:19 -0700] "GET /wp-content/themes/avenue/inc/css/font-awesome.min.css?ver=2.03 HTTP/1.1" 404 88 "https://jsdsportsdevelopment.org/blog/donate/" "Mozilla/5.0 AppleWebKit/537.36 (KHTML, like Gecko; compatible; Googlebot/2.1; +http://www.google.com/bot.html) Chrome/105.0.5195.125 Safari/537.36" "jsdsportsdevelopment.org"
66.249.66.1 - - [01/Oct/2022:15:48:19 -0700] "GET /wp-content/themes/avenue/inc/css/style.css?ver=2.03 HTTP/1.1" 404 88 "https://jsdsportsdevelopment.org/blog/donate/" "Mozilla/5.0 AppleWebKit/537.36 (KHTML, like Gecko; compatible; Googlebot/2.1; +http://www.google.com/bot.html) Chrome/105.0.5195.125 Safari/537.36" "jsdsportsdevelopment.org"
66.249.66.66 - - [01/Oct/2022:15:48:19 -0700] "GET /wp-content/themes/avenue/inc/css/camera.css?ver=2.03 HTTP/1.1" 404 88 "https://jsdsportsdevelopment.org/blog/donate/" "Mozilla/5.0 AppleWebKit/537.36 (KHTML, like Gecko; compatible; Googlebot/2.1; +http://www.google.com/bot.html) Chrome/105.0.5195.125 Safari/537.36" "jsdsportsdevelopment.org"
66.249.66.44 - - [01/Oct/2022:15:48:19 -0700] "GET /wp-content/themes/avenue/inc/css/bootstrap.css?ver=2.03 HTTP/1.1" 404 88 "https://jsdsportsdevelopment.org/blog/donate/" "Mozilla/5.0 AppleWebKit/537.36 (KHTML, like Gecko; compatible; Googlebot/2.1; +http://www.google.com/bot.html) Chrome/105.0.5195.125 Safari/537.36" "jsdsportsdevelopment.org"
66.249.66.200 - - [01/Oct/2022:15:48:19 -0700] "GET /wp-content/themes/avenue/inc/css/animate.css?ver=2.03 HTTP/1.1" 404 88 "https://jsdsportsdevelopment.org/blog/donate/" "Mozilla/5.0 AppleWebKit/537.36 (KHTML, like Gecko; compatible; Googlebot/2.1; +http://www.google.com/bot.html) Chrome/105.0.5195.125 Safari/537.36" "jsdsportsdevelopment.org"
66.249.66.1 - - [01/Oct/2022:15:48:19 -0700] "GET /wp-content/themes/avenue/style.css?ver=6.0.1 HTTP/1.1" 404 88 "https://jsdsportsdevelopment.org/blog/donate/" "Mozilla/5.0 AppleWebKit/537.36 (KHTML, like Gecko; compatible; Googlebot/2.1; +http://www.google.com/bot.html) Chrome/105.0.5195.125 Safari/537.36" "jsdsportsdevelopment.org"
66.249.66.44 - - [01/Oct/2022:15:48:19 -0700] "GET /wp-includes/js/jquery/ui/core.min.js?ver=1.13.1 HTTP/1.1" 404 88 "https://jsdsportsdevelopment.org/blog/donate/" "Mozilla/5.0 AppleWebKit/537.36 (KHTML, like Gecko; compatible; Googlebot/2.1; +http://www.google.com/bot.html) Chrome/105.0.5195.125 Safari/537.36" "jsdsportsdevelopment.org"
66.249.66.64 - - [01/Oct/2022:15:48:19 -0700] "GET /wp-content/themes/avenue/inc/js/script.js?ver=2.03 HTTP/1.1" 404 88 "https://jsdsportsdevelopment.org/blog/donate/" "Mozilla/5.0 AppleWebKit/537.36 (KHTML, like Gecko; compatible; Googlebot/2.1; +http://www.google.com/bot.html) Chrome/105.0.5195.125 Safari/537.36" "jsdsportsdevelopment.org"
66.249.66.66 - - [01/Oct/2022:15:48:19 -0700] "GET /wp-includes/js/jquery/jquery-migrate.min.js?ver=3.3.2 HTTP/1.1" 404 88 "https://jsdsportsdevelopment.org/blog/donate/" "Mozilla/5.0 AppleWebKit/537.36 (KHTML, like Gecko; compatible; Googlebot/2.1; +http://www.google.com/bot.html) Chrome/105.0.5195.125 Safari/537.36" "jsdsportsdevelopment.org"
66.249.66.1 - - [01/Oct/2022:15:48:19 -0700] "GET /wp-content/themes/avenue/inc/css/style.css?ver=2.03 HTTP/1.1" 404 88 "https://jsdsportsdevelopment.org/blog/donate/" "Mozilla/5.0 AppleWebKit/537.36 (KHTML, like Gecko; compatible; Googlebot/2.1; +http://www.google.com/bot.html) Chrome/105.0.5195.125 Safari/537.36" "jsdsportsdevelopment.org"
66.249.66.196 - - [01/Oct/2022:15:48:19 -0700] "GET /wp-includes/js/jquery/jquery.min.js?ver=3.6.0 HTTP/1.1" 404 88 "https://jsdsportsdevelopment.org/blog/donate/" "Mozilla/5.0 AppleWebKit/537.36 (KHTML, like Gecko; compatible; Googlebot/2.1; +http://www.google.com/bot.html) Chrome/105.0.5195.125 Safari/537.36" "jsdsportsdevelopment.org"
66.249.66.38 - - [01/Oct/2022:15:48:19 -0700] "GET /wp-content/themes/avenue/inc/css/camera.css?ver=2.03 HTTP/1.1" 404 88 "https://jsdsportsdevelopment.org/blog/donate/" "Mozilla/5.0 AppleWebKit/537.36 (KHTML, like Gecko; compatible; Googlebot/2.1; +http://www.google.com/bot.html) Chrome/105.0.5195.125 Safari/537.36" "jsdsportsdevelopment.org"
66.249.66.156 - - [01/Oct/2022:15:48:19 -0700] "GET /wp-includes/js/jquery/ui/core.min.js?ver=1.13.1 HTTP/1.1" 404 88 "https://jsdsportsdevelopment.org/blog/donate/" "Mozilla/5.0 AppleWebKit/537.36 (KHTML, like Gecko; compatible; Googlebot/2.1; +http://www.google.com/bot.html) Chrome/105.0.5195.125 Safari/537.36" "jsdsportsdevelopment.org"
66.249.66.158 - - [01/Oct/2022:15:48:19 -0700] "GET /wp-content/themes/avenue/inc/css/bootstrap.css?ver=2.03 HTTP/1.1" 404 88 "https://jsdsportsdevelopment.org/blog/donate/" "Mozilla/5.0 AppleWebKit/537.36 (KHTML, like Gecko; compatible; Googlebot/2.1; +http://www.google.com/bot.html) Chrome/105.0.5195.125 Safari/537.36" "jsdsportsdevelopment.org"
66.249.66.4 - - [01/Oct/2022:15:48:19 -0700] "GET /wp-content/themes/avenue/inc/css/temps/blue.css?ver=2.03 HTTP/1.1" 404 88 "https://jsdsportsdevelopment.org/blog/donate/" "Mozilla/5.0 AppleWebKit/537.36 (KHTML, like Gecko; compatible; Googlebot/2.1; +http://www.google.com/bot.html) Chrome/105.0.5195.125 Safari/537.36" "jsdsportsdevelopment.org"
66.249.66.4 - - [01/Oct/2022:15:48:19 -0700] "GET /wp-includes/css/dist/block-library/style.min.css?ver=6.0.1 HTTP/1.1" 404 88 "https://jsdsportsdevelopment.org/blog/donate/" "Mozilla/5.0 AppleWebKit/537.36 (KHTML, like Gecko; compatible; Googlebot/2.1; +http://www.google.com/bot.html) Chrome/105.0.5195.125 Safari/537.36" "jsdsportsdevelopment.org"
66.249.66.157 - - [01/Oct/2022:15:48:20 -0700] "GET /wp-content/themes/avenue/inc/css/temps/blue.css?ver=2.03 HTTP/1.1" 404 88 "https://jsdsportsdevelopment.org/blog/donate/" "Mozilla/5.0 AppleWebKit/537.36 (KHTML, like Gecko; compatible; Googlebot/2.1; +http://www.google.com/bot.html) Chrome/105.0.5195.125 Safari/537.36" "jsdsportsdevelopment.org"
66.249.66.38 - - [01/Oct/2022:15:48:20 -0700] "GET /wp-includes/css/dist/block-library/style.min.css?ver=6.0.1 HTTP/1.1" 404 88 "https://jsdsportsdevelopment.org/blog/donate/" "Mozilla/5.0 AppleWebKit/537.36 (KHTML, like Gecko; compatible; Googlebot/2.1; +http://www.google.com/bot.html) Chrome/105.0.5195.125 Safari/537.36" "jsdsportsdevelopment.org"
66.249.66.4 - - [01/Oct/2022:15:48:20 -0700] "GET /wp-content/themes/avenue/js/navigation.js?ver=2.03 HTTP/1.1" 404 88 "https://jsdsportsdevelopment.org/blog/donate/" "Mozilla/5.0 AppleWebKit/537.36 (KHTML, like Gecko; compatible; Googlebot/2.1; +http://www.google.com/bot.html) Chrome/105.0.5195.125 Safari/537.36" "jsdsportsdevelopment.org"
66.249.66.4 - - [01/Oct/2022:15:48:20 -0700] "GET /wp-content/themes/avenue/inc/js/wow.min.js?ver=2.03 HTTP/1.1" 404 88 "https://jsdsportsdevelopment.org/blog/donate/" "Mozilla/5.0 AppleWebKit/537.36 (KHTML, like Gecko; compatible; Googlebot/2.1; +http://www.google.com/bot.html) Chrome/105.0.5195.125 Safari/537.36" "jsdsportsdevelopment.org"
66.249.66.64 - - [01/Oct/2022:15:48:20 -0700] "GET /wp-content/themes/avenue/js/skip-link-focus-fix.js?ver=2.03 HTTP/1.1" 404 88 "https://jsdsportsdevelopment.org/blog/donate/" "Mozilla/5.0 AppleWebKit/537.36 (KHTML, like Gecko; compatible; Googlebot/2.1; +http://www.google.com/bot.html) Chrome/105.0.5195.125 Safari/537.36" "jsdsportsdevelopment.org"
66.249.66.64 - - [01/Oct/2022:15:48:20 -0700] "GET /wp-content/themes/avenue/inc/js/jquery.sticky.js?ver=2.03 HTTP/1.1" 404 88 "https://jsdsportsdevelopment.org/blog/donate/" "Mozilla/5.0 AppleWebKit/537.36 (KHTML, like Gecko; compatible; Googlebot/2.1; +http://www.google.com/bot.html) Chrome/105.0.5195.125 Safari/537.36" "jsdsportsdevelopment.org"
66.249.66.66 - - [01/Oct/2022:15:48:20 -0700] "GET /wp-content/themes/avenue/js/skip-link-focus-fix.js?ver=2.03 HTTP/1.1" 404 88 "https://jsdsportsdevelopment.org/blog/donate/" "Mozilla/5.0 AppleWebKit/537.36 (KHTML, like Gecko; compatible; Googlebot/2.1; +http://www.google.com/bot.html) Chrome/105.0.5195.125 Safari/537.36" "jsdsportsdevelopment.org"
66.249.66.41 - - [01/Oct/2022:15:48:20 -0700] "GET /wp-content/themes/avenue/inc/js/bootstrap.js?ver=2.03 HTTP/1.1" 404 88 "https://jsdsportsdevelopment.org/blog/donate/" "Mozilla/5.0 AppleWebKit/537.36 (KHTML, like Gecko; compatible; Googlebot/2.1; +http://www.google.com/bot.html) Chrome/105.0.5195.125 Safari/537.36" "jsdsportsdevelopment.org"
66.249.66.44 - - [01/Oct/2022:15:48:20 -0700] "GET /wp-content/themes/avenue/inc/js/camera.js?ver=2.03 HTTP/1.1" 404 88 "https://jsdsportsdevelopment.org/blog/donate/" "Mozilla/5.0 AppleWebKit/537.36 (KHTML, like Gecko; compatible; Googlebot/2.1; +http://www.google.com/bot.html) Chrome/105.0.5195.125 Safari/537.36" "jsdsportsdevelopment.org"
66.249.66.41 - - [01/Oct/2022:15:48:20 -0700] "GET /wp-content/themes/avenue/inc/js/jquery.easing.1.3.js?ver=2.03 HTTP/1.1" 404 88 "https://jsdsportsdevelopment.org/blog/donate/" "Mozilla/5.0 AppleWebKit/537.36 (KHTML, like Gecko; compatible; Googlebot/2.1; +http://www.google.com/bot.html) Chrome/105.0.5195.125 Safari/537.36" "jsdsportsdevelopment.org"
66.249.66.41 - - [01/Oct/2022:15:48:20 -0700] "GET /wp-content/themes/avenue/inc/js/bootstrap.js?ver=2.03 HTTP/1.1" 404 88 "https://jsdsportsdevelopment.org/blog/donate/" "Mozilla/5.0 AppleWebKit/537.36 (KHTML, like Gecko; compatible; Googlebot/2.1; +http://www.google.com/bot.html) Chrome/105.0.5195.125 Safari/537.36" "jsdsportsdevelopment.org"
66.249.66.157 - - [01/Oct/2022:15:48:20 -0700] "GET /wp-content/themes/avenue/inc/js/jquery.easing.1.3.js?ver=2.03 HTTP/1.1" 404 88 "https://jsdsportsdevelopment.org/blog/donate/" "Mozilla/5.0 AppleWebKit/537.36 (KHTML, like Gecko; compatible; Googlebot/2.1; +http://www.google.com/bot.html) Chrome/105.0.5195.125 Safari/537.36" "jsdsportsdevelopment.org"
66.249.66.66 - - [01/Oct/2022:15:48:20 -0700] "GET /wp-includes/js/wp-emoji-release.min.js?ver=6.0.1 HTTP/1.1" 404 88 "https://jsdsportsdevelopment.org/blog/donate/" "Mozilla/5.0 AppleWebKit/537.36 (KHTML, like Gecko; compatible; Googlebot/2.1; +http://www.google.com/bot.html) Chrome/105.0.5195.125 Safari/537.36" "jsdsportsdevelopment.org"
66.249.66.30 - - [01/Oct/2022:15:48:20 -0700] "GET /wp-includes/js/wp-emoji-release.min.js?ver=6.0.1 HTTP/1.1" 404 88 "https://jsdsportsdevelopment.org/blog/donate/" "Mozilla/5.0 AppleWebKit/537.36 (KHTML, like Gecko; compatible; Googlebot/2.1; +http://www.google.com/bot.html) Chrome/105.0.5195.125 Safari/537.36" "jsdsportsdevelopment.org"
114.119.141.100 - - [01/Oct/2022:15:48:54 -0700] "GET /wp-includes/blocks/template-part/editor.css HTTP/1.1" 200 865 "https://jsdsportsdevelopment.org/wp-includes/blocks/template-part/?C=S%3BO%3DA" "Mozilla/5.0 (Linux; Android 7.0;) AppleWebKit/537.36 (KHTML, like Gecko) Mobile Safari/537.36 (compatible; PetalBot;+https://webmaster.petalsearch.com/site/petalbot)" "jsdsportsdevelopment.org"
35.88.200.197 - - [01/Oct/2022:15:48:55 -0700] "GET / HTTP/1.1" 200 428 "-" "Mozilla/5.0 (X11; Linux x86_64) AppleWebKit/537.36 (KHTML, like Gecko) Chrome/83.0.4103.97 Safari/537.36" "jsdsportsdevelopment.org"
54.188.201.220 - - [01/Oct/2022:15:48:57 -0700] "GET / HTTP/1.1" 200 428 "-" "Mozilla/5.0 (X11; Linux x86_64) AppleWebKit/537.36 (KHTML, like Gecko) Chrome/83.0.4103.97 Safari/537.36" "jsdsportsdevelopment.org"
35.88.118.81 - - [01/Oct/2022:15:49:03 -0700] "GET /favicon.ico HTTP/1.1" 404 88 "http://jsdsportsdevelopment.org/favicon.ico" "Mozilla/5.0 (X11; Linux x86_64) AppleWebKit/537.36 (KHTML, like Gecko) Chrome/83.0.4103.97 Safari/537.36" "jsdsportsdevelopment.org"
35.88.118.81 - - [01/Oct/2022:15:49:06 -0700] "GET / HTTP/1.1" 200 428 "http://jsdsportsdevelopment.org" "Mozilla/5.0 (X11; Linux x86_64) AppleWebKit/537.36 (KHTML, like Gecko) Chrome/83.0.4103.97 Safari/537.36" "jsdsportsdevelopment.org"
35.91.35.107 - - [01/Oct/2022:15:49:19 -0700] "GET /favicon.ico HTTP/1.1" 404 88 "-" "Mozilla/5.0 (X11; Linux x86_64) AppleWebKit/537.36 (KHTML, like Gecko) Chrome/83.0.4103.97 Safari/537.36" "jsdsportsdevelopment.org"
35.91.35.107 - - [01/Oct/2022:15:49:22 -0700] "GET / HTTP/1.1" 200 428 "-" "Mozilla/5.0 (X11; Linux x86_64) AppleWebKit/537.36 (KHTML, like Gecko) Chrome/83.0.4103.97 Safari/537.36" "jsdsportsdevelopment.org"
114.119.140.99 - - [01/Oct/2022:15:54:40 -0700] "GET /wp-includes/blocks/template-part/?C=S%3BO%3DA HTTP/1.1" 200 501 "https://jsdsportsdevelopment.org/wp-includes/blocks/template-part/" "Mozilla/5.0 (Linux; Android 7.0;) AppleWebKit/537.36 (KHTML, like Gecko) Mobile Safari/537.36 (compatible; PetalBot;+https://webmaster.petalsearch.com/site/petalbot)" "jsdsportsdevelopment.org"
114.119.141.100 - - [01/Oct/2022:16:00:25 -0700] "GET /wp-includes/blocks/post-comments/editor.min.css HTTP/1.1" 200 77 "https://jsdsportsdevelopment.org/wp-includes/blocks/post-comments/?C=M%3BO%3DA" "Mozilla/5.0 (Linux; Android 7.0;) AppleWebKit/537.36 (KHTML, like Gecko) Mobile Safari/537.36 (compatible; PetalBot;+https://webmaster.petalsearch.com/site/petalbot)" "jsdsportsdevelopment.org"
114.119.140.87 - - [01/Oct/2022:16:10:05 -0700] "GET /wp-includes/blocks/home-link/?C=S%3BO%3DA HTTP/1.1" 200 379 "https://jsdsportsdevelopment.org/wp-includes/blocks/home-link/?C=M%3BO%3DA" "Mozilla/5.0 (Linux; Android 7.0;) AppleWebKit/537.36 (KHTML, like Gecko) Mobile Safari/537.36 (compatible; PetalBot;+https://webmaster.petalsearch.com/site/petalbot)" "jsdsportsdevelopment.org"
114.119.141.100 - - [01/Oct/2022:16:18:16 -0700] "GET /wp-includes/css/?C=D%3BO%3DA HTTP/1.1" 200 359 "https://jsdsportsdevelopment.org/wp-includes/css/?C=S%3BO%3DA" "Mozilla/5.0 (Linux; Android 7.0;) AppleWebKit/537.36 (KHTML, like Gecko) Mobile Safari/537.36 (compatible; PetalBot;+https://webmaster.petalsearch.com/site/petalbot)" "jsdsportsdevelopment.org"
114.119.141.100 - - [01/Oct/2022:16:24:02 -0700] "GET /wp-includes/blocks/read-more/?C=S%3BO%3DA HTTP/1.1" 200 452 "https://jsdsportsdevelopment.org/wp-includes/blocks/read-more/?C=M%3BO%3DA" "Mozilla/5.0 (Linux; Android 7.0;) AppleWebKit/537.36 (KHTML, like Gecko) Mobile Safari/537.36 (compatible; PetalBot;+https://webmaster.petalsearch.com/site/petalbot)" "jsdsportsdevelopment.org"
114.119.140.87 - - [01/Oct/2022:16:29:44 -0700] "GET /wp-includes/blocks/template-part/?C=M%3BO%3DA HTTP/1.1" 200 501 "https://jsdsportsdevelopment.org/wp-includes/blocks/template-part/?C=S%3BO%3DA" "Mozilla/5.0 (Linux; Android 7.0;) AppleWebKit/537.36 (KHTML, like Gecko) Mobile Safari/537.36 (compatible; PetalBot;+https://webmaster.petalsearch.com/site/petalbot)" "jsdsportsdevelopment.org"
87.64.60.242 - - [01/Oct/2022:16:57:06 -0700] "GET /wp-config.php_new HTTP/1.1" 404 88 "-" "Mozilla/5.0 (Windows NT 10.0; rv:91.0) Gecko/20100101 Firefox/91.0" "jsdsportsdevelopment.org"
