135.181.75.58 - - [23/Sep/2022:08:31:57 -0700] "GET /wp-includes/blocks/navigation/style.css HTTP/1.1" 200 2908 "-" "Mozilla/5.0 (compatible; MJ12bot/v1.4.8; http://mj12bot.com/)" "jsdsportsdevelopment.org"
162.55.86.60 - - [23/Sep/2022:08:32:01 -0700] "GET /wp-content/?C=N;O=A HTTP/1.1" 200 354 "-" "Mozilla/5.0 (compatible; BLEXBot/1.0; +http://webmeup-crawler.com/)" "jsdsportsdevelopment.org"
135.181.75.58 - - [23/Sep/2022:08:32:08 -0700] "GET /wp-includes/blocks/navigation/style.min.css HTTP/1.1" 200 1995 "-" "Mozilla/5.0 (compatible; MJ12bot/v1.4.8; http://mj12bot.com/)" "jsdsportsdevelopment.org"
162.55.86.60 - - [23/Sep/2022:08:32:12 -0700] "GET /wp-content/?C=S;O=D HTTP/1.1" 200 352 "-" "Mozilla/5.0 (compatible; BLEXBot/1.0; +http://webmeup-crawler.com/)" "jsdsportsdevelopment.org"
135.181.75.58 - - [23/Sep/2022:08:32:16 -0700] "GET /wp-includes/blocks/navigation/view.asset.php HTTP/1.1" 200 - "-" "Mozilla/5.0 (compatible; MJ12bot/v1.4.8; http://mj12bot.com/)" "jsdsportsdevelopment.org"
162.55.86.60 - - [23/Sep/2022:08:32:19 -0700] "GET /wp-content/themes/?C=D;O=A HTTP/1.1" 200 363 "-" "Mozilla/5.0 (compatible; BLEXBot/1.0; +http://webmeup-crawler.com/)" "jsdsportsdevelopment.org"
135.181.75.58 - - [23/Sep/2022:08:32:27 -0700] "GET /wp-includes/blocks/navigation/view.js HTTP/1.1" 200 3395 "-" "Mozilla/5.0 (compatible; MJ12bot/v1.4.8; http://mj12bot.com/)" "jsdsportsdevelopment.org"
162.55.86.60 - - [23/Sep/2022:08:32:34 -0700] "GET /wp-content/themes/?C=M;O=A HTTP/1.1" 200 364 "-" "Mozilla/5.0 (compatible; BLEXBot/1.0; +http://webmeup-crawler.com/)" "jsdsportsdevelopment.org"
135.181.75.58 - - [23/Sep/2022:08:32:42 -0700] "GET /wp-includes/blocks/navigation/view.min.asset.php HTTP/1.1" 200 - "-" "Mozilla/5.0 (compatible; MJ12bot/v1.4.8; http://mj12bot.com/)" "jsdsportsdevelopment.org"
135.181.75.58 - - [23/Sep/2022:08:32:50 -0700] "GET /wp-includes/blocks/navigation/view.min.js HTTP/1.1" 200 2815 "-" "Mozilla/5.0 (compatible; MJ12bot/v1.4.8; http://mj12bot.com/)" "jsdsportsdevelopment.org"
162.55.86.60 - - [23/Sep/2022:08:32:51 -0700] "GET /wp-content/themes/?C=N;O=D HTTP/1.1" 200 362 "-" "Mozilla/5.0 (compatible; BLEXBot/1.0; +http://webmeup-crawler.com/)" "jsdsportsdevelopment.org"
162.55.86.60 - - [23/Sep/2022:08:33:00 -0700] "GET /wp-content/themes/?C=S;O=A HTTP/1.1" 200 364 "-" "Mozilla/5.0 (compatible; BLEXBot/1.0; +http://webmeup-crawler.com/)" "jsdsportsdevelopment.org"
135.181.75.58 - - [23/Sep/2022:08:33:01 -0700] "GET /wp-includes/blocks/pattern/?C=D;O=A HTTP/1.1" 200 377 "-" "Mozilla/5.0 (compatible; MJ12bot/v1.4.8; http://mj12bot.com/)" "jsdsportsdevelopment.org"
162.55.86.60 - - [23/Sep/2022:08:33:11 -0700] "GET /wp-content/themes/twentytwentytwo/ HTTP/1.1" 200 - "-" "Mozilla/5.0 (compatible; BLEXBot/1.0; +http://webmeup-crawler.com/)" "jsdsportsdevelopment.org"
135.181.75.58 - - [23/Sep/2022:08:33:11 -0700] "GET /wp-includes/blocks/pattern/?C=M;O=A HTTP/1.1" 200 377 "-" "Mozilla/5.0 (compatible; MJ12bot/v1.4.8; http://mj12bot.com/)" "jsdsportsdevelopment.org"
162.55.86.60 - - [23/Sep/2022:08:33:19 -0700] "GET /wp-includes/?C=D;O=D HTTP/1.1" 200 404 "-" "Mozilla/5.0 (compatible; BLEXBot/1.0; +http://webmeup-crawler.com/)" "jsdsportsdevelopment.org"
135.181.75.58 - - [23/Sep/2022:08:33:22 -0700] "GET /wp-includes/blocks/pattern/?C=N;O=D HTTP/1.1" 200 376 "-" "Mozilla/5.0 (compatible; MJ12bot/v1.4.8; http://mj12bot.com/)" "jsdsportsdevelopment.org"
162.55.86.60 - - [23/Sep/2022:08:33:26 -0700] "GET /wp-includes/?C=M;O=D HTTP/1.1" 200 404 "-" "Mozilla/5.0 (compatible; BLEXBot/1.0; +http://webmeup-crawler.com/)" "jsdsportsdevelopment.org"
135.181.75.58 - - [23/Sep/2022:08:33:31 -0700] "GET /wp-includes/blocks/pattern/?C=S;O=A HTTP/1.1" 200 377 "-" "Mozilla/5.0 (compatible; MJ12bot/v1.4.8; http://mj12bot.com/)" "jsdsportsdevelopment.org"
162.55.86.60 - - [23/Sep/2022:08:33:34 -0700] "GET /wp-includes/?C=N;O=A HTTP/1.1" 200 405 "-" "Mozilla/5.0 (compatible; BLEXBot/1.0; +http://webmeup-crawler.com/)" "jsdsportsdevelopment.org"
135.181.75.58 - - [23/Sep/2022:08:33:41 -0700] "GET /wp-includes/blocks/pattern/block.json HTTP/1.1" 200 222 "-" "Mozilla/5.0 (compatible; MJ12bot/v1.4.8; http://mj12bot.com/)" "jsdsportsdevelopment.org"
162.55.86.60 - - [23/Sep/2022:08:33:42 -0700] "GET /wp-includes/?C=S;O=D HTTP/1.1" 200 404 "-" "Mozilla/5.0 (compatible; BLEXBot/1.0; +http://webmeup-crawler.com/)" "jsdsportsdevelopment.org"
162.55.86.60 - - [23/Sep/2022:08:33:51 -0700] "GET /wp-includes/blocks/?C=D;O=A HTTP/1.1" 200 715 "-" "Mozilla/5.0 (compatible; BLEXBot/1.0; +http://webmeup-crawler.com/)" "jsdsportsdevelopment.org"
135.181.75.58 - - [23/Sep/2022:08:33:51 -0700] "GET /wp-includes/blocks/post-author-biography/?C=D;O=A HTTP/1.1" 200 388 "-" "Mozilla/5.0 (compatible; MJ12bot/v1.4.8; http://mj12bot.com/)" "jsdsportsdevelopment.org"
135.181.75.58 - - [23/Sep/2022:08:33:57 -0700] "GET /wp-includes/blocks/post-author-biography/?C=M;O=A HTTP/1.1" 200 388 "-" "Mozilla/5.0 (compatible; MJ12bot/v1.4.8; http://mj12bot.com/)" "jsdsportsdevelopment.org"
162.55.86.60 - - [23/Sep/2022:08:34:01 -0700] "GET /wp-includes/blocks/?C=M;O=A HTTP/1.1" 200 718 "-" "Mozilla/5.0 (compatible; BLEXBot/1.0; +http://webmeup-crawler.com/)" "jsdsportsdevelopment.org"
135.181.75.58 - - [23/Sep/2022:08:34:07 -0700] "GET /wp-includes/blocks/post-author-biography/?C=N;O=D HTTP/1.1" 200 386 "-" "Mozilla/5.0 (compatible; MJ12bot/v1.4.8; http://mj12bot.com/)" "jsdsportsdevelopment.org"
162.55.86.60 - - [23/Sep/2022:08:34:10 -0700] "GET /wp-includes/blocks/?C=N;O=D HTTP/1.1" 200 718 "-" "Mozilla/5.0 (compatible; BLEXBot/1.0; +http://webmeup-crawler.com/)" "jsdsportsdevelopment.org"
135.181.75.58 - - [23/Sep/2022:08:34:18 -0700] "GET /wp-includes/blocks/post-author-biography/?C=S;O=A HTTP/1.1" 200 388 "-" "Mozilla/5.0 (compatible; MJ12bot/v1.4.8; http://mj12bot.com/)" "jsdsportsdevelopment.org"
162.55.86.60 - - [23/Sep/2022:08:34:19 -0700] "GET /wp-includes/blocks/?C=S;O=A HTTP/1.1" 200 715 "-" "Mozilla/5.0 (compatible; BLEXBot/1.0; +http://webmeup-crawler.com/)" "jsdsportsdevelopment.org"
135.181.75.58 - - [23/Sep/2022:08:34:24 -0700] "GET /wp-includes/blocks/post-author-biography/block.json HTTP/1.1" 200 401 "-" "Mozilla/5.0 (compatible; MJ12bot/v1.4.8; http://mj12bot.com/)" "jsdsportsdevelopment.org"
162.55.86.60 - - [23/Sep/2022:08:34:31 -0700] "GET /wp-includes/blocks/avatar/ HTTP/1.1" 200 497 "-" "Mozilla/5.0 (compatible; BLEXBot/1.0; +http://webmeup-crawler.com/)" "jsdsportsdevelopment.org"
135.181.75.58 - - [23/Sep/2022:08:34:35 -0700] "GET /wp-includes/blocks/post-author/?C=D;O=A HTTP/1.1" 200 456 "-" "Mozilla/5.0 (compatible; MJ12bot/v1.4.8; http://mj12bot.com/)" "jsdsportsdevelopment.org"
162.55.86.60 - - [23/Sep/2022:08:34:39 -0700] "GET /wp-includes/blocks/comment-author-name/ HTTP/1.1" 200 385 "-" "Mozilla/5.0 (compatible; BLEXBot/1.0; +http://webmeup-crawler.com/)" "jsdsportsdevelopment.org"
135.181.75.58 - - [23/Sep/2022:08:34:44 -0700] "GET /wp-includes/blocks/post-author/?C=M;O=A HTTP/1.1" 200 454 "-" "Mozilla/5.0 (compatible; MJ12bot/v1.4.8; http://mj12bot.com/)" "jsdsportsdevelopment.org"
162.55.86.60 - - [23/Sep/2022:08:34:48 -0700] "GET /wp-includes/blocks/comment-content/ HTTP/1.1" 200 455 "-" "Mozilla/5.0 (compatible; BLEXBot/1.0; +http://webmeup-crawler.com/)" "jsdsportsdevelopment.org"
135.181.75.58 - - [23/Sep/2022:08:34:52 -0700] "GET /wp-includes/blocks/post-author/?C=N;O=D HTTP/1.1" 200 456 "-" "Mozilla/5.0 (compatible; MJ12bot/v1.4.8; http://mj12bot.com/)" "jsdsportsdevelopment.org"
162.55.86.60 - - [23/Sep/2022:08:34:58 -0700] "GET /wp-includes/blocks/comment-date/ HTTP/1.1" 200 382 "-" "Mozilla/5.0 (compatible; BLEXBot/1.0; +http://webmeup-crawler.com/)" "jsdsportsdevelopment.org"
135.181.75.58 - - [23/Sep/2022:08:35:00 -0700] "GET /wp-includes/blocks/post-author/?C=S;O=A HTTP/1.1" 200 453 "-" "Mozilla/5.0 (compatible; MJ12bot/v1.4.8; http://mj12bot.com/)" "jsdsportsdevelopment.org"
135.181.75.58 - - [23/Sep/2022:08:35:09 -0700] "GET /wp-includes/blocks/post-author/block.json HTTP/1.1" 200 521 "-" "Mozilla/5.0 (compatible; MJ12bot/v1.4.8; http://mj12bot.com/)" "jsdsportsdevelopment.org"
162.55.86.60 - - [23/Sep/2022:08:35:09 -0700] "GET /wp-includes/blocks/comment-edit-link/ HTTP/1.1" 200 385 "-" "Mozilla/5.0 (compatible; BLEXBot/1.0; +http://webmeup-crawler.com/)" "jsdsportsdevelopment.org"
162.55.86.60 - - [23/Sep/2022:08:35:19 -0700] "GET /wp-includes/blocks/comment-reply-link/ HTTP/1.1" 200 386 "-" "Mozilla/5.0 (compatible; BLEXBot/1.0; +http://webmeup-crawler.com/)" "jsdsportsdevelopment.org"
135.181.75.58 - - [23/Sep/2022:08:35:20 -0700] "GET /wp-includes/blocks/post-author/style-rtl.css HTTP/1.1" 200 899 "-" "Mozilla/5.0 (compatible; MJ12bot/v1.4.8; http://mj12bot.com/)" "jsdsportsdevelopment.org"
162.55.86.60 - - [23/Sep/2022:08:35:27 -0700] "GET /wp-includes/blocks/comment-template/ HTTP/1.1" 200 459 "-" "Mozilla/5.0 (compatible; BLEXBot/1.0; +http://webmeup-crawler.com/)" "jsdsportsdevelopment.org"
135.181.75.58 - - [23/Sep/2022:08:35:30 -0700] "GET /wp-includes/blocks/post-author/style-rtl.min.css HTTP/1.1" 200 175 "-" "Mozilla/5.0 (compatible; MJ12bot/v1.4.8; http://mj12bot.com/)" "jsdsportsdevelopment.org"
162.55.86.60 - - [23/Sep/2022:08:35:37 -0700] "GET /wp-includes/blocks/comments-pagination-next/ HTTP/1.1" 200 389 "-" "Mozilla/5.0 (compatible; BLEXBot/1.0; +http://webmeup-crawler.com/)" "jsdsportsdevelopment.org"
135.181.75.58 - - [23/Sep/2022:08:35:39 -0700] "GET /wp-includes/blocks/post-author/style.css HTTP/1.1" 200 900 "-" "Mozilla/5.0 (compatible; MJ12bot/v1.4.8; http://mj12bot.com/)" "jsdsportsdevelopment.org"
135.181.75.58 - - [23/Sep/2022:08:35:42 -0700] "GET /wp-includes/blocks/post-author/style.min.css HTTP/1.1" 200 176 "-" "Mozilla/5.0 (compatible; MJ12bot/v1.4.8; http://mj12bot.com/)" "jsdsportsdevelopment.org"
162.55.86.60 - - [23/Sep/2022:08:35:46 -0700] "GET /wp-includes/blocks/comments-pagination-numbers/ HTTP/1.1" 200 466 "-" "Mozilla/5.0 (compatible; BLEXBot/1.0; +http://webmeup-crawler.com/)" "jsdsportsdevelopment.org"
135.181.75.58 - - [23/Sep/2022:08:35:53 -0700] "GET /wp-includes/blocks/post-comments-form/?C=D;O=A HTTP/1.1" 200 505 "-" "Mozilla/5.0 (compatible; MJ12bot/v1.4.8; http://mj12bot.com/)" "jsdsportsdevelopment.org"
162.55.86.60 - - [23/Sep/2022:08:35:55 -0700] "GET /wp-includes/blocks/comments-pagination-previous/ HTTP/1.1" 200 392 "-" "Mozilla/5.0 (compatible; BLEXBot/1.0; +http://webmeup-crawler.com/)" "jsdsportsdevelopment.org"
135.181.75.58 - - [23/Sep/2022:08:36:01 -0700] "GET /wp-includes/blocks/post-comments-form/?C=M;O=A HTTP/1.1" 200 515 "-" "Mozilla/5.0 (compatible; MJ12bot/v1.4.8; http://mj12bot.com/)" "jsdsportsdevelopment.org"
162.55.86.60 - - [23/Sep/2022:08:36:05 -0700] "GET /wp-includes/blocks/comments-pagination/ HTTP/1.1" 200 510 "-" "Mozilla/5.0 (compatible; BLEXBot/1.0; +http://webmeup-crawler.com/)" "jsdsportsdevelopment.org"
135.181.75.58 - - [23/Sep/2022:08:36:10 -0700] "GET /wp-includes/blocks/post-comments-form/?C=N;O=D HTTP/1.1" 200 509 "-" "Mozilla/5.0 (compatible; MJ12bot/v1.4.8; http://mj12bot.com/)" "jsdsportsdevelopment.org"
162.55.86.60 - - [23/Sep/2022:08:36:13 -0700] "GET /wp-includes/blocks/comments-query-loop/ HTTP/1.1" 200 459 "-" "Mozilla/5.0 (compatible; BLEXBot/1.0; +http://webmeup-crawler.com/)" "jsdsportsdevelopment.org"
135.181.75.58 - - [23/Sep/2022:08:36:21 -0700] "GET /wp-includes/blocks/post-comments-form/?C=S;O=A HTTP/1.1" 200 500 "-" "Mozilla/5.0 (compatible; MJ12bot/v1.4.8; http://mj12bot.com/)" "jsdsportsdevelopment.org"
162.55.86.60 - - [23/Sep/2022:08:36:22 -0700] "GET /wp-includes/blocks/comments-title/ HTTP/1.1" 200 454 "-" "Mozilla/5.0 (compatible; BLEXBot/1.0; +http://webmeup-crawler.com/)" "jsdsportsdevelopment.org"
135.181.75.58 - - [23/Sep/2022:08:36:33 -0700] "GET /wp-includes/blocks/post-comments-form/block.json HTTP/1.1" 200 437 "-" "Mozilla/5.0 (compatible; MJ12bot/v1.4.8; http://mj12bot.com/)" "jsdsportsdevelopment.org"
162.55.86.60 - - [23/Sep/2022:08:36:34 -0700] "GET /wp-includes/blocks/home-link/ HTTP/1.1" 200 379 "-" "Mozilla/5.0 (compatible; BLEXBot/1.0; +http://webmeup-crawler.com/)" "jsdsportsdevelopment.org"
135.181.75.58 - - [23/Sep/2022:08:36:42 -0700] "GET /wp-includes/blocks/post-comments-form/editor-rtl.css HTTP/1.1" 200 807 "-" "Mozilla/5.0 (compatible; MJ12bot/v1.4.8; http://mj12bot.com/)" "jsdsportsdevelopment.org"
162.55.86.60 - - [23/Sep/2022:08:36:45 -0700] "GET /wp-includes/blocks/navigation-link/ HTTP/1.1" 200 503 "-" "Mozilla/5.0 (compatible; BLEXBot/1.0; +http://webmeup-crawler.com/)" "jsdsportsdevelopment.org"
135.181.75.58 - - [23/Sep/2022:08:36:49 -0700] "GET /wp-includes/blocks/post-comments-form/editor-rtl.min.css HTTP/1.1" 200 96 "-" "Mozilla/5.0 (compatible; MJ12bot/v1.4.8; http://mj12bot.com/)" "jsdsportsdevelopment.org"
162.55.86.60 - - [23/Sep/2022:08:36:54 -0700] "GET /wp-includes/blocks/navigation-submenu/ HTTP/1.1" 200 456 "-" "Mozilla/5.0 (compatible; BLEXBot/1.0; +http://webmeup-crawler.com/)" "jsdsportsdevelopment.org"
135.181.75.58 - - [23/Sep/2022:08:36:56 -0700] "GET /wp-includes/blocks/post-comments-form/editor.css HTTP/1.1" 200 807 "-" "Mozilla/5.0 (compatible; MJ12bot/v1.4.8; http://mj12bot.com/)" "jsdsportsdevelopment.org"
135.181.75.58 - - [23/Sep/2022:08:37:03 -0700] "GET /wp-includes/blocks/post-comments-form/editor.min.css HTTP/1.1" 200 96 "-" "Mozilla/5.0 (compatible; MJ12bot/v1.4.8; http://mj12bot.com/)" "jsdsportsdevelopment.org"
162.55.86.60 - - [23/Sep/2022:08:37:05 -0700] "GET /wp-includes/blocks/navigation/ HTTP/1.1" 200 561 "-" "Mozilla/5.0 (compatible; BLEXBot/1.0; +http://webmeup-crawler.com/)" "jsdsportsdevelopment.org"
135.181.75.58 - - [23/Sep/2022:08:37:11 -0700] "GET /wp-includes/blocks/post-comments-form/style-rtl.css HTTP/1.1" 200 1223 "-" "Mozilla/5.0 (compatible; MJ12bot/v1.4.8; http://mj12bot.com/)" "jsdsportsdevelopment.org"
162.55.86.60 - - [23/Sep/2022:08:37:16 -0700] "GET /wp-includes/blocks/pattern/ HTTP/1.1" 200 377 "-" "Mozilla/5.0 (compatible; BLEXBot/1.0; +http://webmeup-crawler.com/)" "jsdsportsdevelopment.org"
135.181.75.58 - - [23/Sep/2022:08:37:18 -0700] "GET /wp-includes/blocks/post-comments-form/style-rtl.min.css HTTP/1.1" 200 494 "-" "Mozilla/5.0 (compatible; MJ12bot/v1.4.8; http://mj12bot.com/)" "jsdsportsdevelopment.org"
162.55.86.60 - - [23/Sep/2022:08:37:26 -0700] "GET /wp-includes/blocks/post-author-biography/ HTTP/1.1" 200 388 "-" "Mozilla/5.0 (compatible; BLEXBot/1.0; +http://webmeup-crawler.com/)" "jsdsportsdevelopment.org"
135.181.75.58 - - [23/Sep/2022:08:37:31 -0700] "GET /wp-includes/blocks/post-comments-form/style.css HTTP/1.1" 200 1222 "-" "Mozilla/5.0 (compatible; MJ12bot/v1.4.8; http://mj12bot.com/)" "jsdsportsdevelopment.org"
162.55.86.60 - - [23/Sep/2022:08:37:37 -0700] "GET /wp-includes/blocks/post-author/ HTTP/1.1" 200 456 "-" "Mozilla/5.0 (compatible; BLEXBot/1.0; +http://webmeup-crawler.com/)" "jsdsportsdevelopment.org"
135.181.75.58 - - [23/Sep/2022:08:37:42 -0700] "GET /wp-includes/blocks/post-comments-form/style.min.css HTTP/1.1" 200 494 "-" "Mozilla/5.0 (compatible; MJ12bot/v1.4.8; http://mj12bot.com/)" "jsdsportsdevelopment.org"
162.55.86.60 - - [23/Sep/2022:08:37:45 -0700] "GET /wp-includes/blocks/post-comments-form/ HTTP/1.1" 200 505 "-" "Mozilla/5.0 (compatible; BLEXBot/1.0; +http://webmeup-crawler.com/)" "jsdsportsdevelopment.org"
135.181.75.58 - - [23/Sep/2022:08:37:53 -0700] "GET /wp-includes/blocks/post-comments/?C=D;O=A HTTP/1.1" 200 501 "-" "Mozilla/5.0 (compatible; MJ12bot/v1.4.8; http://mj12bot.com/)" "jsdsportsdevelopment.org"
162.55.86.60 - - [23/Sep/2022:08:37:56 -0700] "GET /wp-includes/blocks/post-comments/ HTTP/1.1" 200 501 "-" "Mozilla/5.0 (compatible; BLEXBot/1.0; +http://webmeup-crawler.com/)" "jsdsportsdevelopment.org"
135.181.75.58 - - [23/Sep/2022:08:38:00 -0700] "GET /wp-includes/blocks/post-comments/?C=M;O=A HTTP/1.1" 200 513 "-" "Mozilla/5.0 (compatible; MJ12bot/v1.4.8; http://mj12bot.com/)" "jsdsportsdevelopment.org"
162.55.86.60 - - [23/Sep/2022:08:38:06 -0700] "GET /wp-includes/blocks/post-navigation-link/ HTTP/1.1" 200 387 "-" "Mozilla/5.0 (compatible; BLEXBot/1.0; +http://webmeup-crawler.com/)" "jsdsportsdevelopment.org"
135.181.75.58 - - [23/Sep/2022:08:38:11 -0700] "GET /wp-includes/blocks/post-comments/?C=N;O=D HTTP/1.1" 200 503 "-" "Mozilla/5.0 (compatible; MJ12bot/v1.4.8; http://mj12bot.com/)" "jsdsportsdevelopment.org"
162.55.86.60 - - [23/Sep/2022:08:38:17 -0700] "GET /wp-includes/blocks/query-no-results/ HTTP/1.1" 200 389 "-" "Mozilla/5.0 (compatible; BLEXBot/1.0; +http://webmeup-crawler.com/)" "jsdsportsdevelopment.org"
135.181.75.58 - - [23/Sep/2022:08:38:18 -0700] "GET /wp-includes/blocks/post-comments/?C=S;O=A HTTP/1.1" 200 499 "-" "Mozilla/5.0 (compatible; MJ12bot/v1.4.8; http://mj12bot.com/)" "jsdsportsdevelopment.org"
135.181.75.58 - - [23/Sep/2022:08:38:23 -0700] "GET /wp-includes/blocks/post-comments/block.json HTTP/1.1" 200 478 "-" "Mozilla/5.0 (compatible; MJ12bot/v1.4.8; http://mj12bot.com/)" "jsdsportsdevelopment.org"
162.55.86.60 - - [23/Sep/2022:08:38:27 -0700] "GET /wp-includes/blocks/read-more/ HTTP/1.1" 200 452 "-" "Mozilla/5.0 (compatible; BLEXBot/1.0; +http://webmeup-crawler.com/)" "jsdsportsdevelopment.org"
135.181.75.58 - - [23/Sep/2022:08:38:34 -0700] "GET /wp-includes/blocks/post-comments/editor-rtl.css HTTP/1.1" 200 793 "-" "Mozilla/5.0 (compatible; MJ12bot/v1.4.8; http://mj12bot.com/)" "jsdsportsdevelopment.org"
135.181.75.58 - - [23/Sep/2022:08:38:37 -0700] "GET /wp-includes/blocks/post-comments/editor-rtl.min.css HTTP/1.1" 200 77 "-" "Mozilla/5.0 (compatible; MJ12bot/v1.4.8; http://mj12bot.com/)" "jsdsportsdevelopment.org"
162.55.86.60 - - [23/Sep/2022:08:38:38 -0700] "GET /wp-includes/blocks/template-part/ HTTP/1.1" 200 501 "-" "Mozilla/5.0 (compatible; BLEXBot/1.0; +http://webmeup-crawler.com/)" "jsdsportsdevelopment.org"
135.181.75.58 - - [23/Sep/2022:08:38:48 -0700] "GET /wp-includes/blocks/post-comments/editor.css HTTP/1.1" 200 793 "-" "Mozilla/5.0 (compatible; MJ12bot/v1.4.8; http://mj12bot.com/)" "jsdsportsdevelopment.org"
162.55.86.60 - - [23/Sep/2022:08:38:49 -0700] "GET /wp-includes/blocks/term-description/ HTTP/1.1" 200 379 "-" "Mozilla/5.0 (compatible; BLEXBot/1.0; +http://webmeup-crawler.com/)" "jsdsportsdevelopment.org"
135.181.75.58 - - [23/Sep/2022:08:38:58 -0700] "GET /wp-includes/blocks/post-comments/editor.min.css HTTP/1.1" 200 77 "-" "Mozilla/5.0 (compatible; MJ12bot/v1.4.8; http://mj12bot.com/)" "jsdsportsdevelopment.org"
162.55.86.60 - - [23/Sep/2022:08:39:00 -0700] "GET /wp-includes/blocks/widget-group/ HTTP/1.1" 200 382 "-" "Mozilla/5.0 (compatible; BLEXBot/1.0; +http://webmeup-crawler.com/)" "jsdsportsdevelopment.org"
135.181.75.58 - - [23/Sep/2022:08:39:07 -0700] "GET /wp-includes/blocks/post-comments/style-rtl.css HTTP/1.1" 200 1389 "-" "Mozilla/5.0 (compatible; MJ12bot/v1.4.8; http://mj12bot.com/)" "jsdsportsdevelopment.org"
162.55.86.60 - - [23/Sep/2022:08:39:10 -0700] "GET /wp-includes/css/?C=D;O=A HTTP/1.1" 200 359 "-" "Mozilla/5.0 (compatible; BLEXBot/1.0; +http://webmeup-crawler.com/)" "jsdsportsdevelopment.org"
135.181.75.58 - - [23/Sep/2022:08:39:13 -0700] "GET /wp-includes/blocks/post-comments/style-rtl.min.css HTTP/1.1" 200 635 "-" "Mozilla/5.0 (compatible; MJ12bot/v1.4.8; http://mj12bot.com/)" "jsdsportsdevelopment.org"
162.55.86.60 - - [23/Sep/2022:08:39:20 -0700] "GET /wp-includes/css/?C=M;O=A HTTP/1.1" 200 359 "-" "Mozilla/5.0 (compatible; BLEXBot/1.0; +http://webmeup-crawler.com/)" "jsdsportsdevelopment.org"
135.181.75.58 - - [23/Sep/2022:08:39:21 -0700] "GET /wp-includes/blocks/post-comments/style.css HTTP/1.1" 200 1389 "-" "Mozilla/5.0 (compatible; MJ12bot/v1.4.8; http://mj12bot.com/)" "jsdsportsdevelopment.org"
162.55.86.60 - - [23/Sep/2022:08:39:28 -0700] "GET /wp-includes/css/?C=N;O=D HTTP/1.1" 200 357 "-" "Mozilla/5.0 (compatible; BLEXBot/1.0; +http://webmeup-crawler.com/)" "jsdsportsdevelopment.org"
135.181.75.58 - - [23/Sep/2022:08:39:30 -0700] "GET /wp-includes/blocks/post-comments/style.min.css HTTP/1.1" 200 634 "-" "Mozilla/5.0 (compatible; MJ12bot/v1.4.8; http://mj12bot.com/)" "jsdsportsdevelopment.org"
162.55.86.60 - - [23/Sep/2022:08:39:36 -0700] "GET /wp-includes/css/?C=S;O=A HTTP/1.1" 200 359 "-" "Mozilla/5.0 (compatible; BLEXBot/1.0; +http://webmeup-crawler.com/)" "jsdsportsdevelopment.org"
135.181.75.58 - - [23/Sep/2022:08:39:39 -0700] "GET /wp-includes/blocks/post-navigation-link/?C=D;O=A HTTP/1.1" 200 387 "-" "Mozilla/5.0 (compatible; MJ12bot/v1.4.8; http://mj12bot.com/)" "jsdsportsdevelopment.org"
135.181.75.58 - - [23/Sep/2022:08:39:45 -0700] "GET /wp-includes/blocks/post-navigation-link/?C=M;O=A HTTP/1.1" 200 387 "-" "Mozilla/5.0 (compatible; MJ12bot/v1.4.8; http://mj12bot.com/)" "jsdsportsdevelopment.org"
162.55.86.60 - - [23/Sep/2022:08:39:45 -0700] "GET /wp-includes/css/dist/ HTTP/1.1" 200 365 "-" "Mozilla/5.0 (compatible; BLEXBot/1.0; +http://webmeup-crawler.com/)" "jsdsportsdevelopment.org"
135.181.75.58 - - [23/Sep/2022:08:39:53 -0700] "GET /wp-includes/blocks/post-navigation-link/?C=N;O=D HTTP/1.1" 200 385 "-" "Mozilla/5.0 (compatible; MJ12bot/v1.4.8; http://mj12bot.com/)" "jsdsportsdevelopment.org"
162.55.86.60 - - [23/Sep/2022:08:39:55 -0700] "GET /wp-includes/js/?C=D;O=A HTTP/1.1" 200 359 "-" "Mozilla/5.0 (compatible; BLEXBot/1.0; +http://webmeup-crawler.com/)" "jsdsportsdevelopment.org"
135.181.75.58 - - [23/Sep/2022:08:40:02 -0700] "GET /wp-includes/blocks/post-navigation-link/?C=S;O=A HTTP/1.1" 200 387 "-" "Mozilla/5.0 (compatible; MJ12bot/v1.4.8; http://mj12bot.com/)" "jsdsportsdevelopment.org"
162.55.86.60 - - [23/Sep/2022:08:40:05 -0700] "GET /wp-includes/js/?C=M;O=A HTTP/1.1" 200 359 "-" "Mozilla/5.0 (compatible; BLEXBot/1.0; +http://webmeup-crawler.com/)" "jsdsportsdevelopment.org"
135.181.75.58 - - [23/Sep/2022:08:40:08 -0700] "GET /wp-includes/blocks/post-navigation-link/block.json HTTP/1.1" 200 413 "-" "Mozilla/5.0 (compatible; MJ12bot/v1.4.8; http://mj12bot.com/)" "jsdsportsdevelopment.org"
162.55.86.60 - - [23/Sep/2022:08:40:15 -0700] "GET /wp-includes/js/?C=N;O=D HTTP/1.1" 200 357 "-" "Mozilla/5.0 (compatible; BLEXBot/1.0; +http://webmeup-crawler.com/)" "jsdsportsdevelopment.org"
135.181.75.58 - - [23/Sep/2022:08:40:15 -0700] "GET /wp-includes/blocks/query-no-results/?C=D;O=A HTTP/1.1" 200 389 "-" "Mozilla/5.0 (compatible; MJ12bot/v1.4.8; http://mj12bot.com/)" "jsdsportsdevelopment.org"
135.181.75.58 - - [23/Sep/2022:08:40:21 -0700] "GET /wp-includes/blocks/query-no-results/?C=M;O=A HTTP/1.1" 200 389 "-" "Mozilla/5.0 (compatible; MJ12bot/v1.4.8; http://mj12bot.com/)" "jsdsportsdevelopment.org"
162.55.86.60 - - [23/Sep/2022:08:40:24 -0700] "GET /wp-includes/js/?C=S;O=A HTTP/1.1" 200 360 "-" "Mozilla/5.0 (compatible; BLEXBot/1.0; +http://webmeup-crawler.com/)" "jsdsportsdevelopment.org"
135.181.75.58 - - [23/Sep/2022:08:40:28 -0700] "GET /wp-includes/blocks/query-no-results/?C=N;O=D HTTP/1.1" 200 383 "-" "Mozilla/5.0 (compatible; MJ12bot/v1.4.8; http://mj12bot.com/)" "jsdsportsdevelopment.org"
135.181.75.58 - - [23/Sep/2022:08:40:33 -0700] "GET /wp-includes/blocks/query-no-results/?C=S;O=A HTTP/1.1" 200 389 "-" "Mozilla/5.0 (compatible; MJ12bot/v1.4.8; http://mj12bot.com/)" "jsdsportsdevelopment.org"
162.55.86.60 - - [23/Sep/2022:08:40:35 -0700] "GET /wp-includes/js/dist/ HTTP/1.1" 200 368 "-" "Mozilla/5.0 (compatible; BLEXBot/1.0; +http://webmeup-crawler.com/)" "jsdsportsdevelopment.org"
135.181.75.58 - - [23/Sep/2022:08:40:41 -0700] "GET /wp-includes/blocks/query-no-results/block.json HTTP/1.1" 200 298 "-" "Mozilla/5.0 (compatible; MJ12bot/v1.4.8; http://mj12bot.com/)" "jsdsportsdevelopment.org"
162.55.86.60 - - [23/Sep/2022:08:40:43 -0700] "GET /wp-includes/php-compat/?C=D;O=A HTTP/1.1" 200 379 "-" "Mozilla/5.0 (compatible; BLEXBot/1.0; +http://webmeup-crawler.com/)" "jsdsportsdevelopment.org"
135.181.75.58 - - [23/Sep/2022:08:40:48 -0700] "GET /wp-includes/blocks/read-more/?C=D;O=A HTTP/1.1" 200 452 "-" "Mozilla/5.0 (compatible; MJ12bot/v1.4.8; http://mj12bot.com/)" "jsdsportsdevelopment.org"
135.181.75.58 - - [23/Sep/2022:08:40:52 -0700] "GET /wp-includes/blocks/read-more/?C=M;O=A HTTP/1.1" 200 452 "-" "Mozilla/5.0 (compatible; MJ12bot/v1.4.8; http://mj12bot.com/)" "jsdsportsdevelopment.org"
162.55.86.60 - - [23/Sep/2022:08:40:54 -0700] "GET /wp-includes/php-compat/?C=M;O=A HTTP/1.1" 200 379 "-" "Mozilla/5.0 (compatible; BLEXBot/1.0; +http://webmeup-crawler.com/)" "jsdsportsdevelopment.org"
135.181.75.58 - - [23/Sep/2022:08:40:57 -0700] "GET /wp-includes/blocks/read-more/?C=N;O=D HTTP/1.1" 200 451 "-" "Mozilla/5.0 (compatible; MJ12bot/v1.4.8; http://mj12bot.com/)" "jsdsportsdevelopment.org"
135.181.75.58 - - [23/Sep/2022:08:41:03 -0700] "GET /wp-includes/blocks/read-more/?C=S;O=A HTTP/1.1" 200 449 "-" "Mozilla/5.0 (compatible; MJ12bot/v1.4.8; http://mj12bot.com/)" "jsdsportsdevelopment.org"
162.55.86.60 - - [23/Sep/2022:08:41:08 -0700] "GET /wp-includes/php-compat/?C=N;O=D HTTP/1.1" 200 376 "-" "Mozilla/5.0 (compatible; BLEXBot/1.0; +http://webmeup-crawler.com/)" "jsdsportsdevelopment.org"
135.181.75.58 - - [23/Sep/2022:08:41:10 -0700] "GET /wp-includes/blocks/read-more/block.json HTTP/1.1" 200 498 "-" "Mozilla/5.0 (compatible; MJ12bot/v1.4.8; http://mj12bot.com/)" "jsdsportsdevelopment.org"
135.181.75.58 - - [23/Sep/2022:08:41:18 -0700] "GET /wp-includes/blocks/read-more/style-rtl.css HTTP/1.1" 200 849 "-" "Mozilla/5.0 (compatible; MJ12bot/v1.4.8; http://mj12bot.com/)" "jsdsportsdevelopment.org"
162.55.86.60 - - [23/Sep/2022:08:41:19 -0700] "GET /wp-includes/php-compat/?C=S;O=A HTTP/1.1" 200 379 "-" "Mozilla/5.0 (compatible; BLEXBot/1.0; +http://webmeup-crawler.com/)" "jsdsportsdevelopment.org"
135.181.75.58 - - [23/Sep/2022:08:41:23 -0700] "GET /wp-includes/blocks/read-more/style-rtl.min.css HTTP/1.1" 200 132 "-" "Mozilla/5.0 (compatible; MJ12bot/v1.4.8; http://mj12bot.com/)" "jsdsportsdevelopment.org"
135.181.75.58 - - [23/Sep/2022:08:41:31 -0700] "GET /wp-includes/blocks/read-more/style.css HTTP/1.1" 200 849 "-" "Mozilla/5.0 (compatible; MJ12bot/v1.4.8; http://mj12bot.com/)" "jsdsportsdevelopment.org"
162.55.86.60 - - [23/Sep/2022:08:41:32 -0700] "GET /wp-includes/php-compat/readonly.php HTTP/1.1" 200 - "-" "Mozilla/5.0 (compatible; BLEXBot/1.0; +http://webmeup-crawler.com/)" "jsdsportsdevelopment.org"
135.181.75.58 - - [23/Sep/2022:08:41:38 -0700] "GET /wp-includes/blocks/read-more/style.min.css HTTP/1.1" 200 132 "-" "Mozilla/5.0 (compatible; MJ12bot/v1.4.8; http://mj12bot.com/)" "jsdsportsdevelopment.org"
135.181.75.58 - - [23/Sep/2022:08:41:47 -0700] "GET /wp-includes/blocks/template-part/?C=D;O=A HTTP/1.1" 200 501 "-" "Mozilla/5.0 (compatible; MJ12bot/v1.4.8; http://mj12bot.com/)" "jsdsportsdevelopment.org"
135.181.75.58 - - [23/Sep/2022:08:41:50 -0700] "GET /wp-includes/blocks/template-part/?C=M;O=A HTTP/1.1" 200 515 "-" "Mozilla/5.0 (compatible; MJ12bot/v1.4.8; http://mj12bot.com/)" "jsdsportsdevelopment.org"
135.181.75.58 - - [23/Sep/2022:08:41:58 -0700] "GET /wp-includes/blocks/template-part/?C=N;O=D HTTP/1.1" 200 505 "-" "Mozilla/5.0 (compatible; MJ12bot/v1.4.8; http://mj12bot.com/)" "jsdsportsdevelopment.org"
135.181.75.58 - - [23/Sep/2022:08:42:02 -0700] "GET /wp-includes/blocks/template-part/?C=S;O=A HTTP/1.1" 200 499 "-" "Mozilla/5.0 (compatible; MJ12bot/v1.4.8; http://mj12bot.com/)" "jsdsportsdevelopment.org"
135.181.75.58 - - [23/Sep/2022:08:42:06 -0700] "GET /wp-includes/blocks/template-part/block.json HTTP/1.1" 200 325 "-" "Mozilla/5.0 (compatible; MJ12bot/v1.4.8; http://mj12bot.com/)" "jsdsportsdevelopment.org"
135.181.75.58 - - [23/Sep/2022:08:42:11 -0700] "GET /wp-includes/blocks/template-part/editor-rtl.css HTTP/1.1" 200 865 "-" "Mozilla/5.0 (compatible; MJ12bot/v1.4.8; http://mj12bot.com/)" "jsdsportsdevelopment.org"
135.181.75.58 - - [23/Sep/2022:08:42:15 -0700] "GET /wp-includes/blocks/template-part/editor-rtl.min.css HTTP/1.1" 200 149 "-" "Mozilla/5.0 (compatible; MJ12bot/v1.4.8; http://mj12bot.com/)" "jsdsportsdevelopment.org"
135.181.75.58 - - [23/Sep/2022:08:42:21 -0700] "GET /wp-includes/blocks/template-part/editor.css HTTP/1.1" 200 865 "-" "Mozilla/5.0 (compatible; MJ12bot/v1.4.8; http://mj12bot.com/)" "jsdsportsdevelopment.org"
135.181.75.58 - - [23/Sep/2022:08:42:25 -0700] "GET /wp-includes/blocks/template-part/editor.min.css HTTP/1.1" 200 149 "-" "Mozilla/5.0 (compatible; MJ12bot/v1.4.8; http://mj12bot.com/)" "jsdsportsdevelopment.org"
135.181.75.58 - - [23/Sep/2022:08:42:29 -0700] "GET /wp-includes/blocks/template-part/theme-rtl.css HTTP/1.1" 200 817 "-" "Mozilla/5.0 (compatible; MJ12bot/v1.4.8; http://mj12bot.com/)" "jsdsportsdevelopment.org"
135.181.75.58 - - [23/Sep/2022:08:42:35 -0700] "GET /wp-includes/blocks/template-part/theme-rtl.min.css HTTP/1.1" 200 101 "-" "Mozilla/5.0 (compatible; MJ12bot/v1.4.8; http://mj12bot.com/)" "jsdsportsdevelopment.org"
135.181.75.58 - - [23/Sep/2022:08:42:43 -0700] "GET /wp-includes/blocks/template-part/theme.css HTTP/1.1" 200 817 "-" "Mozilla/5.0 (compatible; MJ12bot/v1.4.8; http://mj12bot.com/)" "jsdsportsdevelopment.org"
135.181.75.58 - - [23/Sep/2022:08:42:46 -0700] "GET /wp-includes/blocks/template-part/theme.min.css HTTP/1.1" 200 101 "-" "Mozilla/5.0 (compatible; MJ12bot/v1.4.8; http://mj12bot.com/)" "jsdsportsdevelopment.org"
135.181.75.58 - - [23/Sep/2022:08:42:52 -0700] "GET /wp-includes/blocks/term-description/?C=D;O=A HTTP/1.1" 200 379 "-" "Mozilla/5.0 (compatible; MJ12bot/v1.4.8; http://mj12bot.com/)" "jsdsportsdevelopment.org"
135.181.75.58 - - [23/Sep/2022:08:42:56 -0700] "GET /wp-includes/blocks/term-description/?C=M;O=A HTTP/1.1" 200 379 "-" "Mozilla/5.0 (compatible; MJ12bot/v1.4.8; http://mj12bot.com/)" "jsdsportsdevelopment.org"
135.181.75.58 - - [23/Sep/2022:08:43:04 -0700] "GET /wp-includes/blocks/term-description/?C=N;O=D HTTP/1.1" 200 377 "-" "Mozilla/5.0 (compatible; MJ12bot/v1.4.8; http://mj12bot.com/)" "jsdsportsdevelopment.org"
135.181.75.58 - - [23/Sep/2022:08:43:10 -0700] "GET /wp-includes/blocks/term-description/?C=S;O=A HTTP/1.1" 200 379 "-" "Mozilla/5.0 (compatible; MJ12bot/v1.4.8; http://mj12bot.com/)" "jsdsportsdevelopment.org"
135.181.75.58 - - [23/Sep/2022:08:43:15 -0700] "GET /wp-includes/blocks/term-description/block.json HTTP/1.1" 200 387 "-" "Mozilla/5.0 (compatible; MJ12bot/v1.4.8; http://mj12bot.com/)" "jsdsportsdevelopment.org"
135.181.75.58 - - [23/Sep/2022:08:43:24 -0700] "GET /wp-includes/blocks/widget-group/?C=D;O=A HTTP/1.1" 200 382 "-" "Mozilla/5.0 (compatible; MJ12bot/v1.4.8; http://mj12bot.com/)" "jsdsportsdevelopment.org"
135.181.75.58 - - [23/Sep/2022:08:43:31 -0700] "GET /wp-includes/blocks/widget-group/?C=M;O=A HTTP/1.1" 200 382 "-" "Mozilla/5.0 (compatible; MJ12bot/v1.4.8; http://mj12bot.com/)" "jsdsportsdevelopment.org"
135.181.75.58 - - [23/Sep/2022:08:43:35 -0700] "GET /wp-includes/blocks/widget-group/?C=N;O=D HTTP/1.1" 200 380 "-" "Mozilla/5.0 (compatible; MJ12bot/v1.4.8; http://mj12bot.com/)" "jsdsportsdevelopment.org"
135.181.75.58 - - [23/Sep/2022:08:43:43 -0700] "GET /wp-includes/blocks/widget-group/?C=S;O=A HTTP/1.1" 200 382 "-" "Mozilla/5.0 (compatible; MJ12bot/v1.4.8; http://mj12bot.com/)" "jsdsportsdevelopment.org"
135.181.75.58 - - [23/Sep/2022:08:43:50 -0700] "GET /wp-includes/blocks/widget-group/block.json HTTP/1.1" 200 200 "-" "Mozilla/5.0 (compatible; MJ12bot/v1.4.8; http://mj12bot.com/)" "jsdsportsdevelopment.org"
135.181.75.58 - - [23/Sep/2022:08:43:55 -0700] "GET /wp-includes/css/?C=D;O=D HTTP/1.1" 200 357 "-" "Mozilla/5.0 (compatible; MJ12bot/v1.4.8; http://mj12bot.com/)" "jsdsportsdevelopment.org"
135.181.75.58 - - [23/Sep/2022:08:44:01 -0700] "GET /wp-includes/css/?C=M;O=D HTTP/1.1" 200 357 "-" "Mozilla/5.0 (compatible; MJ12bot/v1.4.8; http://mj12bot.com/)" "jsdsportsdevelopment.org"
135.181.75.58 - - [23/Sep/2022:08:44:09 -0700] "GET /wp-includes/css/?C=N;O=A HTTP/1.1" 200 359 "-" "Mozilla/5.0 (compatible; MJ12bot/v1.4.8; http://mj12bot.com/)" "jsdsportsdevelopment.org"
135.181.75.58 - - [23/Sep/2022:08:44:18 -0700] "GET /wp-includes/css/?C=S;O=D HTTP/1.1" 200 357 "-" "Mozilla/5.0 (compatible; MJ12bot/v1.4.8; http://mj12bot.com/)" "jsdsportsdevelopment.org"
135.181.75.58 - - [23/Sep/2022:08:44:26 -0700] "GET /wp-includes/css/dist/?C=D;O=A HTTP/1.1" 200 365 "-" "Mozilla/5.0 (compatible; MJ12bot/v1.4.8; http://mj12bot.com/)" "jsdsportsdevelopment.org"
135.181.75.58 - - [23/Sep/2022:08:44:33 -0700] "GET /wp-includes/css/dist/?C=M;O=A HTTP/1.1" 200 365 "-" "Mozilla/5.0 (compatible; MJ12bot/v1.4.8; http://mj12bot.com/)" "jsdsportsdevelopment.org"
135.181.75.58 - - [23/Sep/2022:08:44:40 -0700] "GET /wp-includes/css/dist/?C=N;O=D HTTP/1.1" 200 364 "-" "Mozilla/5.0 (compatible; MJ12bot/v1.4.8; http://mj12bot.com/)" "jsdsportsdevelopment.org"
135.181.75.58 - - [23/Sep/2022:08:44:45 -0700] "GET /wp-includes/css/dist/?C=S;O=A HTTP/1.1" 200 365 "-" "Mozilla/5.0 (compatible; MJ12bot/v1.4.8; http://mj12bot.com/)" "jsdsportsdevelopment.org"
135.181.75.58 - - [23/Sep/2022:08:44:51 -0700] "GET /wp-includes/css/dist/edit-site/ HTTP/1.1" 200 422 "-" "Mozilla/5.0 (compatible; MJ12bot/v1.4.8; http://mj12bot.com/)" "jsdsportsdevelopment.org"
135.181.75.58 - - [23/Sep/2022:08:44:57 -0700] "GET /wp-includes/js/?C=D;O=D HTTP/1.1" 200 357 "-" "Mozilla/5.0 (compatible; MJ12bot/v1.4.8; http://mj12bot.com/)" "jsdsportsdevelopment.org"
135.181.75.58 - - [23/Sep/2022:08:45:02 -0700] "GET /wp-includes/js/?C=M;O=D HTTP/1.1" 200 357 "-" "Mozilla/5.0 (compatible; MJ12bot/v1.4.8; http://mj12bot.com/)" "jsdsportsdevelopment.org"
135.181.75.58 - - [23/Sep/2022:08:45:08 -0700] "GET /wp-includes/js/?C=N;O=A HTTP/1.1" 200 359 "-" "Mozilla/5.0 (compatible; MJ12bot/v1.4.8; http://mj12bot.com/)" "jsdsportsdevelopment.org"
135.181.75.58 - - [23/Sep/2022:08:45:14 -0700] "GET /wp-includes/js/?C=S;O=D HTTP/1.1" 200 357 "-" "Mozilla/5.0 (compatible; MJ12bot/v1.4.8; http://mj12bot.com/)" "jsdsportsdevelopment.org"
135.181.75.58 - - [23/Sep/2022:08:45:20 -0700] "GET /wp-includes/js/dist/?C=D;O=A HTTP/1.1" 200 368 "-" "Mozilla/5.0 (compatible; MJ12bot/v1.4.8; http://mj12bot.com/)" "jsdsportsdevelopment.org"
135.181.75.58 - - [23/Sep/2022:08:45:25 -0700] "GET /wp-includes/js/dist/?C=M;O=A HTTP/1.1" 200 368 "-" "Mozilla/5.0 (compatible; MJ12bot/v1.4.8; http://mj12bot.com/)" "jsdsportsdevelopment.org"
135.181.75.58 - - [23/Sep/2022:08:45:35 -0700] "GET /wp-includes/js/dist/?C=N;O=D HTTP/1.1" 200 366 "-" "Mozilla/5.0 (compatible; MJ12bot/v1.4.8; http://mj12bot.com/)" "jsdsportsdevelopment.org"
135.181.75.58 - - [23/Sep/2022:08:45:43 -0700] "GET /wp-includes/js/dist/?C=S;O=A HTTP/1.1" 200 368 "-" "Mozilla/5.0 (compatible; MJ12bot/v1.4.8; http://mj12bot.com/)" "jsdsportsdevelopment.org"
135.181.75.58 - - [23/Sep/2022:08:45:49 -0700] "GET /wp-includes/js/dist/development/ HTTP/1.1" 200 437 "-" "Mozilla/5.0 (compatible; MJ12bot/v1.4.8; http://mj12bot.com/)" "jsdsportsdevelopment.org"
135.181.75.58 - - [23/Sep/2022:08:45:58 -0700] "GET /wp-includes/php-compat/?C=D;O=D HTTP/1.1" 200 376 "-" "Mozilla/5.0 (compatible; MJ12bot/v1.4.8; http://mj12bot.com/)" "jsdsportsdevelopment.org"
135.181.75.58 - - [23/Sep/2022:08:46:04 -0700] "GET /wp-includes/php-compat/?C=M;O=D HTTP/1.1" 200 376 "-" "Mozilla/5.0 (compatible; MJ12bot/v1.4.8; http://mj12bot.com/)" "jsdsportsdevelopment.org"
135.181.75.58 - - [23/Sep/2022:08:46:09 -0700] "GET /wp-includes/php-compat/?C=N;O=A HTTP/1.1" 200 379 "-" "Mozilla/5.0 (compatible; MJ12bot/v1.4.8; http://mj12bot.com/)" "jsdsportsdevelopment.org"
135.181.75.58 - - [23/Sep/2022:08:46:18 -0700] "GET /wp-includes/php-compat/?C=S;O=D HTTP/1.1" 200 376 "-" "Mozilla/5.0 (compatible; MJ12bot/v1.4.8; http://mj12bot.com/)" "jsdsportsdevelopment.org"
157.230.151.110 - - [23/Sep/2022:09:51:08 -0700] "GET /wp-content/plugins/justified-image-grid/download.php?file=../../../wp-config.php HTTP/1.1" 404 88 "-" "Mozilla/5.0 (Windows NT 10.0; rv:91.0) Gecko/20100101 Firefox/91.0" "jsdsportsdevelopment.org"
149.56.150.40 - - [23/Sep/2022:10:13:05 -0700] "GET / HTTP/1.1" 200 1156 "-" "Mozilla/5.0 (compatible; Dataprovider.com)" "www.jsdsportsdevelopment.org"
149.56.150.40 - - [23/Sep/2022:10:13:06 -0700] "GET /robots.txt HTTP/1.1" 404 73 "-" "Mozilla/5.0 (compatible; Dataprovider.com)" "www.jsdsportsdevelopment.org"
149.56.150.40 - - [23/Sep/2022:10:13:06 -0700] "GET /sitemap.xml HTTP/1.1" 404 73 "-" "Mozilla/5.0 (compatible; Dataprovider.com)" "www.jsdsportsdevelopment.org"
149.56.150.40 - - [23/Sep/2022:10:13:06 -0700] "GET / HTTP/1.1" 200 1156 "-" "Mozilla/5.0 (compatible; Dataprovider.com)" "www.jsdsportsdevelopment.org"
149.56.150.40 - - [23/Sep/2022:10:13:07 -0700] "GET /?C=N;O=D HTTP/1.1" 200 1156 "-" "Mozilla/5.0 (compatible; Dataprovider.com)" "www.jsdsportsdevelopment.org"
149.56.150.40 - - [23/Sep/2022:10:13:08 -0700] "GET /?C=M;O=A HTTP/1.1" 200 1156 "-" "Mozilla/5.0 (compatible; Dataprovider.com)" "www.jsdsportsdevelopment.org"
149.56.150.40 - - [23/Sep/2022:10:13:09 -0700] "GET /?C=S;O=A HTTP/1.1" 200 1156 "-" "Mozilla/5.0 (compatible; Dataprovider.com)" "www.jsdsportsdevelopment.org"
149.56.150.40 - - [23/Sep/2022:10:13:10 -0700] "GET /?C=D;O=A HTTP/1.1" 200 1156 "-" "Mozilla/5.0 (compatible; Dataprovider.com)" "www.jsdsportsdevelopment.org"
10.247.24.60 - - [23/Sep/2022:10:13:14 -0700] "POST /wp-cron.php?doing_wp_cron=1663953194.8379409313201904296875 HTTP/1.1" 404 88 "https://jsdsportsdevelopment.org/wp-cron.php?doing_wp_cron=1663953194.8379409313201904296875" "WordPress/6.0.1; https://jsdsportsdevelopment.org" "jsdsportsdevelopment.org"
149.56.150.40 - - [23/Sep/2022:10:13:11 -0700] "GET /blog/ HTTP/1.1" 200 28750 "-" "Mozilla/5.0 (compatible; Dataprovider.com)" "www.jsdsportsdevelopment.org"
149.56.150.40 - - [23/Sep/2022:10:13:16 -0700] "GET /index.html.bak HTTP/1.1" 200 2369 "-" "Mozilla/5.0 (compatible; Dataprovider.com)" "www.jsdsportsdevelopment.org"
149.56.150.40 - - [23/Sep/2022:10:13:17 -0700] "GET /index.html.bakk HTTP/1.1" 200 2369 "-" "Mozilla/5.0 (compatible; Dataprovider.com)" "www.jsdsportsdevelopment.org"
149.56.150.40 - - [23/Sep/2022:10:13:18 -0700] "GET /wp-content/ HTTP/1.1" 200 706 "-" "Mozilla/5.0 (compatible; Dataprovider.com)" "www.jsdsportsdevelopment.org"
149.56.150.40 - - [23/Sep/2022:10:13:19 -0700] "GET /wp-includes/ HTTP/1.1" 200 1149 "-" "Mozilla/5.0 (compatible; Dataprovider.com)" "www.jsdsportsdevelopment.org"
149.56.150.40 - - [23/Sep/2022:10:13:20 -0700] "GET /ads.txt HTTP/1.1" 404 73 "-" "Mozilla/5.0 (compatible; Dataprovider.com)" "www.jsdsportsdevelopment.org"
149.56.150.40 - - [23/Sep/2022:10:13:20 -0700] "GET / HTTP/1.1" 200 1156 "-" "Mozilla/5.0 (Linux; Android 5.1.1; SM-G925F Build/LMY47X) AppleWebKit/537.36 (KHTML, like Gecko) Chrome/45.0.2454.94 Mobile Safari/537.36" "www.jsdsportsdevelopment.org"
144.217.135.157 - - [23/Sep/2022:10:14:08 -0700] "GET / HTTP/1.1" 200 428 "-" "Mozilla/5.0 (compatible; Dataprovider.com)" "www.jsdsportsdevelopment.org"
114.119.140.87 - - [23/Sep/2022:10:35:31 -0700] "GET /wp-includes/blocks/read-more/ HTTP/1.1" 200 452 "https://jsdsportsdevelopment.org/wp-includes/blocks/" "Mozilla/5.0 (Linux; Android 7.0;) AppleWebKit/537.36 (KHTML, like Gecko) Mobile Safari/537.36 (compatible; PetalBot;+https://webmaster.petalsearch.com/site/petalbot)" "jsdsportsdevelopment.org"
192.99.35.94 - - [23/Sep/2022:10:55:12 -0700] "GET /robots.txt HTTP/1.1" 404 73 "-" "Mozilla/5.0 (compatible; MJ12bot/v1.4.8; http://mj12bot.com/)" "jsdsportsdevelopment.org"
192.99.35.94 - - [23/Sep/2022:10:55:13 -0700] "GET /wp-content/themes/?C=D;O=D HTTP/1.1" 200 362 "-" "Mozilla/5.0 (compatible; MJ12bot/v1.4.8; http://mj12bot.com/)" "jsdsportsdevelopment.org"
192.99.35.94 - - [23/Sep/2022:10:55:15 -0700] "GET /wp-content/themes/?C=M;O=D HTTP/1.1" 200 362 "-" "Mozilla/5.0 (compatible; MJ12bot/v1.4.8; http://mj12bot.com/)" "jsdsportsdevelopment.org"
192.99.35.94 - - [23/Sep/2022:10:55:16 -0700] "GET /wp-content/themes/?C=N;O=A HTTP/1.1" 200 363 "-" "Mozilla/5.0 (compatible; MJ12bot/v1.4.8; http://mj12bot.com/)" "jsdsportsdevelopment.org"
192.99.35.94 - - [23/Sep/2022:10:55:18 -0700] "GET /wp-content/themes/?C=S;O=D HTTP/1.1" 200 362 "-" "Mozilla/5.0 (compatible; MJ12bot/v1.4.8; http://mj12bot.com/)" "jsdsportsdevelopment.org"
192.99.35.94 - - [23/Sep/2022:10:55:19 -0700] "GET /wp-includes/blocks/?C=D;O=D HTTP/1.1" 200 718 "-" "Mozilla/5.0 (compatible; MJ12bot/v1.4.8; http://mj12bot.com/)" "jsdsportsdevelopment.org"
192.99.35.94 - - [23/Sep/2022:10:55:21 -0700] "GET /wp-includes/blocks/?C=M;O=D HTTP/1.1" 200 716 "-" "Mozilla/5.0 (compatible; MJ12bot/v1.4.8; http://mj12bot.com/)" "jsdsportsdevelopment.org"
192.99.35.94 - - [23/Sep/2022:10:55:24 -0700] "GET /wp-includes/blocks/?C=N;O=A HTTP/1.1" 200 715 "-" "Mozilla/5.0 (compatible; MJ12bot/v1.4.8; http://mj12bot.com/)" "jsdsportsdevelopment.org"
192.99.35.94 - - [23/Sep/2022:10:55:25 -0700] "GET /wp-includes/blocks/?C=S;O=D HTTP/1.1" 200 718 "-" "Mozilla/5.0 (compatible; MJ12bot/v1.4.8; http://mj12bot.com/)" "jsdsportsdevelopment.org"
192.99.35.94 - - [23/Sep/2022:10:55:27 -0700] "GET /wp-includes/blocks/avatar/?C=D;O=A HTTP/1.1" 200 497 "-" "Mozilla/5.0 (compatible; MJ12bot/v1.4.8; http://mj12bot.com/)" "jsdsportsdevelopment.org"
192.99.35.94 - - [23/Sep/2022:10:55:29 -0700] "GET /wp-includes/blocks/avatar/?C=M;O=A HTTP/1.1" 200 506 "-" "Mozilla/5.0 (compatible; MJ12bot/v1.4.8; http://mj12bot.com/)" "jsdsportsdevelopment.org"
192.99.35.94 - - [23/Sep/2022:10:55:31 -0700] "GET /wp-includes/blocks/avatar/?C=N;O=D HTTP/1.1" 200 498 "-" "Mozilla/5.0 (compatible; MJ12bot/v1.4.8; http://mj12bot.com/)" "jsdsportsdevelopment.org"
192.99.35.94 - - [23/Sep/2022:10:55:32 -0700] "GET /wp-includes/blocks/avatar/?C=S;O=A HTTP/1.1" 200 492 "-" "Mozilla/5.0 (compatible; MJ12bot/v1.4.8; http://mj12bot.com/)" "jsdsportsdevelopment.org"
192.99.35.94 - - [23/Sep/2022:10:55:34 -0700] "GET /wp-includes/blocks/avatar/block.json HTTP/1.1" 200 461 "-" "Mozilla/5.0 (compatible; MJ12bot/v1.4.8; http://mj12bot.com/)" "jsdsportsdevelopment.org"
192.99.35.94 - - [23/Sep/2022:10:55:35 -0700] "GET /wp-includes/blocks/avatar/editor-rtl.css HTTP/1.1" 200 831 "-" "Mozilla/5.0 (compatible; MJ12bot/v1.4.8; http://mj12bot.com/)" "jsdsportsdevelopment.org"
192.99.35.94 - - [23/Sep/2022:10:55:37 -0700] "GET /wp-includes/blocks/avatar/editor-rtl.min.css HTTP/1.1" 200 116 "-" "Mozilla/5.0 (compatible; MJ12bot/v1.4.8; http://mj12bot.com/)" "jsdsportsdevelopment.org"
192.99.35.94 - - [23/Sep/2022:10:55:39 -0700] "GET /wp-includes/blocks/avatar/editor.css HTTP/1.1" 200 831 "-" "Mozilla/5.0 (compatible; MJ12bot/v1.4.8; http://mj12bot.com/)" "jsdsportsdevelopment.org"
192.99.35.94 - - [23/Sep/2022:10:55:40 -0700] "GET /wp-includes/blocks/avatar/editor.min.css HTTP/1.1" 200 116 "-" "Mozilla/5.0 (compatible; MJ12bot/v1.4.8; http://mj12bot.com/)" "jsdsportsdevelopment.org"
192.99.35.94 - - [23/Sep/2022:10:55:42 -0700] "GET /wp-includes/blocks/avatar/style-rtl.css HTTP/1.1" 200 781 "-" "Mozilla/5.0 (compatible; MJ12bot/v1.4.8; http://mj12bot.com/)" "jsdsportsdevelopment.org"
192.99.35.94 - - [23/Sep/2022:10:55:43 -0700] "GET /wp-includes/blocks/avatar/style-rtl.min.css HTTP/1.1" 200 59 "-" "Mozilla/5.0 (compatible; MJ12bot/v1.4.8; http://mj12bot.com/)" "jsdsportsdevelopment.org"
192.99.35.94 - - [23/Sep/2022:10:55:45 -0700] "GET /wp-includes/blocks/avatar/style.css HTTP/1.1" 200 781 "-" "Mozilla/5.0 (compatible; MJ12bot/v1.4.8; http://mj12bot.com/)" "jsdsportsdevelopment.org"
192.99.35.94 - - [23/Sep/2022:10:55:46 -0700] "GET /wp-includes/blocks/avatar/style.min.css HTTP/1.1" 200 59 "-" "Mozilla/5.0 (compatible; MJ12bot/v1.4.8; http://mj12bot.com/)" "jsdsportsdevelopment.org"
192.99.35.94 - - [23/Sep/2022:10:55:48 -0700] "GET /wp-includes/blocks/comment-author-name/?C=D;O=A HTTP/1.1" 200 385 "-" "Mozilla/5.0 (compatible; MJ12bot/v1.4.8; http://mj12bot.com/)" "jsdsportsdevelopment.org"
192.99.35.94 - - [23/Sep/2022:10:55:49 -0700] "GET /wp-includes/blocks/comment-author-name/?C=M;O=A HTTP/1.1" 200 386 "-" "Mozilla/5.0 (compatible; MJ12bot/v1.4.8; http://mj12bot.com/)" "jsdsportsdevelopment.org"
192.99.35.94 - - [23/Sep/2022:10:55:51 -0700] "GET /wp-includes/blocks/comment-author-name/?C=N;O=D HTTP/1.1" 200 384 "-" "Mozilla/5.0 (compatible; MJ12bot/v1.4.8; http://mj12bot.com/)" "jsdsportsdevelopment.org"
192.99.35.94 - - [23/Sep/2022:10:55:54 -0700] "GET /wp-includes/blocks/comment-author-name/block.json HTTP/1.1" 200 466 "-" "Mozilla/5.0 (compatible; MJ12bot/v1.4.8; http://mj12bot.com/)" "jsdsportsdevelopment.org"
192.99.35.94 - - [23/Sep/2022:10:55:56 -0700] "GET /wp-includes/blocks/comment-content/?C=D;O=A HTTP/1.1" 200 455 "-" "Mozilla/5.0 (compatible; MJ12bot/v1.4.8; http://mj12bot.com/)" "jsdsportsdevelopment.org"
192.99.35.94 - - [23/Sep/2022:10:55:58 -0700] "GET /wp-includes/blocks/comment-content/?C=M;O=A HTTP/1.1" 200 455 "-" "Mozilla/5.0 (compatible; MJ12bot/v1.4.8; http://mj12bot.com/)" "jsdsportsdevelopment.org"
192.99.35.94 - - [23/Sep/2022:10:55:59 -0700] "GET /wp-includes/blocks/comment-content/?C=N;O=D HTTP/1.1" 200 457 "-" "Mozilla/5.0 (compatible; MJ12bot/v1.4.8; http://mj12bot.com/)" "jsdsportsdevelopment.org"
192.99.35.94 - - [23/Sep/2022:10:56:01 -0700] "GET /wp-includes/blocks/comment-content/?C=S;O=A HTTP/1.1" 200 453 "-" "Mozilla/5.0 (compatible; MJ12bot/v1.4.8; http://mj12bot.com/)" "jsdsportsdevelopment.org"
192.99.35.94 - - [23/Sep/2022:10:56:02 -0700] "GET /wp-includes/blocks/comment-content/block.json HTTP/1.1" 200 433 "-" "Mozilla/5.0 (compatible; MJ12bot/v1.4.8; http://mj12bot.com/)" "jsdsportsdevelopment.org"
192.99.35.94 - - [23/Sep/2022:10:56:04 -0700] "GET /wp-includes/blocks/comment-content/style-rtl.css HTTP/1.1" 200 813 "-" "Mozilla/5.0 (compatible; MJ12bot/v1.4.8; http://mj12bot.com/)" "jsdsportsdevelopment.org"
192.99.35.94 - - [23/Sep/2022:10:56:05 -0700] "GET /wp-includes/blocks/comment-content/style-rtl.min.css HTTP/1.1" 200 92 "-" "Mozilla/5.0 (compatible; MJ12bot/v1.4.8; http://mj12bot.com/)" "jsdsportsdevelopment.org"
192.99.35.94 - - [23/Sep/2022:10:56:07 -0700] "GET /wp-includes/blocks/comment-content/style.css HTTP/1.1" 200 813 "-" "Mozilla/5.0 (compatible; MJ12bot/v1.4.8; http://mj12bot.com/)" "jsdsportsdevelopment.org"
192.99.35.94 - - [23/Sep/2022:10:56:09 -0700] "GET /wp-includes/blocks/comment-content/style.min.css HTTP/1.1" 200 92 "-" "Mozilla/5.0 (compatible; MJ12bot/v1.4.8; http://mj12bot.com/)" "jsdsportsdevelopment.org"
192.99.35.94 - - [23/Sep/2022:10:56:10 -0700] "GET /wp-includes/blocks/comment-date/?C=D;O=A HTTP/1.1" 200 382 "-" "Mozilla/5.0 (compatible; MJ12bot/v1.4.8; http://mj12bot.com/)" "jsdsportsdevelopment.org"
192.99.35.94 - - [23/Sep/2022:10:56:12 -0700] "GET /wp-includes/blocks/comment-date/?C=M;O=A HTTP/1.1" 200 383 "-" "Mozilla/5.0 (compatible; MJ12bot/v1.4.8; http://mj12bot.com/)" "jsdsportsdevelopment.org"
192.99.35.94 - - [23/Sep/2022:10:56:13 -0700] "GET /wp-includes/blocks/comment-date/?C=N;O=D HTTP/1.1" 200 381 "-" "Mozilla/5.0 (compatible; MJ12bot/v1.4.8; http://mj12bot.com/)" "jsdsportsdevelopment.org"
192.99.35.94 - - [23/Sep/2022:10:56:15 -0700] "GET /wp-includes/blocks/comment-date/?C=S;O=A HTTP/1.1" 200 383 "-" "Mozilla/5.0 (compatible; MJ12bot/v1.4.8; http://mj12bot.com/)" "jsdsportsdevelopment.org"
192.99.35.94 - - [23/Sep/2022:10:56:17 -0700] "GET /wp-includes/blocks/comment-date/block.json HTTP/1.1" 200 432 "-" "Mozilla/5.0 (compatible; MJ12bot/v1.4.8; http://mj12bot.com/)" "jsdsportsdevelopment.org"
192.99.35.94 - - [23/Sep/2022:10:56:18 -0700] "GET /wp-includes/blocks/comment-edit-link/?C=D;O=A HTTP/1.1" 200 385 "-" "Mozilla/5.0 (compatible; MJ12bot/v1.4.8; http://mj12bot.com/)" "jsdsportsdevelopment.org"
192.99.35.94 - - [23/Sep/2022:10:56:20 -0700] "GET /wp-includes/blocks/comment-edit-link/?C=M;O=A HTTP/1.1" 200 385 "-" "Mozilla/5.0 (compatible; MJ12bot/v1.4.8; http://mj12bot.com/)" "jsdsportsdevelopment.org"
192.99.35.94 - - [23/Sep/2022:10:56:21 -0700] "GET /wp-includes/blocks/comment-edit-link/?C=N;O=D HTTP/1.1" 200 383 "-" "Mozilla/5.0 (compatible; MJ12bot/v1.4.8; http://mj12bot.com/)" "jsdsportsdevelopment.org"
192.99.35.94 - - [23/Sep/2022:10:56:23 -0700] "GET /wp-includes/blocks/comment-edit-link/?C=S;O=A HTTP/1.1" 200 385 "-" "Mozilla/5.0 (compatible; MJ12bot/v1.4.8; http://mj12bot.com/)" "jsdsportsdevelopment.org"
192.99.35.94 - - [23/Sep/2022:10:56:25 -0700] "GET /wp-includes/blocks/comment-edit-link/block.json HTTP/1.1" 200 487 "-" "Mozilla/5.0 (compatible; MJ12bot/v1.4.8; http://mj12bot.com/)" "jsdsportsdevelopment.org"
192.99.35.94 - - [23/Sep/2022:10:56:27 -0700] "GET /wp-includes/blocks/comment-reply-link/?C=D;O=A HTTP/1.1" 200 386 "-" "Mozilla/5.0 (compatible; MJ12bot/v1.4.8; http://mj12bot.com/)" "jsdsportsdevelopment.org"
192.99.35.94 - - [23/Sep/2022:10:56:28 -0700] "GET /wp-includes/blocks/comment-reply-link/?C=M;O=A HTTP/1.1" 200 386 "-" "Mozilla/5.0 (compatible; MJ12bot/v1.4.8; http://mj12bot.com/)" "jsdsportsdevelopment.org"
192.99.35.94 - - [23/Sep/2022:10:56:30 -0700] "GET /wp-includes/blocks/comment-reply-link/?C=N;O=D HTTP/1.1" 200 385 "-" "Mozilla/5.0 (compatible; MJ12bot/v1.4.8; http://mj12bot.com/)" "jsdsportsdevelopment.org"
192.99.35.94 - - [23/Sep/2022:10:56:31 -0700] "GET /wp-includes/blocks/comment-reply-link/?C=S;O=A HTTP/1.1" 200 386 "-" "Mozilla/5.0 (compatible; MJ12bot/v1.4.8; http://mj12bot.com/)" "jsdsportsdevelopment.org"
192.99.35.94 - - [23/Sep/2022:10:56:33 -0700] "GET /wp-includes/blocks/comment-reply-link/block.json HTTP/1.1" 200 405 "-" "Mozilla/5.0 (compatible; MJ12bot/v1.4.8; http://mj12bot.com/)" "jsdsportsdevelopment.org"
192.99.35.94 - - [23/Sep/2022:10:56:35 -0700] "GET /wp-includes/blocks/comment-template/?C=D;O=A HTTP/1.1" 200 459 "-" "Mozilla/5.0 (compatible; MJ12bot/v1.4.8; http://mj12bot.com/)" "jsdsportsdevelopment.org"
192.99.35.94 - - [23/Sep/2022:10:56:36 -0700] "GET /wp-includes/blocks/comment-template/?C=M;O=A HTTP/1.1" 200 458 "-" "Mozilla/5.0 (compatible; MJ12bot/v1.4.8; http://mj12bot.com/)" "jsdsportsdevelopment.org"
