94.172.221.80 - - [19/Sep/2022:17:12:40 -0700] "GET /blog/wp-comments-post.php HTTP/1.1" 405 - "-" "Mozilla/5.0 (Windows NT 10.0; Win64; x64) AppleWebKit/537.36 (KHTML, like Gecko) Chrome/97.0.4692.71 Safari/537.36" "jsdsportsdevelopment.org"
114.119.141.100 - - [19/Sep/2022:17:18:31 -0700] "GET /wp-includes/blocks/navigation-submenu/editor.css HTTP/1.1" 200 1034 "https://jsdsportsdevelopment.org/wp-includes/blocks/navigation-submenu/" "Mozilla/5.0 (Linux; Android 7.0;) AppleWebKit/537.36 (KHTML, like Gecko) Mobile Safari/537.36 (compatible; PetalBot;+https://webmaster.petalsearch.com/site/petalbot)" "jsdsportsdevelopment.org"
185.181.60.39 - - [19/Sep/2022:17:27:41 -0700] "GET / HTTP/1.1" 200 428 "-" "Mozilla/5.0 (Windows NT 10.0; Win64; x64) AppleWebKit/537.36 (KHTML, like Gecko) Chrome/91.0.4472.114 Safari/537.36 Edg/91.0.864.54" "jsdsportsdevelopment.org"
94.172.221.80 - - [19/Sep/2022:17:40:46 -0700] "GET /blog/wp-comments-post.php HTTP/1.1" 405 - "-" "Mozilla/5.0 (Windows NT 10.0; Win64; x64) AppleWebKit/537.36 (KHTML, like Gecko) Chrome/97.0.4692.71 Safari/537.36" "jsdsportsdevelopment.org"
114.119.140.99 - - [19/Sep/2022:18:16:23 -0700] "GET /wp-includes/blocks/navigation/view.asset.php HTTP/1.1" 200 - "https://jsdsportsdevelopment.org/wp-includes/blocks/navigation/?C=M%3BO%3DA" "Mozilla/5.0 (Linux; Android 7.0;) AppleWebKit/537.36 (KHTML, like Gecko) Mobile Safari/537.36 (compatible; PetalBot;+https://webmaster.petalsearch.com/site/petalbot)" "jsdsportsdevelopment.org"
144.202.127.223 - - [19/Sep/2022:18:23:31 -0700] "GET / HTTP/1.1" 200 428 "-" "=Mozilla/5.0 (Macintosh; Intel Mac OS X 10_9_3) AppleWebKit/537.36 (KHTML, like Gecko) Chrome/35.0.1916.47 Safari/537.36" "jsdsportsdevelopment.org"
185.191.171.16 - - [19/Sep/2022:18:28:26 -0700] "GET /robots.txt HTTP/1.1" 404 88 "-" "Mozilla/5.0 (compatible; SemrushBot/7~bl; +http://www.semrush.com/bot.html)" "jsdsportsdevelopment.org"
185.191.171.21 - - [19/Sep/2022:18:28:27 -0700] "GET /wp-includes/ HTTP/1.1" 200 405 "-" "Mozilla/5.0 (compatible; SemrushBot/7~bl; +http://www.semrush.com/bot.html)" "jsdsportsdevelopment.org"
94.172.221.80 - - [19/Sep/2022:18:40:46 -0700] "GET /blog/wp-comments-post.php HTTP/1.1" 405 - "-" "Mozilla/5.0 (Windows NT 10.0; Win64; x64) AppleWebKit/537.36 (KHTML, like Gecko) Chrome/97.0.4692.71 Safari/537.36" "jsdsportsdevelopment.org"
46.101.80.192 - - [19/Sep/2022:19:04:14 -0700] "GET / HTTP/1.1" 200 428 "-" "Mozilla/5.0 (Windows NT 6.0) AppleWebKit/537.36 (KHTML, like Gecko) Chrome/34.0.1847.116 Safari/537.36" "jsdsportsdevelopment.org"
46.101.80.192 - - [19/Sep/2022:19:04:16 -0700] "GET /?C=N;O=D HTTP/1.1" 200 426 "-" "Mozilla/5.0 (Windows NT 6.0) AppleWebKit/537.36 (KHTML, like Gecko) Chrome/34.0.1847.116 Safari/537.36" "jsdsportsdevelopment.org"
10.247.24.58 - - [19/Sep/2022:19:04:21 -0700] "POST /wp-cron.php?doing_wp_cron=1663639460.9637529850006103515625 HTTP/1.1" 404 88 "https://jsdsportsdevelopment.org/wp-cron.php?doing_wp_cron=1663639460.9637529850006103515625" "WordPress/6.0.1; https://jsdsportsdevelopment.org" "jsdsportsdevelopment.org"
46.101.80.192 - - [19/Sep/2022:19:04:17 -0700] "GET /blog/ HTTP/1.1" 200 28684 "-" "Mozilla/5.0 (Windows NT 6.0) AppleWebKit/537.36 (KHTML, like Gecko) Chrome/34.0.1847.116 Safari/537.36" "jsdsportsdevelopment.org"
46.101.80.192 - - [19/Sep/2022:19:04:22 -0700] "GET /index.html.bak HTTP/1.1" 200 867 "-" "Mozilla/5.0 (Windows NT 6.0) AppleWebKit/537.36 (KHTML, like Gecko) Chrome/34.0.1847.116 Safari/537.36" "jsdsportsdevelopment.org"
46.101.80.192 - - [19/Sep/2022:19:04:23 -0700] "GET /index.html.bakk HTTP/1.1" 200 867 "-" "Mozilla/5.0 (Windows NT 6.0) AppleWebKit/537.36 (KHTML, like Gecko) Chrome/34.0.1847.116 Safari/537.36" "jsdsportsdevelopment.org"
46.101.80.192 - - [19/Sep/2022:19:04:24 -0700] "GET /wp-content/ HTTP/1.1" 200 354 "-" "Mozilla/5.0 (Windows NT 6.0) AppleWebKit/537.36 (KHTML, like Gecko) Chrome/34.0.1847.116 Safari/537.36" "jsdsportsdevelopment.org"
185.191.171.7 - - [19/Sep/2022:19:25:09 -0700] "GET / HTTP/1.1" 200 428 "-" "Mozilla/5.0 (compatible; SemrushBot/7~bl; +http://www.semrush.com/bot.html)" "jsdsportsdevelopment.org"
147.78.47.233 - - [19/Sep/2022:19:42:02 -0700] "GET /administrator/ HTTP/1.1" 404 88 "http://jsdsportsdevelopment.org/administrator/" "Mozilla/5.0 (Windows NT 10.0; Win64; x64) AppleWebKit/537.36 (KHTML, like Gecko) Chrome/64.0.3282.140 Safari/537.36 Edge/18.17763" "jsdsportsdevelopment.org"
10.247.24.60 - - [19/Sep/2022:20:19:37 -0700] "POST /wp-cron.php?doing_wp_cron=1663643977.0072219371795654296875 HTTP/1.1" 404 88 "https://jsdsportsdevelopment.org/wp-cron.php?doing_wp_cron=1663643977.0072219371795654296875" "WordPress/6.0.1; https://jsdsportsdevelopment.org" "jsdsportsdevelopment.org"
157.55.39.93 - - [19/Sep/2022:20:20:09 -0700] "GET /wp-content/themes/avenue/inc/js/jquery.easing.1.3.js?ver=2.03 HTTP/1.1" 404 88 "-" "Mozilla/5.0 (compatible; bingbot/2.0; +http://www.bing.com/bingbot.htm)" "jsdsportsdevelopment.org"
157.55.39.93 - - [19/Sep/2022:20:20:09 -0700] "GET /wp-content/themes/avenue/inc/js/script.js?ver=2.03 HTTP/1.1" 404 88 "-" "Mozilla/5.0 (compatible; bingbot/2.0; +http://www.bing.com/bingbot.htm)" "jsdsportsdevelopment.org"
157.55.39.93 - - [19/Sep/2022:20:20:09 -0700] "GET /wp-content/themes/avenue/js/navigation.js?ver=2.03 HTTP/1.1" 404 88 "-" "Mozilla/5.0 (compatible; bingbot/2.0; +http://www.bing.com/bingbot.htm)" "jsdsportsdevelopment.org"
157.55.39.93 - - [19/Sep/2022:20:20:09 -0700] "GET /wp-includes/js/jquery/jquery.min.js?ver=3.6.0 HTTP/1.1" 404 88 "-" "Mozilla/5.0 (compatible; bingbot/2.0; +http://www.bing.com/bingbot.htm)" "jsdsportsdevelopment.org"
157.55.39.93 - - [19/Sep/2022:20:20:09 -0700] "GET /wp-includes/js/jquery/ui/core.min.js?ver=1.13.1 HTTP/1.1" 404 88 "-" "Mozilla/5.0 AppleWebKit/537.36 (KHTML, like Gecko; compatible; bingbot/2.0; +http://www.bing.com/bingbot.htm) Chrome/103.0.5060.134 Safari/537.36" "jsdsportsdevelopment.org"
157.55.39.93 - - [19/Sep/2022:20:20:09 -0700] "GET /wp-includes/js/wp-emoji-release.min.js?ver=6.0.1 HTTP/1.1" 404 88 "-" "Mozilla/5.0 (compatible; bingbot/2.0; +http://www.bing.com/bingbot.htm)" "jsdsportsdevelopment.org"
207.46.13.150 - - [19/Sep/2022:20:20:12 -0700] "GET /wp-content/themes/avenue/inc/css/bootstrap.css?ver=2.03 HTTP/1.1" 404 88 "-" "Mozilla/5.0 (compatible; bingbot/2.0; +http://www.bing.com/bingbot.htm)" "jsdsportsdevelopment.org"
207.46.13.148 - - [19/Sep/2022:20:20:13 -0700] "GET /wp-content/themes/avenue/inc/css/camera.css?ver=2.03 HTTP/1.1" 404 88 "-" "Mozilla/5.0 (compatible; bingbot/2.0; +http://www.bing.com/bingbot.htm)" "jsdsportsdevelopment.org"
157.55.39.189 - - [19/Sep/2022:20:20:14 -0700] "GET /wp-content/themes/avenue/inc/css/font-awesome.min.css?ver=2.03 HTTP/1.1" 404 88 "-" "Mozilla/5.0 (compatible; bingbot/2.0; +http://www.bing.com/bingbot.htm)" "jsdsportsdevelopment.org"
157.55.39.189 - - [19/Sep/2022:20:20:14 -0700] "GET /wp-content/themes/avenue/inc/css/style.css?ver=2.03 HTTP/1.1" 404 88 "-" "Mozilla/5.0 (compatible; bingbot/2.0; +http://www.bing.com/bingbot.htm)" "jsdsportsdevelopment.org"
157.55.39.189 - - [19/Sep/2022:20:20:14 -0700] "GET /wp-content/themes/avenue/inc/css/temps/blue.css?ver=2.03 HTTP/1.1" 404 88 "-" "Mozilla/5.0 (compatible; bingbot/2.0; +http://www.bing.com/bingbot.htm)" "jsdsportsdevelopment.org"
157.55.39.189 - - [19/Sep/2022:20:20:14 -0700] "GET /wp-content/themes/avenue/inc/js/camera.js?ver=2.03 HTTP/1.1" 404 88 "-" "Mozilla/5.0 AppleWebKit/537.36 (KHTML, like Gecko; compatible; bingbot/2.0; +http://www.bing.com/bingbot.htm) Chrome/103.0.5060.134 Safari/537.36" "jsdsportsdevelopment.org"
157.55.39.189 - - [19/Sep/2022:20:20:14 -0700] "GET /wp-content/themes/avenue/inc/js/wow.min.js?ver=2.03 HTTP/1.1" 404 88 "-" "Mozilla/5.0 (compatible; bingbot/2.0; +http://www.bing.com/bingbot.htm)" "jsdsportsdevelopment.org"
157.55.39.189 - - [19/Sep/2022:20:20:15 -0700] "GET /wp-includes/js/jquery/jquery-migrate.min.js?ver=3.3.2 HTTP/1.1" 404 88 "-" "Mozilla/5.0 (compatible; bingbot/2.0; +http://www.bing.com/bingbot.htm)" "jsdsportsdevelopment.org"
207.46.13.150 - - [19/Sep/2022:20:20:21 -0700] "GET /wp-content/themes/avenue/inc/js/bootstrap.js?ver=2.03 HTTP/1.1" 404 88 "-" "Mozilla/5.0 (compatible; bingbot/2.0; +http://www.bing.com/bingbot.htm)" "jsdsportsdevelopment.org"
207.46.13.150 - - [19/Sep/2022:20:20:21 -0700] "GET /wp-content/themes/avenue/js/skip-link-focus-fix.js?ver=2.03 HTTP/1.1" 404 88 "-" "Mozilla/5.0 (compatible; bingbot/2.0; +http://www.bing.com/bingbot.htm)" "jsdsportsdevelopment.org"
207.46.13.148 - - [19/Sep/2022:20:20:26 -0700] "GET /wp-content/themes/avenue/style.css?ver=6.0.1 HTTP/1.1" 404 88 "-" "Mozilla/5.0 (compatible; bingbot/2.0; +http://www.bing.com/bingbot.htm)" "jsdsportsdevelopment.org"
85.208.22.181 - - [19/Sep/2022:20:50:27 -0700] "GET / HTTP/1.1" 200 428 "-" "CATExplorador/1.0beta (sistemes at domini dot cat; https://domini.cat/catexplorador/)" "jsdsportsdevelopment.org"
85.208.22.181 - - [19/Sep/2022:20:50:28 -0700] "GET / HTTP/1.1" 200 428 "http://jsdsportsdevelopment.org" "CATExplorador/1.0beta (sistemes at domini dot cat; https://domini.cat/catexplorador/)" "jsdsportsdevelopment.org"
10.247.24.60 - - [19/Sep/2022:20:54:01 -0700] "POST /wp-cron.php?doing_wp_cron=1663646041.5451529026031494140625 HTTP/1.1" 404 88 "https://jsdsportsdevelopment.org/wp-cron.php?doing_wp_cron=1663646041.5451529026031494140625" "WordPress/6.0.1; https://jsdsportsdevelopment.org" "jsdsportsdevelopment.org"
207.46.13.148 - - [19/Sep/2022:20:53:58 -0700] "GET /blog/index.php/sports/football HTTP/1.1" 200 28684 "-" "Mozilla/5.0 (compatible; bingbot/2.0; +http://www.bing.com/bingbot.htm)" "jsdsportsdevelopment.org"
114.119.142.42 - - [19/Sep/2022:20:58:34 -0700] "GET /robots.txt HTTP/1.1" 404 88 "-" "Mozilla/5.0 (compatible;PetalBot;+https://webmaster.petalsearch.com/site/petalbot)" "jsdsportsdevelopment.org"
114.119.140.87 - - [19/Sep/2022:21:38:02 -0700] "GET /wp-includes/blocks/navigation-submenu/?C=M%3BO%3DA HTTP/1.1" 200 456 "https://jsdsportsdevelopment.org/wp-includes/blocks/navigation-submenu/" "Mozilla/5.0 (Linux; Android 7.0;) AppleWebKit/537.36 (KHTML, like Gecko) Mobile Safari/537.36 (compatible; PetalBot;+https://webmaster.petalsearch.com/site/petalbot)" "jsdsportsdevelopment.org"
114.119.140.99 - - [19/Sep/2022:21:44:44 -0700] "GET /wp-includes/blocks/comment-content/block.json HTTP/1.1" 200 433 "https://jsdsportsdevelopment.org/wp-includes/blocks/comment-content/" "Mozilla/5.0 (Linux; Android 7.0;) AppleWebKit/537.36 (KHTML, like Gecko) Mobile Safari/537.36 (compatible; PetalBot;+https://webmaster.petalsearch.com/site/petalbot)" "jsdsportsdevelopment.org"
94.172.221.80 - - [19/Sep/2022:21:50:29 -0700] "GET /blog/wp-comments-post.php HTTP/1.1" 405 - "-" "Mozilla/5.0 (Windows NT 10.0; Win64; x64) AppleWebKit/537.36 (KHTML, like Gecko) Chrome/97.0.4692.71 Safari/537.36" "jsdsportsdevelopment.org"
152.89.196.13 - - [19/Sep/2022:22:35:37 -0700] "GET /css/contents.php?673435 HTTP/1.1" 404 88 "-" "Mozilla/5.0 (Macintosh; Intel Mac OS X 10.14; rv:68.0) Gecko/20100101 Firefox/68.0" "jsdsportsdevelopment.org"
10.247.24.59 - - [19/Sep/2022:22:37:46 -0700] "POST /wp-cron.php?doing_wp_cron=1663652266.0436890125274658203125 HTTP/1.1" 404 88 "https://jsdsportsdevelopment.org/wp-cron.php?doing_wp_cron=1663652266.0436890125274658203125" "WordPress/6.0.1; https://jsdsportsdevelopment.org" "jsdsportsdevelopment.org"
114.119.140.99 - - [19/Sep/2022:22:37:42 -0700] "GET /blog/index.php/our-team/ HTTP/1.1" 200 28684 "http://jsdsportsdevelopment.org/blog/mentoring/" "Mozilla/5.0 (Linux; Android 7.0;) AppleWebKit/537.36 (KHTML, like Gecko) Mobile Safari/537.36 (compatible; PetalBot;+https://webmaster.petalsearch.com/site/petalbot)" "jsdsportsdevelopment.org"
114.119.140.99 - - [19/Sep/2022:22:42:51 -0700] "GET /wp-includes/blocks/post-comments-form/editor-rtl.min.css HTTP/1.1" 200 96 "https://jsdsportsdevelopment.org/wp-includes/blocks/post-comments-form/?C=M%3BO%3DA" "Mozilla/5.0 (Linux; Android 7.0;) AppleWebKit/537.36 (KHTML, like Gecko) Mobile Safari/537.36 (compatible; PetalBot;+https://webmaster.petalsearch.com/site/petalbot)" "jsdsportsdevelopment.org"
114.119.141.100 - - [19/Sep/2022:22:48:21 -0700] "GET /wp-includes/blocks/navigation-link/?C=D%3BO%3DA HTTP/1.1" 200 503 "https://jsdsportsdevelopment.org/wp-includes/blocks/navigation-link/" "Mozilla/5.0 (Linux; Android 7.0;) AppleWebKit/537.36 (KHTML, like Gecko) Mobile Safari/537.36 (compatible; PetalBot;+https://webmaster.petalsearch.com/site/petalbot)" "jsdsportsdevelopment.org"
57.128.45.42 - - [19/Sep/2022:22:55:29 -0700] "GET /wp-includes/shell20211028.php HTTP/1.1" 404 88 "www.google.com" "Mozlila/5.0 (Linux; Android 7.0; SM-G892A Bulid/NRD90M; wv) AppleWebKit/537.36 (KHTML, like Gecko) Version/4.0 Chrome/60.0.3112.107 Moblie Safari/537.36" "jsdsportsdevelopment.org"
57.128.45.42 - - [19/Sep/2022:22:55:39 -0700] "GET /wp-includes/shell20211028.php HTTP/1.1" 404 88 "www.google.com" "Mozlila/5.0 (Linux; Android 7.0; SM-G892A Bulid/NRD90M; wv) AppleWebKit/537.36 (KHTML, like Gecko) Version/4.0 Chrome/60.0.3112.107 Moblie Safari/537.36" "jsdsportsdevelopment.org"
10.247.24.58 - - [19/Sep/2022:22:58:44 -0700] "POST /wp-cron.php?doing_wp_cron=1663653524.0220060348510742187500 HTTP/1.1" 404 88 "https://jsdsportsdevelopment.org/wp-cron.php?doing_wp_cron=1663653524.0220060348510742187500" "WordPress/6.0.1; https://jsdsportsdevelopment.org" "jsdsportsdevelopment.org"
114.119.140.87 - - [19/Sep/2022:22:58:39 -0700] "GET /blog/index.php/sports/track/ HTTP/1.1" 200 28684 "http://jsdsportsdevelopment.org/blog/mentoring/" "Mozilla/5.0 (Linux; Android 7.0;) AppleWebKit/537.36 (KHTML, like Gecko) Mobile Safari/537.36 (compatible; PetalBot;+https://webmaster.petalsearch.com/site/petalbot)" "jsdsportsdevelopment.org"
185.191.171.7 - - [19/Sep/2022:23:02:18 -0700] "GET /robots.txt HTTP/1.1" 404 88 "-" "Mozilla/5.0 (compatible; SemrushBot/7~bl; +http://www.semrush.com/bot.html)" "jsdsportsdevelopment.org"
10.247.24.60 - - [19/Sep/2022:23:02:21 -0700] "POST /wp-cron.php?doing_wp_cron=1663653741.4801959991455078125000 HTTP/1.1" 404 88 "https://jsdsportsdevelopment.org/wp-cron.php?doing_wp_cron=1663653741.4801959991455078125000" "WordPress/6.0.1; https://jsdsportsdevelopment.org" "jsdsportsdevelopment.org"
185.191.171.5 - - [19/Sep/2022:23:02:19 -0700] "GET /blog/index.php/mentoring/ HTTP/1.1" 200 28684 "-" "Mozilla/5.0 (compatible; SemrushBot/7~bl; +http://www.semrush.com/bot.html)" "jsdsportsdevelopment.org"
114.119.140.99 - - [19/Sep/2022:23:04:11 -0700] "GET /wp-includes/js/dist/ HTTP/1.1" 200 368 "https://jsdsportsdevelopment.org/wp-includes/js/?C=D%3BO%3DA" "Mozilla/5.0 (Linux; Android 7.0;) AppleWebKit/537.36 (KHTML, like Gecko) Mobile Safari/537.36 (compatible; PetalBot;+https://webmaster.petalsearch.com/site/petalbot)" "jsdsportsdevelopment.org"
114.119.130.111 - - [19/Sep/2022:23:09:41 -0700] "GET /wp-includes/blocks/template-part/editor.min.css HTTP/1.1" 200 149 "https://jsdsportsdevelopment.org/wp-includes/blocks/template-part/" "Mozilla/5.0 (Linux; Android 7.0;) AppleWebKit/537.36 (KHTML, like Gecko) Mobile Safari/537.36 (compatible; PetalBot;+https://webmaster.petalsearch.com/site/petalbot)" "jsdsportsdevelopment.org"
114.119.140.99 - - [19/Sep/2022:23:15:20 -0700] "GET /wp-includes/blocks/comments-pagination-numbers/editor-rtl.min.css HTTP/1.1" 200 123 "https://jsdsportsdevelopment.org/wp-includes/blocks/comments-pagination-numbers/?C=M%3BO%3DA" "Mozilla/5.0 (Linux; Android 7.0;) AppleWebKit/537.36 (KHTML, like Gecko) Mobile Safari/537.36 (compatible; PetalBot;+https://webmaster.petalsearch.com/site/petalbot)" "jsdsportsdevelopment.org"
185.191.171.37 - - [19/Sep/2022:23:18:50 -0700] "GET /wp-content/ HTTP/1.1" 200 354 "-" "Mozilla/5.0 (compatible; SemrushBot/7~bl; +http://www.semrush.com/bot.html)" "jsdsportsdevelopment.org"
114.119.140.87 - - [19/Sep/2022:23:20:51 -0700] "GET /wp-includes/js/?C=S%3BO%3DA HTTP/1.1" 200 359 "https://jsdsportsdevelopment.org/wp-includes/js/?C=D%3BO%3DA" "Mozilla/5.0 (Linux; Android 7.0;) AppleWebKit/537.36 (KHTML, like Gecko) Mobile Safari/537.36 (compatible; PetalBot;+https://webmaster.petalsearch.com/site/petalbot)" "jsdsportsdevelopment.org"
212.16.164.132 - - [19/Sep/2022:23:30:24 -0700] "GET /index.php?ac=mup HTTP/1.1" 404 73 "jsdsportsdevelopment.org" "Mozilla/5.0 (Windows NT 6.1; WOW64) AppleWebKit/537.36 (KHTML, like Gecko) Chrome/50.0.2661.75 Safari/537.36" "jsdsportsdevelopment.org"
114.119.130.111 - - [19/Sep/2022:23:33:34 -0700] "GET /wp-content/?C=S%3BO%3DA HTTP/1.1" 200 354 "https://jsdsportsdevelopment.org/wp-content/?C=D%3BO%3DA" "Mozilla/5.0 (Linux; Android 7.0;) AppleWebKit/537.36 (KHTML, like Gecko) Mobile Safari/537.36 (compatible; PetalBot;+https://webmaster.petalsearch.com/site/petalbot)" "jsdsportsdevelopment.org"
46.211.0.82 - - [19/Sep/2022:23:46:02 -0700] "GET / HTTP/1.1" 200 428 "http://jsdsportsdevelopment.org" "Mozilla/5.0 (Windows NT 10.0; Win64; x64) AppleWebKit/537.36 (KHTML, like Gecko) Chrome/103.0.0.0 Safari/537.36 Vivaldi/5.3.2679.68" "jsdsportsdevelopment.org"
178.128.169.213 - - [20/Sep/2022:00:20:02 -0700] "HEAD / HTTP/1.1" 200 - "https://www.bing.com" "Mozilla/5.0 (Windows NT 6.4; WOW64) AppleWebKit/537.36 (KHTML, like Gecko) Chrome/41.0.2225.0 Safari/537.36" "jsdsportsdevelopment.org"
178.128.169.213 - - [20/Sep/2022:00:20:03 -0700] "GET /wp-login.php HTTP/1.1" 404 88 "http://jsdsportsdevelopment.org" "Mozilla/5.0 (Windows NT 6.4; WOW64) AppleWebKit/537.36 (KHTML, like Gecko) Chrome/41.0.2225.0 Safari/537.36" "jsdsportsdevelopment.org"
178.128.169.213 - - [20/Sep/2022:00:20:04 -0700] "GET /wordpress/wp-login.php HTTP/1.1" 404 88 "http://jsdsportsdevelopment.org" "Mozilla/5.0 (Windows NT 6.4; WOW64) AppleWebKit/537.36 (KHTML, like Gecko) Chrome/41.0.2225.0 Safari/537.36" "jsdsportsdevelopment.org"
10.247.24.58 - - [20/Sep/2022:00:20:12 -0700] "POST /wp-cron.php?doing_wp_cron=1663658412.1043601036071777343750 HTTP/1.1" 404 88 "https://jsdsportsdevelopment.org/wp-cron.php?doing_wp_cron=1663658412.1043601036071777343750" "WordPress/6.0.1; https://jsdsportsdevelopment.org" "jsdsportsdevelopment.org"
178.128.169.213 - - [20/Sep/2022:00:20:05 -0700] "GET /blog/wp-login.php HTTP/1.1" 200 6686 "http://jsdsportsdevelopment.org" "Mozilla/5.0 (Windows NT 6.4; WOW64) AppleWebKit/537.36 (KHTML, like Gecko) Chrome/41.0.2225.0 Safari/537.36" "jsdsportsdevelopment.org"
178.128.169.213 - - [20/Sep/2022:00:20:13 -0700] "GET /blog/?author=1 HTTP/1.1" 200 23436 "https://jsdsportsdevelopment.org/blog" "Mozilla/5.0 (Windows NT 6.4; WOW64) AppleWebKit/537.36 (KHTML, like Gecko) Chrome/41.0.2225.0 Safari/537.36" "jsdsportsdevelopment.org"
178.128.169.213 - - [20/Sep/2022:00:20:17 -0700] "POST /blog/wp-login.php HTTP/1.1" 200 6969 "https://jsdsportsdevelopment.org/blog" "Mozilla/5.0 (Windows NT 6.4; WOW64) AppleWebKit/537.36 (KHTML, like Gecko) Chrome/41.0.2225.0 Safari/537.36" "jsdsportsdevelopment.org"
178.128.169.213 - - [20/Sep/2022:00:20:19 -0700] "POST /blog/wp-login.php HTTP/1.1" 200 6974 "https://jsdsportsdevelopment.org/blog" "Mozilla/5.0 (Windows NT 6.4; WOW64) AppleWebKit/537.36 (KHTML, like Gecko) Chrome/41.0.2225.0 Safari/537.36" "jsdsportsdevelopment.org"
178.128.169.213 - - [20/Sep/2022:00:20:22 -0700] "POST /blog/wp-login.php HTTP/1.1" 200 6964 "https://jsdsportsdevelopment.org/blog" "Mozilla/5.0 (Windows NT 6.4; WOW64) AppleWebKit/537.36 (KHTML, like Gecko) Chrome/41.0.2225.0 Safari/537.36" "jsdsportsdevelopment.org"
178.128.169.213 - - [20/Sep/2022:00:20:24 -0700] "POST /blog/wp-login.php HTTP/1.1" 200 6965 "https://jsdsportsdevelopment.org/blog" "Mozilla/5.0 (Windows NT 6.4; WOW64) AppleWebKit/537.36 (KHTML, like Gecko) Chrome/41.0.2225.0 Safari/537.36" "jsdsportsdevelopment.org"
178.128.169.213 - - [20/Sep/2022:00:20:27 -0700] "POST /blog/wp-login.php HTTP/1.1" 200 6971 "https://jsdsportsdevelopment.org/blog" "Mozilla/5.0 (Windows NT 6.4; WOW64) AppleWebKit/537.36 (KHTML, like Gecko) Chrome/41.0.2225.0 Safari/537.36" "jsdsportsdevelopment.org"
178.128.169.213 - - [20/Sep/2022:00:20:30 -0700] "POST /blog/wp-login.php HTTP/1.1" 200 6972 "https://jsdsportsdevelopment.org/blog" "Mozilla/5.0 (Windows NT 6.4; WOW64) AppleWebKit/537.36 (KHTML, like Gecko) Chrome/41.0.2225.0 Safari/537.36" "jsdsportsdevelopment.org"
178.128.169.213 - - [20/Sep/2022:00:20:31 -0700] "POST /blog/wp-login.php HTTP/1.1" 200 6974 "https://jsdsportsdevelopment.org/blog" "Mozilla/5.0 (Windows NT 6.4; WOW64) AppleWebKit/537.36 (KHTML, like Gecko) Chrome/41.0.2225.0 Safari/537.36" "jsdsportsdevelopment.org"
178.128.169.213 - - [20/Sep/2022:00:20:34 -0700] "POST /blog/wp-login.php HTTP/1.1" 200 6967 "https://jsdsportsdevelopment.org/blog" "Mozilla/5.0 (Windows NT 6.4; WOW64) AppleWebKit/537.36 (KHTML, like Gecko) Chrome/41.0.2225.0 Safari/537.36" "jsdsportsdevelopment.org"
178.128.169.213 - - [20/Sep/2022:00:20:36 -0700] "POST /blog/wp-login.php HTTP/1.1" 200 6969 "https://jsdsportsdevelopment.org/blog" "Mozilla/5.0 (Windows NT 6.4; WOW64) AppleWebKit/537.36 (KHTML, like Gecko) Chrome/41.0.2225.0 Safari/537.36" "jsdsportsdevelopment.org"
178.128.169.213 - - [20/Sep/2022:00:20:38 -0700] "POST /blog/wp-login.php HTTP/1.1" 200 6964 "https://jsdsportsdevelopment.org/blog" "Mozilla/5.0 (Windows NT 6.4; WOW64) AppleWebKit/537.36 (KHTML, like Gecko) Chrome/41.0.2225.0 Safari/537.36" "jsdsportsdevelopment.org"
178.128.169.213 - - [20/Sep/2022:00:20:40 -0700] "POST /blog/wp-login.php HTTP/1.1" 200 6964 "https://jsdsportsdevelopment.org/blog" "Mozilla/5.0 (Windows NT 6.4; WOW64) AppleWebKit/537.36 (KHTML, like Gecko) Chrome/41.0.2225.0 Safari/537.36" "jsdsportsdevelopment.org"
178.128.169.213 - - [20/Sep/2022:00:20:42 -0700] "POST /blog/wp-login.php HTTP/1.1" 200 6972 "https://jsdsportsdevelopment.org/blog" "Mozilla/5.0 (Windows NT 6.4; WOW64) AppleWebKit/537.36 (KHTML, like Gecko) Chrome/41.0.2225.0 Safari/537.36" "jsdsportsdevelopment.org"
178.128.169.213 - - [20/Sep/2022:00:20:44 -0700] "POST /blog/wp-login.php HTTP/1.1" 200 6970 "https://jsdsportsdevelopment.org/blog" "Mozilla/5.0 (Windows NT 6.4; WOW64) AppleWebKit/537.36 (KHTML, like Gecko) Chrome/41.0.2225.0 Safari/537.36" "jsdsportsdevelopment.org"
178.128.169.213 - - [20/Sep/2022:00:20:46 -0700] "POST /blog/wp-login.php HTTP/1.1" 200 6969 "https://jsdsportsdevelopment.org/blog" "Mozilla/5.0 (Windows NT 6.4; WOW64) AppleWebKit/537.36 (KHTML, like Gecko) Chrome/41.0.2225.0 Safari/537.36" "jsdsportsdevelopment.org"
178.128.169.213 - - [20/Sep/2022:00:20:47 -0700] "POST /blog/wp-login.php HTTP/1.1" 200 6967 "https://jsdsportsdevelopment.org/blog" "Mozilla/5.0 (Windows NT 6.4; WOW64) AppleWebKit/537.36 (KHTML, like Gecko) Chrome/41.0.2225.0 Safari/537.36" "jsdsportsdevelopment.org"
178.128.169.213 - - [20/Sep/2022:00:20:50 -0700] "POST /blog/wp-login.php HTTP/1.1" 200 6967 "https://jsdsportsdevelopment.org/blog" "Mozilla/5.0 (Windows NT 6.4; WOW64) AppleWebKit/537.36 (KHTML, like Gecko) Chrome/41.0.2225.0 Safari/537.36" "jsdsportsdevelopment.org"
178.128.169.213 - - [20/Sep/2022:00:20:52 -0700] "POST /blog/wp-login.php HTTP/1.1" 200 6968 "https://jsdsportsdevelopment.org/blog" "Mozilla/5.0 (Windows NT 6.4; WOW64) AppleWebKit/537.36 (KHTML, like Gecko) Chrome/41.0.2225.0 Safari/537.36" "jsdsportsdevelopment.org"
178.128.169.213 - - [20/Sep/2022:00:20:53 -0700] "POST /blog/wp-login.php HTTP/1.1" 200 6968 "https://jsdsportsdevelopment.org/blog" "Mozilla/5.0 (Windows NT 6.4; WOW64) AppleWebKit/537.36 (KHTML, like Gecko) Chrome/41.0.2225.0 Safari/537.36" "jsdsportsdevelopment.org"
178.128.169.213 - - [20/Sep/2022:00:20:56 -0700] "POST /blog/wp-login.php HTTP/1.1" 200 6972 "https://jsdsportsdevelopment.org/blog" "Mozilla/5.0 (Windows NT 6.4; WOW64) AppleWebKit/537.36 (KHTML, like Gecko) Chrome/41.0.2225.0 Safari/537.36" "jsdsportsdevelopment.org"
178.128.169.213 - - [20/Sep/2022:00:20:58 -0700] "POST /blog/wp-login.php HTTP/1.1" 200 6971 "https://jsdsportsdevelopment.org/blog" "Mozilla/5.0 (Windows NT 6.4; WOW64) AppleWebKit/537.36 (KHTML, like Gecko) Chrome/41.0.2225.0 Safari/537.36" "jsdsportsdevelopment.org"
178.128.169.213 - - [20/Sep/2022:00:20:59 -0700] "POST /blog/wp-login.php HTTP/1.1" 200 6974 "https://jsdsportsdevelopment.org/blog" "Mozilla/5.0 (Windows NT 6.4; WOW64) AppleWebKit/537.36 (KHTML, like Gecko) Chrome/41.0.2225.0 Safari/537.36" "jsdsportsdevelopment.org"
178.128.169.213 - - [20/Sep/2022:00:21:01 -0700] "POST /blog/wp-login.php HTTP/1.1" 200 6968 "https://jsdsportsdevelopment.org/blog" "Mozilla/5.0 (Windows NT 6.4; WOW64) AppleWebKit/537.36 (KHTML, like Gecko) Chrome/41.0.2225.0 Safari/537.36" "jsdsportsdevelopment.org"
178.128.169.213 - - [20/Sep/2022:00:21:02 -0700] "POST /blog/wp-login.php HTTP/1.1" 200 6967 "https://jsdsportsdevelopment.org/blog" "Mozilla/5.0 (Windows NT 6.4; WOW64) AppleWebKit/537.36 (KHTML, like Gecko) Chrome/41.0.2225.0 Safari/537.36" "jsdsportsdevelopment.org"
178.128.169.213 - - [20/Sep/2022:00:21:04 -0700] "POST /blog/wp-login.php HTTP/1.1" 200 6968 "https://jsdsportsdevelopment.org/blog" "Mozilla/5.0 (Windows NT 6.4; WOW64) AppleWebKit/537.36 (KHTML, like Gecko) Chrome/41.0.2225.0 Safari/537.36" "jsdsportsdevelopment.org"
178.128.169.213 - - [20/Sep/2022:00:21:06 -0700] "POST /blog/wp-login.php HTTP/1.1" 200 6970 "https://jsdsportsdevelopment.org/blog" "Mozilla/5.0 (Windows NT 6.4; WOW64) AppleWebKit/537.36 (KHTML, like Gecko) Chrome/41.0.2225.0 Safari/537.36" "jsdsportsdevelopment.org"
178.128.169.213 - - [20/Sep/2022:00:21:08 -0700] "POST /blog/wp-login.php HTTP/1.1" 200 6971 "https://jsdsportsdevelopment.org/blog" "Mozilla/5.0 (Windows NT 6.4; WOW64) AppleWebKit/537.36 (KHTML, like Gecko) Chrome/41.0.2225.0 Safari/537.36" "jsdsportsdevelopment.org"
178.128.169.213 - - [20/Sep/2022:00:21:09 -0700] "POST /blog/wp-login.php HTTP/1.1" 500 2455 "https://jsdsportsdevelopment.org/blog" "Mozilla/5.0 (Windows NT 6.4; WOW64) AppleWebKit/537.36 (KHTML, like Gecko) Chrome/41.0.2225.0 Safari/537.36" "jsdsportsdevelopment.org"
178.128.169.213 - - [20/Sep/2022:00:21:10 -0700] "POST /blog/wp-login.php HTTP/1.1" 200 6974 "https://jsdsportsdevelopment.org/blog" "Mozilla/5.0 (Windows NT 6.4; WOW64) AppleWebKit/537.36 (KHTML, like Gecko) Chrome/41.0.2225.0 Safari/537.36" "jsdsportsdevelopment.org"
10.247.24.59 - - [20/Sep/2022:00:21:13 -0700] "POST /wp-cron.php?doing_wp_cron=1663658473.8471291065216064453125 HTTP/1.1" 404 88 "https://jsdsportsdevelopment.org/wp-cron.php?doing_wp_cron=1663658473.8471291065216064453125" "WordPress/6.0.1; https://jsdsportsdevelopment.org" "jsdsportsdevelopment.org"
178.128.169.213 - - [20/Sep/2022:00:21:11 -0700] "POST /blog/wp-login.php HTTP/1.1" 200 6969 "https://jsdsportsdevelopment.org/blog" "Mozilla/5.0 (Windows NT 6.4; WOW64) AppleWebKit/537.36 (KHTML, like Gecko) Chrome/41.0.2225.0 Safari/537.36" "jsdsportsdevelopment.org"
178.128.169.213 - - [20/Sep/2022:00:21:14 -0700] "POST /blog/wp-login.php HTTP/1.1" 500 2453 "https://jsdsportsdevelopment.org/blog" "Mozilla/5.0 (Windows NT 6.4; WOW64) AppleWebKit/537.36 (KHTML, like Gecko) Chrome/41.0.2225.0 Safari/537.36" "jsdsportsdevelopment.org"
178.128.169.213 - - [20/Sep/2022:00:21:14 -0700] "POST /blog/wp-login.php HTTP/1.1" 200 6973 "https://jsdsportsdevelopment.org/blog" "Mozilla/5.0 (Windows NT 6.4; WOW64) AppleWebKit/537.36 (KHTML, like Gecko) Chrome/41.0.2225.0 Safari/537.36" "jsdsportsdevelopment.org"
178.128.169.213 - - [20/Sep/2022:00:21:16 -0700] "POST /blog/wp-login.php HTTP/1.1" 500 2456 "https://jsdsportsdevelopment.org/blog" "Mozilla/5.0 (Windows NT 6.4; WOW64) AppleWebKit/537.36 (KHTML, like Gecko) Chrome/41.0.2225.0 Safari/537.36" "jsdsportsdevelopment.org"
178.128.169.213 - - [20/Sep/2022:00:21:17 -0700] "POST /blog/wp-login.php HTTP/1.1" 200 6973 "https://jsdsportsdevelopment.org/blog" "Mozilla/5.0 (Windows NT 6.4; WOW64) AppleWebKit/537.36 (KHTML, like Gecko) Chrome/41.0.2225.0 Safari/537.36" "jsdsportsdevelopment.org"
178.128.169.213 - - [20/Sep/2022:00:21:19 -0700] "POST /blog/wp-login.php HTTP/1.1" 500 2456 "https://jsdsportsdevelopment.org/blog" "Mozilla/5.0 (Windows NT 6.4; WOW64) AppleWebKit/537.36 (KHTML, like Gecko) Chrome/41.0.2225.0 Safari/537.36" "jsdsportsdevelopment.org"
178.128.169.213 - - [20/Sep/2022:00:21:19 -0700] "POST /blog/wp-login.php HTTP/1.1" 500 2456 "https://jsdsportsdevelopment.org/blog" "Mozilla/5.0 (Windows NT 6.4; WOW64) AppleWebKit/537.36 (KHTML, like Gecko) Chrome/41.0.2225.0 Safari/537.36" "jsdsportsdevelopment.org"
178.128.169.213 - - [20/Sep/2022:00:21:19 -0700] "POST /blog/wp-login.php HTTP/1.1" 200 6968 "https://jsdsportsdevelopment.org/blog" "Mozilla/5.0 (Windows NT 6.4; WOW64) AppleWebKit/537.36 (KHTML, like Gecko) Chrome/41.0.2225.0 Safari/537.36" "jsdsportsdevelopment.org"
178.128.169.213 - - [20/Sep/2022:00:21:21 -0700] "POST /blog/wp-login.php HTTP/1.1" 500 2176 "https://jsdsportsdevelopment.org/blog" "Mozilla/5.0 (Windows NT 6.4; WOW64) AppleWebKit/537.36 (KHTML, like Gecko) Chrome/41.0.2225.0 Safari/537.36" "jsdsportsdevelopment.org"
178.128.169.213 - - [20/Sep/2022:00:21:22 -0700] "POST /blog/wp-login.php HTTP/1.1" 500 2454 "https://jsdsportsdevelopment.org/blog" "Mozilla/5.0 (Windows NT 6.4; WOW64) AppleWebKit/537.36 (KHTML, like Gecko) Chrome/41.0.2225.0 Safari/537.36" "jsdsportsdevelopment.org"
178.128.169.213 - - [20/Sep/2022:00:21:22 -0700] "POST /blog/wp-login.php HTTP/1.1" 500 2459 "https://jsdsportsdevelopment.org/blog" "Mozilla/5.0 (Windows NT 6.4; WOW64) AppleWebKit/537.36 (KHTML, like Gecko) Chrome/41.0.2225.0 Safari/537.36" "jsdsportsdevelopment.org"
178.128.169.213 - - [20/Sep/2022:00:21:22 -0700] "POST /blog/wp-login.php HTTP/1.1" 500 2454 "https://jsdsportsdevelopment.org/blog" "Mozilla/5.0 (Windows NT 6.4; WOW64) AppleWebKit/537.36 (KHTML, like Gecko) Chrome/41.0.2225.0 Safari/537.36" "jsdsportsdevelopment.org"
178.128.169.213 - - [20/Sep/2022:00:21:22 -0700] "POST /blog/wp-login.php HTTP/1.1" 500 2175 "https://jsdsportsdevelopment.org/blog" "Mozilla/5.0 (Windows NT 6.4; WOW64) AppleWebKit/537.36 (KHTML, like Gecko) Chrome/41.0.2225.0 Safari/537.36" "jsdsportsdevelopment.org"
178.128.169.213 - - [20/Sep/2022:00:21:23 -0700] "POST /blog/wp-login.php HTTP/1.1" 500 2456 "https://jsdsportsdevelopment.org/blog" "Mozilla/5.0 (Windows NT 6.4; WOW64) AppleWebKit/537.36 (KHTML, like Gecko) Chrome/41.0.2225.0 Safari/537.36" "jsdsportsdevelopment.org"
207.46.13.96 - - [20/Sep/2022:00:22:12 -0700] "GET /blog/index.php/sports/football/ HTTP/1.1" 200 28684 "-" "Mozilla/5.0 (compatible; bingbot/2.0; +http://www.bing.com/bingbot.htm)" "jsdsportsdevelopment.org"
10.247.24.59 - - [20/Sep/2022:00:49:21 -0700] "POST /wp-cron.php?doing_wp_cron=1663660161.0554668903350830078125 HTTP/1.1" 404 88 "https://jsdsportsdevelopment.org/wp-cron.php?doing_wp_cron=1663660161.0554668903350830078125" "WordPress/6.0.1; https://jsdsportsdevelopment.org" "jsdsportsdevelopment.org"
207.46.13.150 - - [20/Sep/2022:00:49:17 -0700] "GET /blog/index.php/feed/ HTTP/1.1" 200 28684 "-" "Mozilla/5.0 (compatible; bingbot/2.0; +http://www.bing.com/bingbot.htm)" "jsdsportsdevelopment.org"
114.119.129.97 - - [20/Sep/2022:01:00:11 -0700] "GET /robots.txt HTTP/1.1" 404 88 "-" "Mozilla/5.0 (compatible;PetalBot;+https://webmaster.petalsearch.com/site/petalbot)" "jsdsportsdevelopment.org"
10.247.24.58 - - [20/Sep/2022:01:21:05 -0700] "POST /wp-cron.php?doing_wp_cron=1663662065.2953970432281494140625 HTTP/1.1" 404 88 "https://jsdsportsdevelopment.org/wp-cron.php?doing_wp_cron=1663662065.2953970432281494140625" "WordPress/6.0.1; https://jsdsportsdevelopment.org" "jsdsportsdevelopment.org"
207.46.13.148 - - [20/Sep/2022:01:21:02 -0700] "GET /blog/index.php/comments/feed/ HTTP/1.1" 200 28684 "-" "Mozilla/5.0 (compatible; bingbot/2.0; +http://www.bing.com/bingbot.htm)" "jsdsportsdevelopment.org"
10.247.24.59 - - [20/Sep/2022:01:27:46 -0700] "POST /wp-cron.php?doing_wp_cron=1663662466.5510079860687255859375 HTTP/1.1" 404 88 "https://jsdsportsdevelopment.org/wp-cron.php?doing_wp_cron=1663662466.5510079860687255859375" "WordPress/6.0.1; https://jsdsportsdevelopment.org" "jsdsportsdevelopment.org"
157.55.39.93 - - [20/Sep/2022:01:27:42 -0700] "GET /blog/index.php/sports/soccer HTTP/1.1" 200 28684 "-" "Mozilla/5.0 (compatible; bingbot/2.0; +http://www.bing.com/bingbot.htm)" "jsdsportsdevelopment.org"
114.119.140.87 - - [20/Sep/2022:01:33:49 -0700] "GET /wp-includes/js/dist/development/?C=S%3BO%3DA HTTP/1.1" 200 437 "https://jsdsportsdevelopment.org/wp-includes/js/dist/development/?C=N%3BO%3DD" "Mozilla/5.0 (Linux; Android 7.0;) AppleWebKit/537.36 (KHTML, like Gecko) Mobile Safari/537.36 (compatible; PetalBot;+https://webmaster.petalsearch.com/site/petalbot)" "jsdsportsdevelopment.org"
114.119.129.218 - - [20/Sep/2022:01:45:11 -0700] "GET /?C=S%3BO%3DA HTTP/1.1" 200 428 "https://jsdsportsdevelopment.org" "Mozilla/5.0 (Linux; Android 7.0;) AppleWebKit/537.36 (KHTML, like Gecko) Mobile Safari/537.36 (compatible; PetalBot;+https://webmaster.petalsearch.com/site/petalbot)" "jsdsportsdevelopment.org"
10.247.24.59 - - [20/Sep/2022:01:48:11 -0700] "POST /wp-cron.php?doing_wp_cron=1663663691.4468541145324707031250 HTTP/1.1" 500 1721 "https://jsdsportsdevelopment.org/wp-cron.php?doing_wp_cron=1663663691.4468541145324707031250" "WordPress/6.0.1; https://jsdsportsdevelopment.org" "jsdsportsdevelopment.org"
207.46.13.148 - - [20/Sep/2022:01:48:07 -0700] "GET /blog/index.php/sports HTTP/1.1" 200 28684 "-" "Mozilla/5.0 (compatible; bingbot/2.0; +http://www.bing.com/bingbot.htm)" "jsdsportsdevelopment.org"
10.247.24.58 - - [20/Sep/2022:02:01:40 -0700] "POST /wp-cron.php?doing_wp_cron=1663664500.4070448875427246093750 HTTP/1.1" 404 88 "https://jsdsportsdevelopment.org/wp-cron.php?doing_wp_cron=1663664500.4070448875427246093750" "WordPress/6.0.1; https://jsdsportsdevelopment.org" "jsdsportsdevelopment.org"
157.55.39.189 - - [20/Sep/2022:02:01:36 -0700] "GET /blog/index.php/partners HTTP/1.1" 200 28684 "-" "Mozilla/5.0 (compatible; bingbot/2.0; +http://www.bing.com/bingbot.htm)" "jsdsportsdevelopment.org"
114.119.140.99 - - [20/Sep/2022:02:07:29 -0700] "GET /wp-includes/blocks/comment-template/?C=D%3BO%3DA HTTP/1.1" 200 459 "https://jsdsportsdevelopment.org/wp-includes/blocks/comment-template/?C=N%3BO%3DD" "Mozilla/5.0 (Linux; Android 7.0;) AppleWebKit/537.36 (KHTML, like Gecko) Mobile Safari/537.36 (compatible; PetalBot;+https://webmaster.petalsearch.com/site/petalbot)" "jsdsportsdevelopment.org"
114.119.141.100 - - [20/Sep/2022:02:39:46 -0700] "GET /?page_id=20 HTTP/1.1" 200 428 "http://jsdsportsdevelopment.org/blog/?page_id=14" "Mozilla/5.0 (Linux; Android 7.0;) AppleWebKit/537.36 (KHTML, like Gecko) Mobile Safari/537.36 (compatible; PetalBot;+https://webmaster.petalsearch.com/site/petalbot)" "jsdsportsdevelopment.org"
114.119.130.111 - - [20/Sep/2022:03:01:59 -0700] "GET /wp-includes/blocks/comment-date/block.json HTTP/1.1" 200 432 "https://jsdsportsdevelopment.org/wp-includes/blocks/comment-date/?C=S%3BO%3DA" "Mozilla/5.0 (Linux; Android 7.0;) AppleWebKit/537.36 (KHTML, like Gecko) Mobile Safari/537.36 (compatible; PetalBot;+https://webmaster.petalsearch.com/site/petalbot)" "jsdsportsdevelopment.org"
10.247.24.60 - - [20/Sep/2022:03:23:40 -0700] "POST /wp-cron.php?doing_wp_cron=1663669420.3143370151519775390625 HTTP/1.1" 404 88 "https://jsdsportsdevelopment.org/wp-cron.php?doing_wp_cron=1663669420.3143370151519775390625" "WordPress/6.0.1; https://jsdsportsdevelopment.org" "jsdsportsdevelopment.org"
207.46.13.150 - - [20/Sep/2022:03:23:36 -0700] "GET /blog/index.php/ministry HTTP/1.1" 200 28684 "-" "Mozilla/5.0 (compatible; bingbot/2.0; +http://www.bing.com/bingbot.htm)" "jsdsportsdevelopment.org"
114.119.130.111 - - [20/Sep/2022:03:27:28 -0700] "GET /wp-includes/css/dist/edit-site/?C=D%3BO%3DA HTTP/1.1" 200 422 "https://jsdsportsdevelopment.org/wp-includes/css/dist/edit-site/?C=S%3BO%3DA" "Mozilla/5.0 (Linux; Android 7.0;) AppleWebKit/537.36 (KHTML, like Gecko) Mobile Safari/537.36 (compatible; PetalBot;+https://webmaster.petalsearch.com/site/petalbot)" "jsdsportsdevelopment.org"
35.209.186.4 - - [20/Sep/2022:03:28:01 -0700] "HEAD / HTTP/1.1" 200 - "-" "scalaj-http/2.4.2" "jsdsportsdevelopment.org"
35.209.186.4 - - [20/Sep/2022:03:28:01 -0700] "GET / HTTP/1.1" 200 428 "-" "Buck/2.3.2; (+https://app.hypefactors.com/media-monitoring/about.html)" "jsdsportsdevelopment.org"
35.209.186.4 - - [20/Sep/2022:03:28:01 -0700] "GET /robots.txt HTTP/1.1" 404 88 "-" "Buck/2.3.2; (+https://app.hypefactors.com/media-monitoring/about.html)" "jsdsportsdevelopment.org"
35.209.186.4 - - [20/Sep/2022:03:28:02 -0700] "GET /sitemap.xml HTTP/1.1" 404 88 "-" "Buck/2.3.2; (+https://app.hypefactors.com/media-monitoring/about.html)" "jsdsportsdevelopment.org"
10.247.24.58 - - [20/Sep/2022:03:28:33 -0700] "POST /wp-cron.php?doing_wp_cron=1663669713.1713531017303466796875 HTTP/1.1" 404 88 "https://jsdsportsdevelopment.org/wp-cron.php?doing_wp_cron=1663669713.1713531017303466796875" "WordPress/6.0.1; https://jsdsportsdevelopment.org" "jsdsportsdevelopment.org"
35.209.186.4 - - [20/Sep/2022:03:28:30 -0700] "GET /blog/ HTTP/1.1" 200 28684 "-" "Buck/2.3.2; (+https://app.hypefactors.com/media-monitoring/about.html)" "jsdsportsdevelopment.org"
35.209.186.4 - - [20/Sep/2022:03:29:17 -0700] "GET /wp-content/ HTTP/1.1" 200 354 "-" "Buck/2.3.2; (+https://app.hypefactors.com/media-monitoring/about.html)" "jsdsportsdevelopment.org"
35.209.186.4 - - [20/Sep/2022:03:30:00 -0700] "GET /wp-includes/ HTTP/1.1" 200 405 "-" "Buck/2.3.2; (+https://app.hypefactors.com/media-monitoring/about.html)" "jsdsportsdevelopment.org"
35.209.186.4 - - [20/Sep/2022:03:30:28 -0700] "GET /index.html.bak HTTP/1.1" 200 867 "-" "Buck/2.3.2; (+https://app.hypefactors.com/media-monitoring/about.html)" "jsdsportsdevelopment.org"
114.119.130.111 - - [20/Sep/2022:04:29:04 -0700] "GET /wp-includes/blocks/comment-template/?C=M%3BO%3DA HTTP/1.1" 200 459 "https://jsdsportsdevelopment.org/wp-includes/blocks/comment-template/?C=N%3BO%3DD" "Mozilla/5.0 (Linux; Android 7.0;) AppleWebKit/537.36 (KHTML, like Gecko) Mobile Safari/537.36 (compatible; PetalBot;+https://webmaster.petalsearch.com/site/petalbot)" "jsdsportsdevelopment.org"
40.77.167.96 - - [20/Sep/2022:04:46:34 -0700] "GET /robots.txt HTTP/1.1" 404 88 "-" "Mozilla/5.0 (compatible; bingbot/2.0; +http://www.bing.com/bingbot.htm)" "jsdsportsdevelopment.org"
207.46.13.145 - - [20/Sep/2022:04:46:39 -0700] "GET / HTTP/1.1" 200 428 "-" "Mozilla/5.0 (compatible; bingbot/2.0; +http://www.bing.com/bingbot.htm)" "jsdsportsdevelopment.org"
10.247.24.59 - - [20/Sep/2022:04:52:12 -0700] "POST /wp-cron.php?doing_wp_cron=1663674732.4512619972229003906250 HTTP/1.1" 404 88 "https://jsdsportsdevelopment.org/wp-cron.php?doing_wp_cron=1663674732.4512619972229003906250" "WordPress/6.0.1; https://jsdsportsdevelopment.org" "jsdsportsdevelopment.org"
207.46.13.145 - - [20/Sep/2022:04:52:09 -0700] "GET /blog/index.php/after-school HTTP/1.1" 200 28684 "-" "Mozilla/5.0 (compatible; bingbot/2.0; +http://www.bing.com/bingbot.htm)" "jsdsportsdevelopment.org"
194.38.20.161 - - [20/Sep/2022:05:05:31 -0700] "GET /wp-content/themes/konzept/includes/uploadify/upload.php HTTP/1.1" 404 73 "-" "ALittle Client" "jsdsportsdevelopment.org"
40.77.167.96 - - [20/Sep/2022:05:50:48 -0700] "GET /robots.txt HTTP/1.1" 404 88 "-" "Mozilla/5.0 (compatible; bingbot/2.0; +http://www.bing.com/bingbot.htm)" "jsdsportsdevelopment.org"
10.247.24.58 - - [20/Sep/2022:05:51:03 -0700] "POST /wp-cron.php?doing_wp_cron=1663678263.0194089412689208984375 HTTP/1.1" 404 88 "https://jsdsportsdevelopment.org/wp-cron.php?doing_wp_cron=1663678263.0194089412689208984375" "WordPress/6.0.1; https://jsdsportsdevelopment.org" "jsdsportsdevelopment.org"
207.46.13.148 - - [20/Sep/2022:05:50:59 -0700] "GET /blog/index.php/sports/basketball HTTP/1.1" 200 28684 "-" "Mozilla/5.0 (compatible; bingbot/2.0; +http://www.bing.com/bingbot.htm)" "jsdsportsdevelopment.org"
10.247.24.60 - - [20/Sep/2022:05:52:13 -0700] "POST /wp-cron.php?doing_wp_cron=1663678333.7182381153106689453125 HTTP/1.1" 404 88 "https://jsdsportsdevelopment.org/wp-cron.php?doing_wp_cron=1663678333.7182381153106689453125" "WordPress/6.0.1; https://jsdsportsdevelopment.org" "jsdsportsdevelopment.org"
207.46.13.150 - - [20/Sep/2022:05:52:10 -0700] "GET /blog/index.php/2018/11/08/thanksgiving-scholarship-fund HTTP/1.1" 200 28684 "-" "Mozilla/5.0 (compatible; bingbot/2.0; +http://www.bing.com/bingbot.htm)" "jsdsportsdevelopment.org"
114.119.130.111 - - [20/Sep/2022:06:05:24 -0700] "GET /wp-includes/blocks/comment-template/style-rtl.css HTTP/1.1" 200 844 "https://jsdsportsdevelopment.org/wp-includes/blocks/comment-template/?C=N%3BO%3DD" "Mozilla/5.0 (Linux; Android 7.0;) AppleWebKit/537.36 (KHTML, like Gecko) Mobile Safari/537.36 (compatible; PetalBot;+https://webmaster.petalsearch.com/site/petalbot)" "jsdsportsdevelopment.org"
114.119.141.100 - - [20/Sep/2022:06:18:03 -0700] "GET /wp-includes/css/dist/?C=N%3BO%3DD HTTP/1.1" 200 365 "https://jsdsportsdevelopment.org/wp-includes/css/dist/?C=M%3BO%3DA" "Mozilla/5.0 (Linux; Android 7.0;) AppleWebKit/537.36 (KHTML, like Gecko) Mobile Safari/537.36 (compatible; PetalBot;+https://webmaster.petalsearch.com/site/petalbot)" "jsdsportsdevelopment.org"
114.119.140.87 - - [20/Sep/2022:06:29:37 -0700] "GET /wp-includes/blocks/post-author/?C=N%3BO%3DD HTTP/1.1" 200 456 "https://jsdsportsdevelopment.org/wp-includes/blocks/post-author/?C=S%3BO%3DA" "Mozilla/5.0 (Linux; Android 7.0;) AppleWebKit/537.36 (KHTML, like Gecko) Mobile Safari/537.36 (compatible; PetalBot;+https://webmaster.petalsearch.com/site/petalbot)" "jsdsportsdevelopment.org"
10.247.24.59 - - [20/Sep/2022:06:32:28 -0700] "POST /wp-cron.php?doing_wp_cron=1663680748.6350710391998291015625 HTTP/1.1" 500 1724 "https://jsdsportsdevelopment.org/wp-cron.php?doing_wp_cron=1663680748.6350710391998291015625" "WordPress/6.0.1; https://jsdsportsdevelopment.org" "jsdsportsdevelopment.org"
207.46.13.150 - - [20/Sep/2022:06:32:24 -0700] "GET /blog/index.php/sports/track HTTP/1.1" 200 28684 "-" "Mozilla/5.0 (compatible; bingbot/2.0; +http://www.bing.com/bingbot.htm)" "jsdsportsdevelopment.org"
157.55.39.93 - - [20/Sep/2022:06:32:52 -0700] "GET /blog HTTP/1.1" 301 1415 "-" "Mozilla/5.0 (compatible; bingbot/2.0; +http://www.bing.com/bingbot.htm)" "jsdsportsdevelopment.org"
157.55.39.93 - - [20/Sep/2022:06:32:53 -0700] "GET /blog/ HTTP/1.1" 200 28684 "-" "Mozilla/5.0 (compatible; bingbot/2.0; +http://www.bing.com/bingbot.htm)" "jsdsportsdevelopment.org"
10.247.24.59 - - [20/Sep/2022:06:36:15 -0700] "POST /wp-cron.php?doing_wp_cron=1663680975.2583169937133789062500 HTTP/1.1" 404 88 "https://jsdsportsdevelopment.org/wp-cron.php?doing_wp_cron=1663680975.2583169937133789062500" "WordPress/6.0.1; https://jsdsportsdevelopment.org" "jsdsportsdevelopment.org"
207.46.13.96 - - [20/Sep/2022:06:36:12 -0700] "GET /blog/index.php/2017/03/28/hello-world HTTP/1.1" 200 28684 "-" "Mozilla/5.0 (compatible; bingbot/2.0; +http://www.bing.com/bingbot.htm)" "jsdsportsdevelopment.org"
114.119.140.99 - - [20/Sep/2022:06:40:25 -0700] "GET /wp-includes/blocks/post-comments-form/style.min.css HTTP/1.1" 200 494 "https://jsdsportsdevelopment.org/wp-includes/blocks/post-comments-form/?C=M%3BO%3DA" "Mozilla/5.0 (Linux; Android 7.0;) AppleWebKit/537.36 (KHTML, like Gecko) Mobile Safari/537.36 (compatible; PetalBot;+https://webmaster.petalsearch.com/site/petalbot)" "jsdsportsdevelopment.org"
194.34.132.57 - - [20/Sep/2022:06:42:49 -0700] "GET /wp-login.php HTTP/1.1" 404 73 "-" "Mozilla/5.0 (Windows NT 6.1) AppleWebKit/537.36 (KHTML, like Gecko) Chrome/45.0.2454.85 Safari/537.36 OPR/32.0.1948.45" "jsdsportsdevelopment.org"
194.34.132.57 - - [20/Sep/2022:06:42:51 -0700] "GET /wp-login.php HTTP/1.1" 404 73 "-" "Mozilla/5.0 (Windows NT 6.1) AppleWebKit/537.36 (KHTML, like Gecko) Chrome/45.0.2454.85 Safari/537.36 OPR/32.0.1948.45" "jsdsportsdevelopment.org"
194.34.132.57 - - [20/Sep/2022:06:42:53 -0700] "GET /wp-login.php HTTP/1.1" 404 73 "-" "Mozilla/5.0 (Windows NT 6.1) AppleWebKit/537.36 (KHTML, like Gecko) Chrome/45.0.2454.85 Safari/537.36 OPR/32.0.1948.45" "jsdsportsdevelopment.org"
114.119.130.111 - - [20/Sep/2022:06:51:58 -0700] "GET /wp-includes/blocks/navigation-submenu/editor-rtl.min.css HTTP/1.1" 200 299 "https://jsdsportsdevelopment.org/wp-includes/blocks/navigation-submenu/" "Mozilla/5.0 (Linux; Android 7.0;) AppleWebKit/537.36 (KHTML, like Gecko) Mobile Safari/537.36 (compatible; PetalBot;+https://webmaster.petalsearch.com/site/petalbot)" "jsdsportsdevelopment.org"
10.247.24.60 - - [20/Sep/2022:07:02:34 -0700] "POST /wp-cron.php?doing_wp_cron=1663682554.8444230556488037109375 HTTP/1.1" 404 88 "https://jsdsportsdevelopment.org/wp-cron.php?doing_wp_cron=1663682554.8444230556488037109375" "WordPress/6.0.1; https://jsdsportsdevelopment.org" "jsdsportsdevelopment.org"
114.119.141.100 - - [20/Sep/2022:07:02:31 -0700] "GET /blog/index.php/2017/03/28/hello-world/ HTTP/1.1" 200 28684 "http://jsdsportsdevelopment.org/blog/mentoring/" "Mozilla/5.0 (Linux; Android 7.0;) AppleWebKit/537.36 (KHTML, like Gecko) Mobile Safari/537.36 (compatible; PetalBot;+https://webmaster.petalsearch.com/site/petalbot)" "jsdsportsdevelopment.org"
114.119.140.87 - - [20/Sep/2022:07:12:35 -0700] "GET /wp-includes/blocks/navigation-link/?C=M%3BO%3DA HTTP/1.1" 200 503 "https://jsdsportsdevelopment.org/wp-includes/blocks/navigation-link/" "Mozilla/5.0 (Linux; Android 7.0;) AppleWebKit/537.36 (KHTML, like Gecko) Mobile Safari/537.36 (compatible; PetalBot;+https://webmaster.petalsearch.com/site/petalbot)" "jsdsportsdevelopment.org"
114.119.137.70 - - [20/Sep/2022:07:19:40 -0700] "GET /?C=M%3BO%3DA HTTP/1.1" 200 428 "https://jsdsportsdevelopment.org" "Mozilla/5.0 (Linux; Android 7.0;) AppleWebKit/537.36 (KHTML, like Gecko) Mobile Safari/537.36 (compatible; PetalBot;+https://webmaster.petalsearch.com/site/petalbot)" "jsdsportsdevelopment.org"
114.119.140.99 - - [20/Sep/2022:07:22:13 -0700] "GET /wp-includes/blocks/comment-edit-link/ HTTP/1.1" 200 385 "https://jsdsportsdevelopment.org/wp-includes/blocks/?C=N%3BO%3DD" "Mozilla/5.0 (Linux; Android 7.0;) AppleWebKit/537.36 (KHTML, like Gecko) Mobile Safari/537.36 (compatible; PetalBot;+https://webmaster.petalsearch.com/site/petalbot)" "jsdsportsdevelopment.org"
114.119.140.99 - - [20/Sep/2022:07:31:24 -0700] "GET /wp-includes/blocks/avatar/block.json HTTP/1.1" 200 461 "https://jsdsportsdevelopment.org/wp-includes/blocks/avatar/?C=M%3BO%3DA" "Mozilla/5.0 (Linux; Android 7.0;) AppleWebKit/537.36 (KHTML, like Gecko) Mobile Safari/537.36 (compatible; PetalBot;+https://webmaster.petalsearch.com/site/petalbot)" "jsdsportsdevelopment.org"
114.119.133.87 - - [20/Sep/2022:07:33:17 -0700] "GET /?C=N%3BO%3DD HTTP/1.1" 200 428 "https://jsdsportsdevelopment.org" "Mozilla/5.0 (Linux; Android 7.0;) AppleWebKit/537.36 (KHTML, like Gecko) Mobile Safari/537.36 (compatible; PetalBot;+https://webmaster.petalsearch.com/site/petalbot)" "jsdsportsdevelopment.org"
20.58.191.245 - - [20/Sep/2022:07:41:41 -0700] "GET /wp-content/plugins/tatsu/README.txt HTTP/1.1" 404 73 "-" "-" "jsdsportsdevelopment.org"
94.247.172.129 - - [20/Sep/2022:07:44:44 -0700] "GET / HTTP/1.1" 200 428 "-" "Mozilla/5.0 (Macintosh; Intel Mac OS X 10_9_2)" "www.jsdsportsdevelopment.org"
114.119.130.111 - - [20/Sep/2022:08:05:15 -0700] "GET /wp-includes/blocks/comment-date/?C=S%3BO%3DA HTTP/1.1" 200 382 "https://jsdsportsdevelopment.org/wp-includes/blocks/comment-date/" "Mozilla/5.0 (Linux; Android 7.0;) AppleWebKit/537.36 (KHTML, like Gecko) Mobile Safari/537.36 (compatible; PetalBot;+https://webmaster.petalsearch.com/site/petalbot)" "jsdsportsdevelopment.org"
207.46.13.232 - - [20/Sep/2022:08:05:54 -0700] "GET /robots.txt HTTP/1.1" 404 88 "-" "Mozilla/5.0 (compatible; bingbot/2.0; +http://www.bing.com/bingbot.htm)" "jsdsportsdevelopment.org"
10.247.24.58 - - [20/Sep/2022:08:05:55 -0700] "POST /wp-cron.php?doing_wp_cron=1663686355.0430169105529785156250 HTTP/1.1" 404 88 "https://jsdsportsdevelopment.org/wp-cron.php?doing_wp_cron=1663686355.0430169105529785156250" "WordPress/6.0.1; https://jsdsportsdevelopment.org" "jsdsportsdevelopment.org"
157.55.39.189 - - [20/Sep/2022:08:05:51 -0700] "GET /blog/index.php/2017/03/28/sample-page HTTP/1.1" 200 28684 "-" "Mozilla/5.0 (compatible; bingbot/2.0; +http://www.bing.com/bingbot.htm)" "jsdsportsdevelopment.org"
114.119.141.100 - - [20/Sep/2022:08:25:43 -0700] "GET /wp-includes/blocks/home-link/?C=S%3BO%3DA HTTP/1.1" 200 379 "https://jsdsportsdevelopment.org/wp-includes/blocks/home-link/?C=N%3BO%3DD" "Mozilla/5.0 (Linux; Android 7.0;) AppleWebKit/537.36 (KHTML, like Gecko) Mobile Safari/537.36 (compatible; PetalBot;+https://webmaster.petalsearch.com/site/petalbot)" "jsdsportsdevelopment.org"
114.119.130.111 - - [20/Sep/2022:08:37:04 -0700] "GET /wp-includes/blocks/comment-content/?C=N%3BO%3DD HTTP/1.1" 200 455 "https://jsdsportsdevelopment.org/wp-includes/blocks/comment-content/" "Mozilla/5.0 (Linux; Android 7.0;) AppleWebKit/537.36 (KHTML, like Gecko) Mobile Safari/537.36 (compatible; PetalBot;+https://webmaster.petalsearch.com/site/petalbot)" "jsdsportsdevelopment.org"
147.78.47.233 - - [20/Sep/2022:08:48:46 -0700] "GET /administrator/ HTTP/1.1" 404 88 "http://jsdsportsdevelopment.org/administrator/" "Mozilla/5.0 (Windows NT 10.0; Win64; x64) AppleWebKit/537.36 (KHTML, like Gecko) Chrome/64.0.3282.140 Safari/537.36 Edge/18.17763" "jsdsportsdevelopment.org"
114.119.130.111 - - [20/Sep/2022:08:50:02 -0700] "GET /wp-includes/blocks/template-part/block.json HTTP/1.1" 200 325 "https://jsdsportsdevelopment.org/wp-includes/blocks/template-part/" "Mozilla/5.0 (Linux; Android 7.0;) AppleWebKit/537.36 (KHTML, like Gecko) Mobile Safari/537.36 (compatible; PetalBot;+https://webmaster.petalsearch.com/site/petalbot)" "jsdsportsdevelopment.org"
