54.198.46.51 - - [17/Sep/2022:18:02:51 -0700] "GET /robots.txt HTTP/1.1" 404 88 "https://www.google.com/" "Mozilla/5.0 (Windows NT 10.0; Win64; x64) AppleWebKit/537.36 (KHTML, like Gecko) Chrome/79.0.3945.130 Safari/537.36" "jsdsportsdevelopment.org"
54.198.46.51 - - [17/Sep/2022:18:02:51 -0700] "GET /robots.txt HTTP/1.1" 404 88 "https://www.google.com/" "Mozilla/5.0 (Macintosh; Intel Mac OS X 10_14_6) AppleWebKit/605.1.15 (KHTML, like Gecko)" "www.jsdsportsdevelopment.org"
10.247.24.59 - - [17/Sep/2022:18:02:55 -0700] "POST /wp-cron.php?doing_wp_cron=1663462975.3115069866180419921875 HTTP/1.1" 404 88 "https://jsdsportsdevelopment.org/wp-cron.php?doing_wp_cron=1663462975.3115069866180419921875" "WordPress/6.0.1; https://jsdsportsdevelopment.org" "jsdsportsdevelopment.org"
54.198.46.51 - - [17/Sep/2022:18:02:51 -0700] "GET /blog/index.php/feed HTTP/1.1" 200 28684 "-" "Rome Client (http://tinyurl.com/64t5n) Ver: UNKNOWN" "jsdsportsdevelopment.org"
5.188.62.140 - - [17/Sep/2022:18:48:02 -0700] "GET / HTTP/1.1" 200 428 "-" "Mozilla/5.0 (Windows NT 6.1; WOW64) AppleWebKit/537.36 (KHTML, like Gecko) Chrome/100.0.4896.127 Safari/537.36" "jsdsportsdevelopment.org"
5.188.62.140 - - [17/Sep/2022:18:48:07 -0700] "GET / HTTP/1.1" 200 428 "https://jsdsportsdevelopment.org/" "Mozilla/5.0 (Windows NT 10.0; Win64; x64) AppleWebKit/537.36 (KHTML, like Gecko) Chrome/100.0.4895.86 Safari/537.36" "jsdsportsdevelopment.org"
5.188.62.140 - - [17/Sep/2022:18:48:12 -0700] "GET /admin/ HTTP/1.1" 404 88 "https://jsdsportsdevelopment.org/" "Mozilla/5.0 (Windows NT 10.0; Win64; x64) AppleWebKit/537.36 (KHTML, like Gecko) Chrome/100.0.4895.86 Safari/537.36" "jsdsportsdevelopment.org"
185.191.171.24 - - [17/Sep/2022:18:56:02 -0700] "GET /robots.txt HTTP/1.1" 404 88 "-" "Mozilla/5.0 (compatible; SemrushBot/7~bl; +http://www.semrush.com/bot.html)" "jsdsportsdevelopment.org"
10.247.24.59 - - [17/Sep/2022:18:56:07 -0700] "POST /wp-cron.php?doing_wp_cron=1663466167.7299749851226806640625 HTTP/1.1" 404 88 "https://jsdsportsdevelopment.org/wp-cron.php?doing_wp_cron=1663466167.7299749851226806640625" "WordPress/6.0.1; https://jsdsportsdevelopment.org" "jsdsportsdevelopment.org"
185.191.171.16 - - [17/Sep/2022:18:56:04 -0700] "GET /blog/index.php/sports/football/ HTTP/1.1" 200 28684 "-" "Mozilla/5.0 (compatible; SemrushBot/7~bl; +http://www.semrush.com/bot.html)" "jsdsportsdevelopment.org"
57.128.45.42 - - [17/Sep/2022:19:02:32 -0700] "GET /wp-content/themes/seotheme/mar.php HTTP/1.1" 404 88 "www.google.com" "Mozlila/5.0 (Linux; Android 7.0; SM-G892A Bulid/NRD90M; wv) AppleWebKit/537.36 (KHTML, like Gecko) Version/4.0 Chrome/60.0.3112.107 Moblie Safari/537.36" "jsdsportsdevelopment.org"
57.128.45.42 - - [17/Sep/2022:19:02:42 -0700] "GET /wp-content/themes/seotheme/mar.php HTTP/1.1" 404 88 "www.google.com" "Mozlila/5.0 (Linux; Android 7.0; SM-G892A Bulid/NRD90M; wv) AppleWebKit/537.36 (KHTML, like Gecko) Version/4.0 Chrome/60.0.3112.107 Moblie Safari/537.36" "jsdsportsdevelopment.org"
185.191.171.2 - - [17/Sep/2022:20:25:25 -0700] "GET /robots.txt HTTP/1.1" 404 88 "-" "Mozilla/5.0 (compatible; SemrushBot/7~bl; +http://www.semrush.com/bot.html)" "jsdsportsdevelopment.org"
185.191.171.12 - - [17/Sep/2022:20:25:26 -0700] "GET /wp-content/ HTTP/1.1" 200 354 "-" "Mozilla/5.0 (compatible; SemrushBot/7~bl; +http://www.semrush.com/bot.html)" "jsdsportsdevelopment.org"
66.249.69.108 - - [17/Sep/2022:21:08:36 -0700] "GET /robots.txt HTTP/1.1" 404 88 "-" "Mozilla/5.0 (compatible; Googlebot/2.1; +http://www.google.com/bot.html)" "www.jsdsportsdevelopment.org"
114.119.141.100 - - [17/Sep/2022:21:51:54 -0700] "GET /?page_id=22 HTTP/1.1" 200 428 "http://jsdsportsdevelopment.org/blog/sports/basketball/" "Mozilla/5.0 (Linux; Android 7.0;) AppleWebKit/537.36 (KHTML, like Gecko) Mobile Safari/537.36 (compatible; PetalBot;+https://webmaster.petalsearch.com/site/petalbot)" "jsdsportsdevelopment.org"
162.55.86.60 - - [17/Sep/2022:22:23:34 -0700] "GET /robots.txt HTTP/1.1" 404 88 "-" "Mozilla/5.0 (compatible; BLEXBot/1.0; +http://webmeup-crawler.com/)" "jsdsportsdevelopment.org"
162.55.86.60 - - [17/Sep/2022:22:23:35 -0700] "GET /robots.txt HTTP/1.1" 404 88 "-" "Mozilla/5.0 (compatible; BLEXBot/1.0; +http://webmeup-crawler.com/)" "jsdsportsdevelopment.org"
162.55.86.60 - - [17/Sep/2022:22:23:35 -0700] "GET /sitemap HTTP/1.1" 404 88 "-" "Mozilla/5.0 (compatible; BLEXBot/1.0; +http://webmeup-crawler.com/)" "jsdsportsdevelopment.org"
162.55.86.60 - - [17/Sep/2022:22:23:40 -0700] "GET /sitemap HTTP/1.1" 404 88 "-" "Mozilla/5.0 (compatible; BLEXBot/1.0; +http://webmeup-crawler.com/)" "jsdsportsdevelopment.org"
162.55.86.60 - - [17/Sep/2022:22:23:46 -0700] "GET /sitemap.txt HTTP/1.1" 404 88 "-" "Mozilla/5.0 (compatible; BLEXBot/1.0; +http://webmeup-crawler.com/)" "jsdsportsdevelopment.org"
162.55.86.60 - - [17/Sep/2022:22:23:50 -0700] "GET /sitemap.txt HTTP/1.1" 404 88 "-" "Mozilla/5.0 (compatible; BLEXBot/1.0; +http://webmeup-crawler.com/)" "jsdsportsdevelopment.org"
162.55.86.60 - - [17/Sep/2022:22:23:56 -0700] "GET /wp-includes/blocks/post-comments-form/?C=S;O=D HTTP/1.1" 200 506 "-" "Mozilla/5.0 (compatible; BLEXBot/1.0; +http://webmeup-crawler.com/)" "jsdsportsdevelopment.org"
162.55.86.60 - - [17/Sep/2022:22:24:09 -0700] "GET /wp-includes/blocks/template-part/?C=D;O=D HTTP/1.1" 200 505 "-" "Mozilla/5.0 (compatible; BLEXBot/1.0; +http://webmeup-crawler.com/)" "jsdsportsdevelopment.org"
162.55.86.60 - - [17/Sep/2022:22:24:13 -0700] "GET /wp-includes/css/dist/edit-site/?C=D;O=D HTTP/1.1" 200 423 "-" "Mozilla/5.0 (compatible; BLEXBot/1.0; +http://webmeup-crawler.com/)" "jsdsportsdevelopment.org"
162.55.86.60 - - [17/Sep/2022:22:24:17 -0700] "GET /wp-includes/css/dist/edit-site/?C=M;O=D HTTP/1.1" 200 422 "-" "Mozilla/5.0 (compatible; BLEXBot/1.0; +http://webmeup-crawler.com/)" "jsdsportsdevelopment.org"
162.55.86.60 - - [17/Sep/2022:22:24:24 -0700] "GET /wp-includes/css/dist/edit-site/?C=N;O=A HTTP/1.1" 200 422 "-" "Mozilla/5.0 (compatible; BLEXBot/1.0; +http://webmeup-crawler.com/)" "jsdsportsdevelopment.org"
162.55.86.60 - - [17/Sep/2022:22:24:28 -0700] "GET /wp-includes/css/dist/edit-site/?C=S;O=D HTTP/1.1" 200 422 "-" "Mozilla/5.0 (compatible; BLEXBot/1.0; +http://webmeup-crawler.com/)" "jsdsportsdevelopment.org"
162.55.86.60 - - [17/Sep/2022:22:24:31 -0700] "GET /wp-includes/js/dist/development/?C=D;O=D HTTP/1.1" 200 436 "-" "Mozilla/5.0 (compatible; BLEXBot/1.0; +http://webmeup-crawler.com/)" "jsdsportsdevelopment.org"
162.55.86.60 - - [17/Sep/2022:22:24:39 -0700] "GET /wp-includes/js/dist/development/?C=M;O=D HTTP/1.1" 200 439 "-" "Mozilla/5.0 (compatible; BLEXBot/1.0; +http://webmeup-crawler.com/)" "jsdsportsdevelopment.org"
162.55.86.60 - - [17/Sep/2022:22:24:43 -0700] "GET /wp-includes/js/dist/development/?C=N;O=A HTTP/1.1" 200 437 "-" "Mozilla/5.0 (compatible; BLEXBot/1.0; +http://webmeup-crawler.com/)" "jsdsportsdevelopment.org"
162.55.86.60 - - [17/Sep/2022:22:24:47 -0700] "GET /wp-includes/js/dist/development/?C=S;O=D HTTP/1.1" 200 435 "-" "Mozilla/5.0 (compatible; BLEXBot/1.0; +http://webmeup-crawler.com/)" "jsdsportsdevelopment.org"
114.119.130.111 - - [17/Sep/2022:22:25:27 -0700] "GET /wp-content/themes/twentytwentytwo/ HTTP/1.1" 200 - "https://jsdsportsdevelopment.org/wp-content/themes/?C=M%3BO%3DA" "Mozilla/5.0 (Linux; Android 7.0;) AppleWebKit/537.36 (KHTML, like Gecko) Mobile Safari/537.36 (compatible; PetalBot;+https://webmaster.petalsearch.com/site/petalbot)" "jsdsportsdevelopment.org"
114.119.141.100 - - [17/Sep/2022:23:00:49 -0700] "GET /wp-includes/blocks/post-author-biography/?C=S%3BO%3DA HTTP/1.1" 200 388 "https://jsdsportsdevelopment.org/wp-includes/blocks/post-author-biography/" "Mozilla/5.0 (Linux; Android 7.0;) AppleWebKit/537.36 (KHTML, like Gecko) Mobile Safari/537.36 (compatible; PetalBot;+https://webmaster.petalsearch.com/site/petalbot)" "jsdsportsdevelopment.org"
10.247.24.60 - - [17/Sep/2022:23:02:50 -0700] "POST /wp-cron.php?doing_wp_cron=1663480970.2714600563049316406250 HTTP/1.1" 404 88 "https://jsdsportsdevelopment.org/wp-cron.php?doing_wp_cron=1663480970.2714600563049316406250" "WordPress/6.0.1; https://jsdsportsdevelopment.org" "jsdsportsdevelopment.org"
93.100.141.213 - - [17/Sep/2022:23:02:46 -0700] "GET /blog/index.php/2017/03/28/sample-page/ HTTP/1.1" 200 28684 "-" "Mozilla/5.0 (Windows NT 6.3; Win64; x64) AppleWebKit/537.36 (KHTML, like Gecko) Chrome/102.0.0.0 Safari/537.36" "jsdsportsdevelopment.org"
114.119.130.111 - - [17/Sep/2022:23:18:01 -0700] "GET /wp-includes/blocks/comments-pagination-numbers/ HTTP/1.1" 200 466 "https://jsdsportsdevelopment.org/wp-includes/blocks/?C=M%3BO%3DA" "Mozilla/5.0 (Linux; Android 7.0;) AppleWebKit/537.36 (KHTML, like Gecko) Mobile Safari/537.36 (compatible; PetalBot;+https://webmaster.petalsearch.com/site/petalbot)" "jsdsportsdevelopment.org"
114.119.130.111 - - [17/Sep/2022:23:31:20 -0700] "GET /wp-includes/blocks/post-comments-form/block.json HTTP/1.1" 200 437 "https://jsdsportsdevelopment.org/wp-includes/blocks/post-comments-form/?C=M%3BO%3DA" "Mozilla/5.0 (Linux; Android 7.0;) AppleWebKit/537.36 (KHTML, like Gecko) Mobile Safari/537.36 (compatible; PetalBot;+https://webmaster.petalsearch.com/site/petalbot)" "jsdsportsdevelopment.org"
10.247.24.60 - - [17/Sep/2022:23:52:20 -0700] "POST /wp-cron.php?doing_wp_cron=1663483940.7688510417938232421875 HTTP/1.1" 404 88 "https://jsdsportsdevelopment.org/wp-cron.php?doing_wp_cron=1663483940.7688510417938232421875" "WordPress/6.0.1; https://jsdsportsdevelopment.org" "jsdsportsdevelopment.org"
114.119.141.100 - - [17/Sep/2022:23:52:17 -0700] "GET /blog/index.php/2018/11/08/thanksgiving-scholarship-fund/ HTTP/1.1" 200 28684 "http://jsdsportsdevelopment.org/blog/mentoring/" "Mozilla/5.0 (Linux; Android 7.0;) AppleWebKit/537.36 (KHTML, like Gecko) Mobile Safari/537.36 (compatible; PetalBot;+https://webmaster.petalsearch.com/site/petalbot)" "jsdsportsdevelopment.org"
10.247.24.59 - - [18/Sep/2022:00:04:48 -0700] "POST /wp-cron.php?doing_wp_cron=1663484688.0833649635314941406250 HTTP/1.1" 404 88 "https://jsdsportsdevelopment.org/wp-cron.php?doing_wp_cron=1663484688.0833649635314941406250" "WordPress/6.0.1; https://jsdsportsdevelopment.org" "jsdsportsdevelopment.org"
207.46.13.150 - - [18/Sep/2022:00:04:44 -0700] "GET /blog/?page_id=20 HTTP/1.1" 200 26082 "-" "Mozilla/5.0 (compatible; bingbot/2.0; +http://www.bing.com/bingbot.htm)" "jsdsportsdevelopment.org"
114.119.140.99 - - [18/Sep/2022:00:18:02 -0700] "GET /wp-includes/blocks/comments-pagination-next/ HTTP/1.1" 200 389 "https://jsdsportsdevelopment.org/wp-includes/blocks/?C=M%3BO%3DA" "Mozilla/5.0 (Linux; Android 7.0;) AppleWebKit/537.36 (KHTML, like Gecko) Mobile Safari/537.36 (compatible; PetalBot;+https://webmaster.petalsearch.com/site/petalbot)" "jsdsportsdevelopment.org"
114.119.140.87 - - [18/Sep/2022:00:51:28 -0700] "GET /wp-includes/blocks/query-no-results/?C=N%3BO%3DD HTTP/1.1" 200 389 "https://jsdsportsdevelopment.org/wp-includes/blocks/query-no-results/?C=M%3BO%3DA" "Mozilla/5.0 (Linux; Android 7.0;) AppleWebKit/537.36 (KHTML, like Gecko) Mobile Safari/537.36 (compatible; PetalBot;+https://webmaster.petalsearch.com/site/petalbot)" "jsdsportsdevelopment.org"
114.119.130.111 - - [18/Sep/2022:00:56:56 -0700] "GET /wp-includes/blocks/avatar/editor.min.css HTTP/1.1" 200 116 "https://jsdsportsdevelopment.org/wp-includes/blocks/avatar/?C=S%3BO%3DA" "Mozilla/5.0 (Linux; Android 7.0;) AppleWebKit/537.36 (KHTML, like Gecko) Mobile Safari/537.36 (compatible; PetalBot;+https://webmaster.petalsearch.com/site/petalbot)" "jsdsportsdevelopment.org"
114.119.141.100 - - [18/Sep/2022:01:05:53 -0700] "GET /wp-includes/blocks/comment-date/ HTTP/1.1" 200 382 "https://jsdsportsdevelopment.org/wp-includes/blocks/?C=M%3BO%3DA" "Mozilla/5.0 (Linux; Android 7.0;) AppleWebKit/537.36 (KHTML, like Gecko) Mobile Safari/537.36 (compatible; PetalBot;+https://webmaster.petalsearch.com/site/petalbot)" "jsdsportsdevelopment.org"
114.119.130.111 - - [18/Sep/2022:01:12:47 -0700] "GET /wp-includes/blocks/comment-reply-link/?C=M%3BO%3DA HTTP/1.1" 200 386 "https://jsdsportsdevelopment.org/wp-includes/blocks/comment-reply-link/?C=D%3BO%3DA" "Mozilla/5.0 (Linux; Android 7.0;) AppleWebKit/537.36 (KHTML, like Gecko) Mobile Safari/537.36 (compatible; PetalBot;+https://webmaster.petalsearch.com/site/petalbot)" "jsdsportsdevelopment.org"
114.119.140.99 - - [18/Sep/2022:01:23:23 -0700] "GET /wp-includes/blocks/comments-pagination/style.min.css HTTP/1.1" 200 233 "https://jsdsportsdevelopment.org/wp-includes/blocks/comments-pagination/?C=M%3BO%3DA" "Mozilla/5.0 (Linux; Android 7.0;) AppleWebKit/537.36 (KHTML, like Gecko) Mobile Safari/537.36 (compatible; PetalBot;+https://webmaster.petalsearch.com/site/petalbot)" "jsdsportsdevelopment.org"
114.119.140.87 - - [18/Sep/2022:01:28:31 -0700] "GET /wp-includes/blocks/navigation-submenu/editor-rtl.css HTTP/1.1" 200 1032 "https://jsdsportsdevelopment.org/wp-includes/blocks/navigation-submenu/?C=D%3BO%3DA" "Mozilla/5.0 (Linux; Android 7.0;) AppleWebKit/537.36 (KHTML, like Gecko) Mobile Safari/537.36 (compatible; PetalBot;+https://webmaster.petalsearch.com/site/petalbot)" "jsdsportsdevelopment.org"
114.119.129.113 - - [18/Sep/2022:01:32:58 -0700] "GET /robots.txt HTTP/1.1" 404 88 "-" "Mozilla/5.0 (compatible;PetalBot;+https://webmaster.petalsearch.com/site/petalbot)" "jsdsportsdevelopment.org"
114.119.140.99 - - [18/Sep/2022:01:34:08 -0700] "GET /wp-includes/blocks/post-comments-form/?C=D%3BO%3DA HTTP/1.1" 200 505 "https://jsdsportsdevelopment.org/wp-includes/blocks/post-comments-form/?C=M%3BO%3DA" "Mozilla/5.0 (Linux; Android 7.0;) AppleWebKit/537.36 (KHTML, like Gecko) Mobile Safari/537.36 (compatible; PetalBot;+https://webmaster.petalsearch.com/site/petalbot)" "jsdsportsdevelopment.org"
114.119.140.87 - - [18/Sep/2022:01:57:02 -0700] "GET /wp-includes/blocks/post-navigation-link/?C=D%3BO%3DA HTTP/1.1" 200 387 "https://jsdsportsdevelopment.org/wp-includes/blocks/post-navigation-link/?C=S%3BO%3DA" "Mozilla/5.0 (Linux; Android 7.0;) AppleWebKit/537.36 (KHTML, like Gecko) Mobile Safari/537.36 (compatible; PetalBot;+https://webmaster.petalsearch.com/site/petalbot)" "jsdsportsdevelopment.org"
10.247.24.59 - - [18/Sep/2022:02:04:38 -0700] "POST /wp-cron.php?doing_wp_cron=1663491877.7152540683746337890625 HTTP/1.1" 404 88 "https://jsdsportsdevelopment.org/wp-cron.php?doing_wp_cron=1663491877.7152540683746337890625" "WordPress/6.0.1; https://jsdsportsdevelopment.org" "jsdsportsdevelopment.org"
54.36.148.240 - - [18/Sep/2022:02:04:31 -0700] "GET /blog/ HTTP/1.1" 200 28750 "-" "Mozilla/5.0 (compatible; AhrefsBot/7.0; +http://ahrefs.com/robot/)" "www.jsdsportsdevelopment.org"
114.119.140.87 - - [18/Sep/2022:02:05:31 -0700] "GET /wp-includes/blocks/comments-query-loop/block.json HTTP/1.1" 200 388 "https://jsdsportsdevelopment.org/wp-includes/blocks/comments-query-loop/?C=M%3BO%3DA" "Mozilla/5.0 (Linux; Android 7.0;) AppleWebKit/537.36 (KHTML, like Gecko) Mobile Safari/537.36 (compatible; PetalBot;+https://webmaster.petalsearch.com/site/petalbot)" "jsdsportsdevelopment.org"
46.161.27.153 - - [18/Sep/2022:02:17:26 -0700] "GET /wp-login.php HTTP/1.1" 404 88 "http://jsdsportsdevelopment.org/wp-login.php" "Mozilla/5.0 (Windows NT 10.0; Win64; x64) AppleWebKit/537.36 (KHTML, like Gecko) Chrome/64.0.3282.140 Safari/537.36 Edge/18.17763" "jsdsportsdevelopment.org"
114.119.130.111 - - [18/Sep/2022:02:36:11 -0700] "GET /wp-includes/blocks/home-link/block.json HTTP/1.1" 200 401 "https://jsdsportsdevelopment.org/wp-includes/blocks/home-link/?C=N%3BO%3DD" "Mozilla/5.0 (Linux; Android 7.0;) AppleWebKit/537.36 (KHTML, like Gecko) Mobile Safari/537.36 (compatible; PetalBot;+https://webmaster.petalsearch.com/site/petalbot)" "jsdsportsdevelopment.org"
114.119.141.100 - - [18/Sep/2022:02:41:53 -0700] "GET /wp-includes/blocks/read-more/style.css HTTP/1.1" 200 849 "https://jsdsportsdevelopment.org/wp-includes/blocks/read-more/?C=S%3BO%3DA" "Mozilla/5.0 (Linux; Android 7.0;) AppleWebKit/537.36 (KHTML, like Gecko) Mobile Safari/537.36 (compatible; PetalBot;+https://webmaster.petalsearch.com/site/petalbot)" "jsdsportsdevelopment.org"
10.247.24.58 - - [18/Sep/2022:03:20:30 -0700] "POST /wp-cron.php?doing_wp_cron=1663496430.3839659690856933593750 HTTP/1.1" 404 88 "https://jsdsportsdevelopment.org/wp-cron.php?doing_wp_cron=1663496430.3839659690856933593750" "WordPress/6.0.1; https://jsdsportsdevelopment.org" "jsdsportsdevelopment.org"
207.46.13.147 - - [18/Sep/2022:03:20:26 -0700] "GET /blog/index.php/sports/basketball/ HTTP/1.1" 200 28684 "-" "Mozilla/5.0 (compatible; bingbot/2.0; +http://www.bing.com/bingbot.htm)" "jsdsportsdevelopment.org"
114.119.141.103 - - [18/Sep/2022:03:26:33 -0700] "GET /wp-includes/blocks/navigation-link/style-rtl.css HTTP/1.1" 200 829 "https://jsdsportsdevelopment.org/wp-includes/blocks/navigation-link/?C=D%3BO%3DA" "Mozilla/5.0 (Linux; Android 7.0;) AppleWebKit/537.36 (KHTML, like Gecko) Mobile Safari/537.36 (compatible; PetalBot;+https://webmaster.petalsearch.com/site/petalbot)" "jsdsportsdevelopment.org"
114.119.141.100 - - [18/Sep/2022:03:37:17 -0700] "GET /wp-includes/blocks/template-part/?C=S%3BO%3DA HTTP/1.1" 200 501 "https://jsdsportsdevelopment.org/wp-includes/blocks/template-part/" "Mozilla/5.0 (Linux; Android 7.0;) AppleWebKit/537.36 (KHTML, like Gecko) Mobile Safari/537.36 (compatible; PetalBot;+https://webmaster.petalsearch.com/site/petalbot)" "jsdsportsdevelopment.org"
114.119.141.100 - - [18/Sep/2022:03:44:47 -0700] "GET /wp-includes/blocks/comments-pagination-previous/?C=S%3BO%3DA HTTP/1.1" 200 392 "https://jsdsportsdevelopment.org/wp-includes/blocks/comments-pagination-previous/?C=N%3BO%3DD" "Mozilla/5.0 (Linux; Android 7.0;) AppleWebKit/537.36 (KHTML, like Gecko) Mobile Safari/537.36 (compatible; PetalBot;+https://webmaster.petalsearch.com/site/petalbot)" "jsdsportsdevelopment.org"
194.34.132.57 - - [18/Sep/2022:03:58:53 -0700] "GET /wp-login.php HTTP/1.1" 404 73 "-" "Mozilla/5.0 (Windows NT 6.1) AppleWebKit/537.36 (KHTML, like Gecko) Chrome/45.0.2454.85 Safari/537.36 OPR/32.0.1948.45" "jsdsportsdevelopment.org"
194.34.132.57 - - [18/Sep/2022:03:58:55 -0700] "GET /wp-login.php HTTP/1.1" 404 73 "-" "Mozilla/5.0 (Windows NT 6.1) AppleWebKit/537.36 (KHTML, like Gecko) Chrome/45.0.2454.85 Safari/537.36 OPR/32.0.1948.45" "jsdsportsdevelopment.org"
194.34.132.57 - - [18/Sep/2022:03:58:59 -0700] "GET /wp-login.php HTTP/1.1" 404 73 "-" "Mozilla/5.0 (Windows NT 6.1) AppleWebKit/537.36 (KHTML, like Gecko) Chrome/45.0.2454.85 Safari/537.36 OPR/32.0.1948.45" "jsdsportsdevelopment.org"
40.77.167.96 - - [18/Sep/2022:04:00:45 -0700] "GET /robots.txt HTTP/1.1" 404 88 "-" "Mozilla/5.0 (compatible; bingbot/2.0; +http://www.bing.com/bingbot.htm)" "jsdsportsdevelopment.org"
114.119.141.100 - - [18/Sep/2022:04:02:15 -0700] "GET /wp-includes/blocks/post-comments-form/style-rtl.css HTTP/1.1" 200 1223 "https://jsdsportsdevelopment.org/wp-includes/blocks/post-comments-form/?C=M%3BO%3DA" "Mozilla/5.0 (Linux; Android 7.0;) AppleWebKit/537.36 (KHTML, like Gecko) Mobile Safari/537.36 (compatible; PetalBot;+https://webmaster.petalsearch.com/site/petalbot)" "jsdsportsdevelopment.org"
185.191.171.42 - - [18/Sep/2022:04:10:31 -0700] "GET /robots.txt HTTP/1.1" 404 88 "-" "Mozilla/5.0 (compatible; SemrushBot/7~bl; +http://www.semrush.com/bot.html)" "jsdsportsdevelopment.org"
10.247.24.60 - - [18/Sep/2022:04:10:34 -0700] "POST /wp-cron.php?doing_wp_cron=1663499434.8881518840789794921875 HTTP/1.1" 404 88 "https://jsdsportsdevelopment.org/wp-cron.php?doing_wp_cron=1663499434.8881518840789794921875" "WordPress/6.0.1; https://jsdsportsdevelopment.org" "jsdsportsdevelopment.org"
185.191.171.45 - - [18/Sep/2022:04:10:31 -0700] "GET /blog/index.php/sports/football/ HTTP/1.1" 200 28684 "-" "Mozilla/5.0 (compatible; SemrushBot/7~bl; +http://www.semrush.com/bot.html)" "jsdsportsdevelopment.org"
114.119.140.99 - - [18/Sep/2022:04:13:33 -0700] "GET /wp-includes/blocks/comments-pagination-numbers/?C=M%3BO%3DA HTTP/1.1" 200 466 "https://jsdsportsdevelopment.org/wp-includes/blocks/comments-pagination-numbers/?C=N%3BO%3DD" "Mozilla/5.0 (Linux; Android 7.0;) AppleWebKit/537.36 (KHTML, like Gecko) Mobile Safari/537.36 (compatible; PetalBot;+https://webmaster.petalsearch.com/site/petalbot)" "jsdsportsdevelopment.org"
152.89.196.13 - - [18/Sep/2022:05:06:52 -0700] "GET /s_noeval.php HTTP/1.1" 404 88 "-" "Mozilla/5.0 (Macintosh; Intel Mac OS X 10.14; rv:68.0) Gecko/20100101 Firefox/68.0" "jsdsportsdevelopment.org"
152.89.196.13 - - [18/Sep/2022:06:18:16 -0700] "GET /media-admin.php.php HTTP/1.1" 404 88 "-" "Mozilla/5.0 (Windows NT 10.0; Win64; x64; rv:66.0) Gecko/20100101 Firefox/66.0" "jsdsportsdevelopment.org"
192.29.97.49 - - [18/Sep/2022:06:47:35 -0700] "HEAD /robots.txt HTTP/1.1" 404 - "http://jsdsportsdevelopment.org/robots.txt" "DF Bot 1.0" "jsdsportsdevelopment.org"
192.29.97.49 - - [18/Sep/2022:06:47:35 -0700] "GET /robots.txt HTTP/1.1" 404 73 "http://jsdsportsdevelopment.org/robots.txt" "DF Bot 1.0" "jsdsportsdevelopment.org"
192.29.97.49 - - [18/Sep/2022:06:47:36 -0700] "GET / HTTP/1.1" 200 1156 "http://jsdsportsdevelopment.org/" "DF Bot 1.0" "jsdsportsdevelopment.org"
192.29.97.49 - - [18/Sep/2022:06:47:36 -0700] "HEAD /robots.txt HTTP/1.1" 404 - "-" "DF Bot 1.0" "jsdsportsdevelopment.org"
192.29.97.49 - - [18/Sep/2022:06:47:36 -0700] "GET /robots.txt HTTP/1.1" 404 73 "-" "DF Bot 1.0" "jsdsportsdevelopment.org"
10.247.24.59 - - [18/Sep/2022:07:16:41 -0700] "POST /wp-cron.php?doing_wp_cron=1663510601.1420750617980957031250 HTTP/1.1" 404 88 "https://jsdsportsdevelopment.org/wp-cron.php?doing_wp_cron=1663510601.1420750617980957031250" "WordPress/6.0.1; https://jsdsportsdevelopment.org" "jsdsportsdevelopment.org"
157.55.39.93 - - [18/Sep/2022:07:16:37 -0700] "GET /blog/index.php/sports/volleyball HTTP/1.1" 200 28684 "-" "Mozilla/5.0 AppleWebKit/537.36 (KHTML, like Gecko; compatible; bingbot/2.0; +http://www.bing.com/bingbot.htm) Chrome/103.0.5060.134 Safari/537.36" "jsdsportsdevelopment.org"
207.46.13.150 - - [18/Sep/2022:07:17:06 -0700] "GET /wp-content/themes/avenue/inc/css/animate.css?ver=2.03 HTTP/1.1" 404 88 "-" "Mozilla/5.0 (compatible; bingbot/2.0; +http://www.bing.com/bingbot.htm)" "jsdsportsdevelopment.org"
207.46.13.150 - - [18/Sep/2022:07:17:06 -0700] "GET /wp-content/themes/avenue/inc/css/bootstrap.css?ver=2.03 HTTP/1.1" 404 88 "-" "Mozilla/5.0 AppleWebKit/537.36 (KHTML, like Gecko; compatible; bingbot/2.0; +http://www.bing.com/bingbot.htm) Chrome/103.0.5060.134 Safari/537.36" "jsdsportsdevelopment.org"
207.46.13.150 - - [18/Sep/2022:07:17:06 -0700] "GET /wp-content/themes/avenue/inc/js/bootstrap.js?ver=2.03 HTTP/1.1" 404 88 "-" "Mozilla/5.0 (compatible; bingbot/2.0; +http://www.bing.com/bingbot.htm)" "jsdsportsdevelopment.org"
207.46.13.150 - - [18/Sep/2022:07:17:06 -0700] "GET /wp-content/themes/avenue/js/skip-link-focus-fix.js?ver=2.03 HTTP/1.1" 404 88 "-" "Mozilla/5.0 (compatible; bingbot/2.0; +http://www.bing.com/bingbot.htm)" "jsdsportsdevelopment.org"
157.55.39.189 - - [18/Sep/2022:07:17:10 -0700] "GET /wp-content/themes/avenue/inc/css/font-awesome.min.css?ver=2.03 HTTP/1.1" 404 88 "-" "Mozilla/5.0 (compatible; bingbot/2.0; +http://www.bing.com/bingbot.htm)" "jsdsportsdevelopment.org"
157.55.39.189 - - [18/Sep/2022:07:17:10 -0700] "GET /wp-content/themes/avenue/inc/css/style.css?ver=2.03 HTTP/1.1" 404 88 "-" "Mozilla/5.0 (compatible; bingbot/2.0; +http://www.bing.com/bingbot.htm)" "jsdsportsdevelopment.org"
157.55.39.189 - - [18/Sep/2022:07:17:10 -0700] "GET /wp-content/themes/avenue/inc/css/temps/blue.css?ver=2.03 HTTP/1.1" 404 88 "-" "Mozilla/5.0 AppleWebKit/537.36 (KHTML, like Gecko; compatible; bingbot/2.0; +http://www.bing.com/bingbot.htm) Chrome/103.0.5060.134 Safari/537.36" "jsdsportsdevelopment.org"
157.55.39.189 - - [18/Sep/2022:07:17:10 -0700] "GET /wp-content/themes/avenue/inc/js/camera.js?ver=2.03 HTTP/1.1" 404 88 "-" "Mozilla/5.0 (compatible; bingbot/2.0; +http://www.bing.com/bingbot.htm)" "jsdsportsdevelopment.org"
157.55.39.189 - - [18/Sep/2022:07:17:10 -0700] "GET /wp-content/themes/avenue/inc/js/jquery.sticky.js?ver=2.03 HTTP/1.1" 404 88 "-" "Mozilla/5.0 (compatible; bingbot/2.0; +http://www.bing.com/bingbot.htm)" "jsdsportsdevelopment.org"
157.55.39.189 - - [18/Sep/2022:07:17:11 -0700] "GET /wp-content/themes/avenue/inc/js/wow.min.js?ver=2.03 HTTP/1.1" 404 88 "-" "Mozilla/5.0 (compatible; bingbot/2.0; +http://www.bing.com/bingbot.htm)" "jsdsportsdevelopment.org"
157.55.39.189 - - [18/Sep/2022:07:17:11 -0700] "GET /wp-includes/js/jquery/jquery-migrate.min.js?ver=3.3.2 HTTP/1.1" 404 88 "-" "Mozilla/5.0 (compatible; bingbot/2.0; +http://www.bing.com/bingbot.htm)" "jsdsportsdevelopment.org"
207.46.13.148 - - [18/Sep/2022:07:17:18 -0700] "GET /wp-content/themes/avenue/inc/css/camera.css?ver=2.03 HTTP/1.1" 404 88 "-" "Mozilla/5.0 (compatible; bingbot/2.0; +http://www.bing.com/bingbot.htm)" "jsdsportsdevelopment.org"
207.46.13.148 - - [18/Sep/2022:07:17:18 -0700] "GET /wp-content/themes/avenue/style.css?ver=6.0.1 HTTP/1.1" 404 88 "-" "Mozilla/5.0 (compatible; bingbot/2.0; +http://www.bing.com/bingbot.htm)" "jsdsportsdevelopment.org"
157.55.39.93 - - [18/Sep/2022:07:17:25 -0700] "GET /wp-content/themes/avenue/inc/js/jquery.easing.1.3.js?ver=2.03 HTTP/1.1" 404 88 "-" "Mozilla/5.0 (compatible; bingbot/2.0; +http://www.bing.com/bingbot.htm)" "jsdsportsdevelopment.org"
157.55.39.93 - - [18/Sep/2022:07:17:25 -0700] "GET /wp-content/themes/avenue/inc/js/script.js?ver=2.03 HTTP/1.1" 404 88 "-" "Mozilla/5.0 (compatible; bingbot/2.0; +http://www.bing.com/bingbot.htm)" "jsdsportsdevelopment.org"
157.55.39.93 - - [18/Sep/2022:07:17:25 -0700] "GET /wp-content/themes/avenue/js/navigation.js?ver=2.03 HTTP/1.1" 404 88 "-" "Mozilla/5.0 (compatible; bingbot/2.0; +http://www.bing.com/bingbot.htm)" "jsdsportsdevelopment.org"
157.55.39.93 - - [18/Sep/2022:07:17:25 -0700] "GET /wp-includes/css/dist/block-library/style.min.css?ver=6.0.1 HTTP/1.1" 404 88 "-" "Mozilla/5.0 (compatible; bingbot/2.0; +http://www.bing.com/bingbot.htm)" "jsdsportsdevelopment.org"
157.55.39.93 - - [18/Sep/2022:07:17:25 -0700] "GET /wp-includes/js/jquery/jquery.min.js?ver=3.6.0 HTTP/1.1" 404 88 "-" "Mozilla/5.0 (compatible; bingbot/2.0; +http://www.bing.com/bingbot.htm)" "jsdsportsdevelopment.org"
207.46.13.232 - - [18/Sep/2022:07:28:47 -0700] "GET /robots.txt HTTP/1.1" 404 88 "-" "Mozilla/5.0 (compatible; bingbot/2.0; +http://www.bing.com/bingbot.htm)" "jsdsportsdevelopment.org"
40.77.189.38 - - [18/Sep/2022:07:33:06 -0700] "GET /wp-includes/js/jquery/ui/core.min.js?ver=1.13.1 HTTP/1.1" 404 73 "-" "Mozilla/5.0 (Windows NT 6.1; WOW64) AppleWebKit/534+ (KHTML, like Gecko) BingPreview/1.0b" "jsdsportsdevelopment.org"
40.77.189.121 - - [18/Sep/2022:07:33:07 -0700] "GET /wp-includes/js/wp-emoji-release.min.js?ver=6.0.1 HTTP/1.1" 404 73 "-" "Mozilla/5.0 (Windows NT 6.1; WOW64) AppleWebKit/534+ (KHTML, like Gecko) BingPreview/1.0b" "jsdsportsdevelopment.org"
152.89.196.13 - - [18/Sep/2022:07:56:51 -0700] "GET /stats.php HTTP/1.1" 404 88 "-" "Mozilla/5.0 (Macintosh; Intel Mac OS X 10.14; rv:68.0) Gecko/20100101 Firefox/68.0" "jsdsportsdevelopment.org"
185.191.171.18 - - [18/Sep/2022:08:04:23 -0700] "GET /robots.txt HTTP/1.1" 404 88 "-" "Mozilla/5.0 (compatible; SemrushBot/7~bl; +http://www.semrush.com/bot.html)" "jsdsportsdevelopment.org"
10.247.24.59 - - [18/Sep/2022:08:04:33 -0700] "POST /wp-cron.php?doing_wp_cron=1663513473.4569520950317382812500 HTTP/1.1" 404 88 "https://jsdsportsdevelopment.org/wp-cron.php?doing_wp_cron=1663513473.4569520950317382812500" "WordPress/6.0.1; https://jsdsportsdevelopment.org" "jsdsportsdevelopment.org"
185.191.171.3 - - [18/Sep/2022:08:04:24 -0700] "GET /blog/index.php/sports/ HTTP/1.1" 200 28684 "-" "Mozilla/5.0 (compatible; SemrushBot/7~bl; +http://www.semrush.com/bot.html)" "jsdsportsdevelopment.org"
152.89.196.13 - - [18/Sep/2022:08:04:53 -0700] "GET /wp-content/uploads/nin.php HTTP/1.1" 404 88 "-" "Mozilla/5.0 (Windows NT 10.0; Win64; x64; rv:66.0) Gecko/20100101 Firefox/66.0" "jsdsportsdevelopment.org"
10.247.24.58 - - [18/Sep/2022:08:11:06 -0700] "POST /wp-cron.php?doing_wp_cron=1663513866.7704598903656005859375 HTTP/1.1" 404 88 "https://jsdsportsdevelopment.org/wp-cron.php?doing_wp_cron=1663513866.7704598903656005859375" "WordPress/6.0.1; https://jsdsportsdevelopment.org" "jsdsportsdevelopment.org"
157.55.39.93 - - [18/Sep/2022:08:11:02 -0700] "GET /blog/index.php/mentoring HTTP/1.1" 200 28684 "-" "Mozilla/5.0 (compatible; bingbot/2.0; +http://www.bing.com/bingbot.htm)" "jsdsportsdevelopment.org"
10.247.24.59 - - [18/Sep/2022:08:24:20 -0700] "POST /wp-cron.php?doing_wp_cron=1663514659.9979860782623291015625 HTTP/1.1" 404 88 "https://jsdsportsdevelopment.org/wp-cron.php?doing_wp_cron=1663514659.9979860782623291015625" "WordPress/6.0.1; https://jsdsportsdevelopment.org" "jsdsportsdevelopment.org"
207.46.13.148 - - [18/Sep/2022:08:24:09 -0700] "GET /blog/index.php/donate HTTP/1.1" 200 28684 "-" "Mozilla/5.0 (compatible; bingbot/2.0; +http://www.bing.com/bingbot.htm)" "jsdsportsdevelopment.org"
152.89.196.13 - - [18/Sep/2022:08:38:08 -0700] "GET /cache/ups.php HTTP/1.1" 404 88 "-" "Mozilla/5.0 (Windows NT 10.0; Win64; x64) AppleWebKit/537.36 (KHTML, like Gecko) Chrome/74.0.3729.169 Safari/537.36" "jsdsportsdevelopment.org"
10.247.24.58 - - [18/Sep/2022:08:50:40 -0700] "POST /wp-cron.php?doing_wp_cron=1663516240.7784259319305419921875 HTTP/1.1" 404 88 "https://jsdsportsdevelopment.org/wp-cron.php?doing_wp_cron=1663516240.7784259319305419921875" "WordPress/6.0.1; https://jsdsportsdevelopment.org" "jsdsportsdevelopment.org"
157.55.39.93 - - [18/Sep/2022:08:50:37 -0700] "GET /blog/index.php/our-team HTTP/1.1" 200 28684 "-" "Mozilla/5.0 (compatible; bingbot/2.0; +http://www.bing.com/bingbot.htm)" "jsdsportsdevelopment.org"
152.89.196.13 - - [18/Sep/2022:09:21:49 -0700] "GET /wp-admin/accesson.php HTTP/1.1" 404 88 "-" "Mozilla/5.0 (Windows NT 10.0; Win64; x64; rv:67.0) Gecko/20100101 Firefox/67.0" "jsdsportsdevelopment.org"
152.89.196.13 - - [18/Sep/2022:09:26:04 -0700] "GET /kontol/index.php?memex=https://152.89.196.13/b.txt HTTP/1.1" 404 88 "-" "Mozilla/5.0 (Windows NT 10.0; Win64; x64) AppleWebKit/537.36 (KHTML, like Gecko) Chrome/74.0.3729.157 Safari/537.36" "jsdsportsdevelopment.org"
35.206.76.201 - - [18/Sep/2022:09:36:01 -0700] "HEAD / HTTP/1.1" 200 - "-" "scalaj-http/2.4.2" "jsdsportsdevelopment.org"
35.206.76.201 - - [18/Sep/2022:09:36:02 -0700] "GET / HTTP/1.1" 200 428 "-" "Buck/2.3.2; (+https://app.hypefactors.com/media-monitoring/about.html)" "jsdsportsdevelopment.org"
35.206.76.201 - - [18/Sep/2022:09:36:03 -0700] "GET /robots.txt HTTP/1.1" 404 88 "-" "Buck/2.3.2; (+https://app.hypefactors.com/media-monitoring/about.html)" "jsdsportsdevelopment.org"
35.206.76.201 - - [18/Sep/2022:09:36:03 -0700] "GET /sitemap.xml HTTP/1.1" 404 88 "-" "Buck/2.3.2; (+https://app.hypefactors.com/media-monitoring/about.html)" "jsdsportsdevelopment.org"
10.247.24.59 - - [18/Sep/2022:09:36:44 -0700] "POST /wp-cron.php?doing_wp_cron=1663519004.3808269500732421875000 HTTP/1.1" 404 88 "https://jsdsportsdevelopment.org/wp-cron.php?doing_wp_cron=1663519004.3808269500732421875000" "WordPress/6.0.1; https://jsdsportsdevelopment.org" "jsdsportsdevelopment.org"
35.206.76.201 - - [18/Sep/2022:09:36:40 -0700] "GET /blog/ HTTP/1.1" 200 28684 "-" "Buck/2.3.2; (+https://app.hypefactors.com/media-monitoring/about.html)" "jsdsportsdevelopment.org"
35.206.76.201 - - [18/Sep/2022:09:37:15 -0700] "GET /wp-content/ HTTP/1.1" 200 354 "-" "Buck/2.3.2; (+https://app.hypefactors.com/media-monitoring/about.html)" "jsdsportsdevelopment.org"
35.206.76.201 - - [18/Sep/2022:09:37:48 -0700] "GET /wp-includes/ HTTP/1.1" 200 405 "-" "Buck/2.3.2; (+https://app.hypefactors.com/media-monitoring/about.html)" "jsdsportsdevelopment.org"
152.89.196.13 - - [18/Sep/2022:09:38:08 -0700] "GET /sites/default/files/69.php HTTP/1.1" 404 88 "-" "Mozilla/5.0 (Windows NT 10.0; Win64; x64) AppleWebKit/537.36 (KHTML, like Gecko) Chrome/74.0.3729.169 Safari/537.36" "jsdsportsdevelopment.org"
35.206.76.201 - - [18/Sep/2022:09:38:16 -0700] "GET /index.html.bak HTTP/1.1" 200 867 "-" "Buck/2.3.2; (+https://app.hypefactors.com/media-monitoring/about.html)" "jsdsportsdevelopment.org"
152.89.196.13 - - [18/Sep/2022:09:53:06 -0700] "GET /wp-temp-ali.php HTTP/1.1" 404 88 "-" "Mozilla/5.0 (Windows NT 10.0; Win64; x64; rv:67.0) Gecko/20100101 Firefox/67.0" "jsdsportsdevelopment.org"
10.247.24.59 - - [18/Sep/2022:09:57:18 -0700] "POST /wp-cron.php?doing_wp_cron=1663520238.4351439476013183593750 HTTP/1.1" 404 88 "https://jsdsportsdevelopment.org/wp-cron.php?doing_wp_cron=1663520238.4351439476013183593750" "WordPress/6.0.1; https://jsdsportsdevelopment.org" "jsdsportsdevelopment.org"
207.46.13.150 - - [18/Sep/2022:09:57:14 -0700] "GET /blog/index.php/mentoring/partners-of-jsd HTTP/1.1" 200 28684 "-" "Mozilla/5.0 (compatible; bingbot/2.0; +http://www.bing.com/bingbot.htm)" "jsdsportsdevelopment.org"
5.188.62.21 - - [18/Sep/2022:10:09:22 -0700] "GET / HTTP/1.1" 200 428 "-" "Mozilla/5.0 (Windows NT 10.0; Win64; x64) AppleWebKit/537.36 (KHTML, like Gecko) Chrome/100.0.4758.11 Safari/537.36" "jsdsportsdevelopment.org"
10.247.24.58 - - [18/Sep/2022:10:16:34 -0700] "POST /wp-cron.php?doing_wp_cron=1663521394.1102690696716308593750 HTTP/1.1" 404 88 "https://jsdsportsdevelopment.org/wp-cron.php?doing_wp_cron=1663521394.1102690696716308593750" "WordPress/6.0.1; https://jsdsportsdevelopment.org" "jsdsportsdevelopment.org"
207.46.13.146 - - [18/Sep/2022:10:16:31 -0700] "GET /blog/index.php/after-school HTTP/1.1" 200 28684 "-" "Mozilla/5.0 (compatible; bingbot/2.0; +http://www.bing.com/bingbot.htm)" "jsdsportsdevelopment.org"
152.89.196.13 - - [18/Sep/2022:10:23:36 -0700] "GET /wp-post.php HTTP/1.1" 404 88 "-" "Mozilla/5.0 (Windows NT 10.0; Win64; x64) AppleWebKit/537.36 (KHTML, like Gecko) Chrome/74.0.3729.157 Safari/537.36" "jsdsportsdevelopment.org"
114.119.140.87 - - [18/Sep/2022:10:26:01 -0700] "GET /wp-includes/blocks/comment-author-name/?C=N%3BO%3DD HTTP/1.1" 200 385 "https://jsdsportsdevelopment.org/wp-includes/blocks/comment-author-name/" "Mozilla/5.0 (Linux; Android 7.0;) AppleWebKit/537.36 (KHTML, like Gecko) Mobile Safari/537.36 (compatible; PetalBot;+https://webmaster.petalsearch.com/site/petalbot)" "jsdsportsdevelopment.org"
10.247.24.59 - - [18/Sep/2022:10:33:35 -0700] "POST /wp-cron.php?doing_wp_cron=1663522415.3729279041290283203125 HTTP/1.1" 404 88 "https://jsdsportsdevelopment.org/wp-cron.php?doing_wp_cron=1663522415.3729279041290283203125" "WordPress/6.0.1; https://jsdsportsdevelopment.org" "jsdsportsdevelopment.org"
114.119.141.100 - - [18/Sep/2022:10:33:31 -0700] "GET /blog/index.php/sports/volleyball/ HTTP/1.1" 200 28684 "http://jsdsportsdevelopment.org/blog/mentoring/" "Mozilla/5.0 (Linux; Android 7.0;) AppleWebKit/537.36 (KHTML, like Gecko) Mobile Safari/537.36 (compatible; PetalBot;+https://webmaster.petalsearch.com/site/petalbot)" "jsdsportsdevelopment.org"
10.247.24.58 - - [18/Sep/2022:10:38:39 -0700] "POST /wp-cron.php?doing_wp_cron=1663522719.2607760429382324218750 HTTP/1.1" 404 88 "https://jsdsportsdevelopment.org/wp-cron.php?doing_wp_cron=1663522719.2607760429382324218750" "WordPress/6.0.1; https://jsdsportsdevelopment.org" "jsdsportsdevelopment.org"
114.119.141.100 - - [18/Sep/2022:10:38:35 -0700] "GET /blog/index.php/partners/ HTTP/1.1" 200 28684 "http://jsdsportsdevelopment.org/blog/mentoring/" "Mozilla/5.0 (Linux; Android 7.0;) AppleWebKit/537.36 (KHTML, like Gecko) Mobile Safari/537.36 (compatible; PetalBot;+https://webmaster.petalsearch.com/site/petalbot)" "jsdsportsdevelopment.org"
152.89.196.13 - - [18/Sep/2022:10:39:40 -0700] "GET /system_log.php?bala=up HTTP/1.1" 404 88 "-" "Mozilla/5.0 (Macintosh; Intel Mac OS X 10.14; rv:68.0) Gecko/20100101 Firefox/68.0" "jsdsportsdevelopment.org"
114.119.130.111 - - [18/Sep/2022:10:44:23 -0700] "GET /wp-includes/blocks/comments-title/?C=M%3BO%3DA HTTP/1.1" 200 454 "https://jsdsportsdevelopment.org/wp-includes/blocks/comments-title/?C=D%3BO%3DA" "Mozilla/5.0 (Linux; Android 7.0;) AppleWebKit/537.36 (KHTML, like Gecko) Mobile Safari/537.36 (compatible; PetalBot;+https://webmaster.petalsearch.com/site/petalbot)" "jsdsportsdevelopment.org"
114.119.140.87 - - [18/Sep/2022:10:55:23 -0700] "GET /wp-includes/blocks/navigation/style.css HTTP/1.1" 200 2908 "https://jsdsportsdevelopment.org/wp-includes/blocks/navigation/?C=M%3BO%3DA" "Mozilla/5.0 (Linux; Android 7.0;) AppleWebKit/537.36 (KHTML, like Gecko) Mobile Safari/537.36 (compatible; PetalBot;+https://webmaster.petalsearch.com/site/petalbot)" "jsdsportsdevelopment.org"
114.119.141.100 - - [18/Sep/2022:11:00:23 -0700] "GET /wp-includes/js/?C=M%3BO%3DA HTTP/1.1" 200 359 "https://jsdsportsdevelopment.org/wp-includes/js/?C=D%3BO%3DA" "Mozilla/5.0 (Linux; Android 7.0;) AppleWebKit/537.36 (KHTML, like Gecko) Mobile Safari/537.36 (compatible; PetalBot;+https://webmaster.petalsearch.com/site/petalbot)" "jsdsportsdevelopment.org"
10.247.24.58 - - [18/Sep/2022:11:04:27 -0700] "POST /wp-cron.php?doing_wp_cron=1663524267.3284850120544433593750 HTTP/1.1" 404 88 "https://jsdsportsdevelopment.org/wp-cron.php?doing_wp_cron=1663524267.3284850120544433593750" "WordPress/6.0.1; https://jsdsportsdevelopment.org" "jsdsportsdevelopment.org"
157.55.39.189 - - [18/Sep/2022:11:04:23 -0700] "GET /blog/index.php/2017/03/28/sample-page HTTP/1.1" 200 28684 "-" "Mozilla/5.0 (compatible; bingbot/2.0; +http://www.bing.com/bingbot.htm)" "jsdsportsdevelopment.org"
10.247.24.59 - - [18/Sep/2022:11:11:19 -0700] "POST /wp-cron.php?doing_wp_cron=1663524679.1157989501953125000000 HTTP/1.1" 404 88 "https://jsdsportsdevelopment.org/wp-cron.php?doing_wp_cron=1663524679.1157989501953125000000" "WordPress/6.0.1; https://jsdsportsdevelopment.org" "jsdsportsdevelopment.org"
207.46.13.148 - - [18/Sep/2022:11:11:15 -0700] "GET /blog/index.php/sports HTTP/1.1" 200 28684 "-" "Mozilla/5.0 (compatible; bingbot/2.0; +http://www.bing.com/bingbot.htm)" "jsdsportsdevelopment.org"
114.119.140.99 - - [18/Sep/2022:11:16:28 -0700] "GET /wp-includes/blocks/post-author/block.json HTTP/1.1" 200 521 "https://jsdsportsdevelopment.org/wp-includes/blocks/post-author/?C=S%3BO%3DA" "Mozilla/5.0 (Linux; Android 7.0;) AppleWebKit/537.36 (KHTML, like Gecko) Mobile Safari/537.36 (compatible; PetalBot;+https://webmaster.petalsearch.com/site/petalbot)" "jsdsportsdevelopment.org"
114.119.140.99 - - [18/Sep/2022:11:27:15 -0700] "GET /?C=N%3BO%3DD HTTP/1.1" 200 428 "https://jsdsportsdevelopment.org/?C=S%3BO%3DA" "Mozilla/5.0 (Linux; Android 7.0;) AppleWebKit/537.36 (KHTML, like Gecko) Mobile Safari/537.36 (compatible; PetalBot;+https://webmaster.petalsearch.com/site/petalbot)" "jsdsportsdevelopment.org"
114.119.140.99 - - [18/Sep/2022:11:32:49 -0700] "GET /wp-includes/blocks/post-comments-form/editor.min.css HTTP/1.1" 200 96 "https://jsdsportsdevelopment.org/wp-includes/blocks/post-comments-form/?C=M%3BO%3DA" "Mozilla/5.0 (Linux; Android 7.0;) AppleWebKit/537.36 (KHTML, like Gecko) Mobile Safari/537.36 (compatible; PetalBot;+https://webmaster.petalsearch.com/site/petalbot)" "jsdsportsdevelopment.org"
114.119.141.100 - - [18/Sep/2022:11:37:45 -0700] "GET /wp-includes/blocks/comment-content/?C=D%3BO%3DA HTTP/1.1" 200 455 "https://jsdsportsdevelopment.org/wp-includes/blocks/comment-content/?C=S%3BO%3DA" "Mozilla/5.0 (Linux; Android 7.0;) AppleWebKit/537.36 (KHTML, like Gecko) Mobile Safari/537.36 (compatible; PetalBot;+https://webmaster.petalsearch.com/site/petalbot)" "jsdsportsdevelopment.org"
114.119.140.99 - - [18/Sep/2022:11:44:06 -0700] "GET /wp-includes/blocks/navigation-link/ HTTP/1.1" 200 503 "https://jsdsportsdevelopment.org/wp-includes/blocks/?C=N%3BO%3DD" "Mozilla/5.0 (Linux; Android 7.0;) AppleWebKit/537.36 (KHTML, like Gecko) Mobile Safari/537.36 (compatible; PetalBot;+https://webmaster.petalsearch.com/site/petalbot)" "jsdsportsdevelopment.org"
114.119.140.99 - - [18/Sep/2022:11:49:36 -0700] "GET /wp-includes/blocks/comments-pagination-numbers/editor-rtl.css HTTP/1.1" 200 836 "https://jsdsportsdevelopment.org/wp-includes/blocks/comments-pagination-numbers/" "Mozilla/5.0 (Linux; Android 7.0;) AppleWebKit/537.36 (KHTML, like Gecko) Mobile Safari/537.36 (compatible; PetalBot;+https://webmaster.petalsearch.com/site/petalbot)" "jsdsportsdevelopment.org"
114.119.141.100 - - [18/Sep/2022:12:00:05 -0700] "GET /wp-includes/blocks/avatar/?C=M%3BO%3DA HTTP/1.1" 200 497 "https://jsdsportsdevelopment.org/wp-includes/blocks/avatar/?C=S%3BO%3DA" "Mozilla/5.0 (Linux; Android 7.0;) AppleWebKit/537.36 (KHTML, like Gecko) Mobile Safari/537.36 (compatible; PetalBot;+https://webmaster.petalsearch.com/site/petalbot)" "jsdsportsdevelopment.org"
114.119.140.99 - - [18/Sep/2022:12:05:43 -0700] "GET /wp-includes/blocks/comments-query-loop/editor.min.css HTTP/1.1" 200 95 "https://jsdsportsdevelopment.org/wp-includes/blocks/comments-query-loop/?C=D%3BO%3DA" "Mozilla/5.0 (Linux; Android 7.0;) AppleWebKit/537.36 (KHTML, like Gecko) Mobile Safari/537.36 (compatible; PetalBot;+https://webmaster.petalsearch.com/site/petalbot)" "jsdsportsdevelopment.org"
173.212.224.141 - - [18/Sep/2022:12:29:19 -0700] "HEAD /wordpress HTTP/1.1" 404 - "http://jsdsportsdevelopment.org/wordpress" "Mozilla/5.0 (Windows NT 10.0; Win64; x64) AppleWebKit/537.36 (KHTML, like Gecko) Chrome/74.0.3729.169 Safari/537.36" "jsdsportsdevelopment.org"
173.212.224.141 - - [18/Sep/2022:12:29:19 -0700] "HEAD / HTTP/1.1" 200 - "http://jsdsportsdevelopment.org/" "Mozilla/5.0 (Windows NT 10.0; Win64; x64) AppleWebKit/537.36 (KHTML, like Gecko) Chrome/74.0.3729.169 Safari/537.36" "jsdsportsdevelopment.org"
173.212.224.141 - - [18/Sep/2022:12:29:19 -0700] "HEAD /wp HTTP/1.1" 404 - "http://jsdsportsdevelopment.org/wp" "Mozilla/5.0 (Windows NT 10.0; Win64; x64) AppleWebKit/537.36 (KHTML, like Gecko) Chrome/74.0.3729.169 Safari/537.36" "jsdsportsdevelopment.org"
173.212.224.141 - - [18/Sep/2022:12:29:20 -0700] "HEAD /bc HTTP/1.1" 404 - "http://jsdsportsdevelopment.org/bc" "Mozilla/5.0 (Windows NT 10.0; Win64; x64) AppleWebKit/537.36 (KHTML, like Gecko) Chrome/74.0.3729.169 Safari/537.36" "jsdsportsdevelopment.org"
173.212.224.141 - - [18/Sep/2022:12:29:20 -0700] "HEAD /bk HTTP/1.1" 404 - "http://jsdsportsdevelopment.org/bk" "Mozilla/5.0 (Windows NT 10.0; Win64; x64) AppleWebKit/537.36 (KHTML, like Gecko) Chrome/74.0.3729.169 Safari/537.36" "jsdsportsdevelopment.org"
173.212.224.141 - - [18/Sep/2022:12:29:20 -0700] "HEAD /backup HTTP/1.1" 404 - "http://jsdsportsdevelopment.org/backup" "Mozilla/5.0 (Windows NT 10.0; Win64; x64) AppleWebKit/537.36 (KHTML, like Gecko) Chrome/74.0.3729.169 Safari/537.36" "jsdsportsdevelopment.org"
173.212.224.141 - - [18/Sep/2022:12:29:20 -0700] "HEAD /old HTTP/1.1" 404 - "http://jsdsportsdevelopment.org/old" "Mozilla/5.0 (Windows NT 10.0; Win64; x64) AppleWebKit/537.36 (KHTML, like Gecko) Chrome/74.0.3729.169 Safari/537.36" "jsdsportsdevelopment.org"
173.212.224.141 - - [18/Sep/2022:12:29:21 -0700] "HEAD /new HTTP/1.1" 404 - "http://jsdsportsdevelopment.org/new" "Mozilla/5.0 (Windows NT 10.0; Win64; x64) AppleWebKit/537.36 (KHTML, like Gecko) Chrome/74.0.3729.169 Safari/537.36" "jsdsportsdevelopment.org"
173.212.224.141 - - [18/Sep/2022:12:29:21 -0700] "HEAD /main HTTP/1.1" 404 - "http://jsdsportsdevelopment.org/main" "Mozilla/5.0 (Windows NT 10.0; Win64; x64) AppleWebKit/537.36 (KHTML, like Gecko) Chrome/74.0.3729.169 Safari/537.36" "jsdsportsdevelopment.org"
173.212.224.141 - - [18/Sep/2022:12:29:21 -0700] "HEAD /home HTTP/1.1" 404 - "http://jsdsportsdevelopment.org/home" "Mozilla/5.0 (Windows NT 10.0; Win64; x64) AppleWebKit/537.36 (KHTML, like Gecko) Chrome/74.0.3729.169 Safari/537.36" "jsdsportsdevelopment.org"
10.247.24.59 - - [18/Sep/2022:13:09:29 -0700] "POST /wp-cron.php?doing_wp_cron=1663531769.8054211139678955078125 HTTP/1.1" 500 1724 "https://jsdsportsdevelopment.org/wp-cron.php?doing_wp_cron=1663531769.8054211139678955078125" "WordPress/6.0.1; https://jsdsportsdevelopment.org" "jsdsportsdevelopment.org"
207.46.13.148 - - [18/Sep/2022:13:09:25 -0700] "GET /blog/index.php/sports/basketball HTTP/1.1" 200 28684 "-" "Mozilla/5.0 (compatible; bingbot/2.0; +http://www.bing.com/bingbot.htm)" "jsdsportsdevelopment.org"
207.46.13.148 - - [18/Sep/2022:13:09:35 -0700] "GET /blog/index.php/sports/football HTTP/1.1" 200 28684 "-" "Mozilla/5.0 (compatible; bingbot/2.0; +http://www.bing.com/bingbot.htm)" "jsdsportsdevelopment.org"
66.249.75.44 - - [18/Sep/2022:13:19:02 -0700] "GET /robots.txt HTTP/1.1" 404 88 "-" "Mozilla/5.0 (compatible; Googlebot/2.1; +http://www.google.com/bot.html)" "jsdsportsdevelopment.org"
10.247.24.58 - - [18/Sep/2022:13:40:29 -0700] "POST /wp-cron.php?doing_wp_cron=1663533628.9540131092071533203125 HTTP/1.1" 404 88 "https://jsdsportsdevelopment.org/wp-cron.php?doing_wp_cron=1663533628.9540131092071533203125" "WordPress/6.0.1; https://jsdsportsdevelopment.org" "jsdsportsdevelopment.org"
207.46.13.150 - - [18/Sep/2022:13:40:25 -0700] "GET /blog/index.php/sports/track HTTP/1.1" 200 28684 "-" "Mozilla/5.0 (compatible; bingbot/2.0; +http://www.bing.com/bingbot.htm)" "jsdsportsdevelopment.org"
185.191.171.24 - - [18/Sep/2022:14:04:57 -0700] "GET /robots.txt HTTP/1.1" 404 88 "-" "Mozilla/5.0 (compatible; SemrushBot/7~bl; +http://www.semrush.com/bot.html)" "jsdsportsdevelopment.org"
185.191.171.8 - - [18/Sep/2022:14:04:58 -0700] "GET /index.html.bakk HTTP/1.1" 200 867 "-" "Mozilla/5.0 (compatible; SemrushBot/7~bl; +http://www.semrush.com/bot.html)" "jsdsportsdevelopment.org"
10.247.24.58 - - [18/Sep/2022:15:00:31 -0700] "POST /wp-cron.php?doing_wp_cron=1663538431.5868790149688720703125 HTTP/1.1" 404 88 "https://jsdsportsdevelopment.org/wp-cron.php?doing_wp_cron=1663538431.5868790149688720703125" "WordPress/6.0.1; https://jsdsportsdevelopment.org" "jsdsportsdevelopment.org"
157.55.39.189 - - [18/Sep/2022:15:00:26 -0700] "GET /blog/index.php/partners HTTP/1.1" 200 28684 "-" "Mozilla/5.0 (compatible; bingbot/2.0; +http://www.bing.com/bingbot.htm)" "jsdsportsdevelopment.org"
157.55.39.93 - - [18/Sep/2022:15:23:45 -0700] "GET /blog HTTP/1.1" 301 1415 "-" "Mozilla/5.0 (compatible; bingbot/2.0; +http://www.bing.com/bingbot.htm)" "jsdsportsdevelopment.org"
10.247.24.60 - - [18/Sep/2022:15:23:50 -0700] "POST /wp-cron.php?doing_wp_cron=1663539830.5028140544891357421875 HTTP/1.1" 404 88 "https://jsdsportsdevelopment.org/wp-cron.php?doing_wp_cron=1663539830.5028140544891357421875" "WordPress/6.0.1; https://jsdsportsdevelopment.org" "jsdsportsdevelopment.org"
157.55.39.93 - - [18/Sep/2022:15:23:46 -0700] "GET /blog/ HTTP/1.1" 200 28684 "-" "Mozilla/5.0 (compatible; bingbot/2.0; +http://www.bing.com/bingbot.htm)" "jsdsportsdevelopment.org"
207.46.13.150 - - [18/Sep/2022:15:24:35 -0700] "GET /blog/index.php/2018/11/08/thanksgiving-scholarship-fund HTTP/1.1" 200 28684 "-" "Mozilla/5.0 (compatible; bingbot/2.0; +http://www.bing.com/bingbot.htm)" "jsdsportsdevelopment.org"
52.35.45.234 - - [18/Sep/2022:15:40:49 -0700] "GET / HTTP/1.1" 200 428 "-" "Mozilla/5.0 (X11; Linux x86_64) AppleWebKit/537.36 (KHTML, like Gecko) Chrome/83.0.4103.97 Safari/537.36" "jsdsportsdevelopment.org"
34.211.144.226 - - [18/Sep/2022:15:41:49 -0700] "GET / HTTP/1.1" 200 428 "-" "Mozilla/5.0 (X11; Linux x86_64) AppleWebKit/537.36 (KHTML, like Gecko) Chrome/83.0.4103.97 Safari/537.36" "jsdsportsdevelopment.org"
35.167.54.19 - - [18/Sep/2022:15:42:11 -0700] "GET /favicon.ico HTTP/1.1" 404 88 "-" "Mozilla/5.0 (X11; Linux x86_64) AppleWebKit/537.36 (KHTML, like Gecko) Chrome/83.0.4103.97 Safari/537.36" "jsdsportsdevelopment.org"
35.167.54.19 - - [18/Sep/2022:15:42:16 -0700] "GET / HTTP/1.1" 200 428 "-" "Mozilla/5.0 (X11; Linux x86_64) AppleWebKit/537.36 (KHTML, like Gecko) Chrome/83.0.4103.97 Safari/537.36" "jsdsportsdevelopment.org"
35.160.127.126 - - [18/Sep/2022:15:44:48 -0700] "GET /favicon.ico HTTP/1.1" 404 88 "http://jsdsportsdevelopment.org/favicon.ico" "Mozilla/5.0 (X11; Linux x86_64) AppleWebKit/537.36 (KHTML, like Gecko) Chrome/83.0.4103.97 Safari/537.36" "jsdsportsdevelopment.org"
35.160.127.126 - - [18/Sep/2022:15:44:53 -0700] "GET / HTTP/1.1" 200 428 "http://jsdsportsdevelopment.org" "Mozilla/5.0 (X11; Linux x86_64) AppleWebKit/537.36 (KHTML, like Gecko) Chrome/83.0.4103.97 Safari/537.36" "jsdsportsdevelopment.org"
10.247.24.59 - - [18/Sep/2022:16:53:41 -0700] "POST /wp-cron.php?doing_wp_cron=1663545221.1489911079406738281250 HTTP/1.1" 404 88 "https://jsdsportsdevelopment.org/wp-cron.php?doing_wp_cron=1663545221.1489911079406738281250" "WordPress/6.0.1; https://jsdsportsdevelopment.org" "jsdsportsdevelopment.org"
207.46.13.147 - - [18/Sep/2022:16:53:37 -0700] "GET /blog/index.php/2017/03/28/hello-world HTTP/1.1" 200 28684 "-" "Mozilla/5.0 (compatible; bingbot/2.0; +http://www.bing.com/bingbot.htm)" "jsdsportsdevelopment.org"
