185.191.171.17 - - [13/Sep/2022:17:05:05 -0700] "GET /wp-includes/blocks/post-author-biography/block.json HTTP/1.1" 200 401 "-" "Mozilla/5.0 (compatible; SemrushBot/7~bl; +http://www.semrush.com/bot.html)" "jsdsportsdevelopment.org"
194.38.20.161 - - [13/Sep/2022:17:36:39 -0700] "GET /wp-content/plugins/super-forms/uploads/php/index.php?file=tf2rghf.jpg HTTP/1.1" 404 73 "-" "ALittle Client" "jsdsportsdevelopment.org"
152.89.196.13 - - [13/Sep/2022:18:39:13 -0700] "GET /wp-content/plugins/core-engine/index.php HTTP/1.1" 404 88 "-" "Mozilla/5.0 (Macintosh; Intel Mac OS X 10.14; rv:68.0) Gecko/20100101 Firefox/68.0" "jsdsportsdevelopment.org"
184.168.121.106 - - [13/Sep/2022:19:01:13 -0700] "GET /wp-content/plugins/zingiri-web-shop/fws/ajax/init.inc.php?wpabspath=../../../../../wp-config.php HTTP/1.1" 404 88 "-" "Mozilla/5.0 (Windows NT 10.0; rv:91.0) Gecko/20100101 Firefox/91.0" "jsdsportsdevelopment.org"
103.180.120.176 - - [13/Sep/2022:19:20:28 -0700] "GET /wp-login.php HTTP/1.1" 404 88 "http://jsdsportsdevelopment.org/wp-login.php" "Mozilla/5.0 (Windows NT 10.0; Win64; x64; rv:96.0) Gecko/20100101 Firefox/96" "jsdsportsdevelopment.org"
114.119.141.103 - - [13/Sep/2022:20:07:37 -0700] "GET /wp-includes/blocks/post-comments/editor.min.css HTTP/1.1" 200 77 "https://jsdsportsdevelopment.org/wp-includes/blocks/post-comments/?C=N%3BO%3DD" "Mozilla/5.0 (Linux; Android 7.0;) AppleWebKit/537.36 (KHTML, like Gecko) Mobile Safari/537.36 (compatible; PetalBot;+https://webmaster.petalsearch.com/site/petalbot)" "jsdsportsdevelopment.org"
114.119.141.112 - - [13/Sep/2022:20:15:10 -0700] "GET /wp-includes/blocks/query-no-results/?C=D%3BO%3DA HTTP/1.1" 200 389 "https://jsdsportsdevelopment.org/wp-includes/blocks/query-no-results/?C=N%3BO%3DD" "Mozilla/5.0 (Linux; Android 7.0;) AppleWebKit/537.36 (KHTML, like Gecko) Mobile Safari/537.36 (compatible; PetalBot;+https://webmaster.petalsearch.com/site/petalbot)" "jsdsportsdevelopment.org"
173.252.95.120 - - [13/Sep/2022:20:16:52 -0700] "GET /robots.txt HTTP/1.1" 404 88 "-" "facebookexternalhit/1.1 (+http://www.facebook.com/externalhit_uatext.php)" "jsdsportsdevelopment.org"
66.220.149.22 - - [13/Sep/2022:20:17:01 -0700] "GET /?fbclid=IwAR19PGu0e67en7puNK7QsJyJzAwvNDnpYhTPMlh5zgF-NENN0Fv0s5XcKlI HTTP/1.1" 200 428 "-" "Mozilla/5.0 (Windows NT 10.0; Win64; x64) AppleWebKit/537.36 (KHTML, like Gecko) Chrome/80.0.3987.149 Safari/537.36" "jsdsportsdevelopment.org"
66.220.149.22 - - [13/Sep/2022:20:17:02 -0700] "GET /favicon.ico HTTP/1.1" 404 88 "https://jsdsportsdevelopment.org/?fbclid=IwAR19PGu0e67en7puNK7QsJyJzAwvNDnpYhTPMlh5zgF-NENN0Fv0s5XcKlI" "Mozilla/5.0 (Windows NT 10.0; Win64; x64) AppleWebKit/537.36 (KHTML, like Gecko) Chrome/80.0.3987.149 Safari/537.36" "jsdsportsdevelopment.org"
114.119.141.112 - - [13/Sep/2022:20:26:50 -0700] "GET /wp-includes/blocks/post-author-biography/?C=D%3BO%3DA HTTP/1.1" 200 388 "https://jsdsportsdevelopment.org/wp-includes/blocks/post-author-biography/?C=S%3BO%3DA" "Mozilla/5.0 (Linux; Android 7.0;) AppleWebKit/537.36 (KHTML, like Gecko) Mobile Safari/537.36 (compatible; PetalBot;+https://webmaster.petalsearch.com/site/petalbot)" "jsdsportsdevelopment.org"
114.119.130.111 - - [13/Sep/2022:20:34:29 -0700] "GET / HTTP/1.1" 200 428 "-" "Mozilla/5.0 (Linux; Android 7.0;) AppleWebKit/537.36 (KHTML, like Gecko) Mobile Safari/537.36 (compatible; PetalBot;+https://webmaster.petalsearch.com/site/petalbot)" "jsdsportsdevelopment.org"
114.119.141.100 - - [13/Sep/2022:20:45:31 -0700] "GET /wp-includes/blocks/home-link/?C=M%3BO%3DA HTTP/1.1" 200 379 "https://jsdsportsdevelopment.org/wp-includes/blocks/home-link/" "Mozilla/5.0 (Linux; Android 7.0;) AppleWebKit/537.36 (KHTML, like Gecko) Mobile Safari/537.36 (compatible; PetalBot;+https://webmaster.petalsearch.com/site/petalbot)" "jsdsportsdevelopment.org"
114.119.141.103 - - [13/Sep/2022:20:51:08 -0700] "GET /wp-includes/blocks/query-no-results/block.json HTTP/1.1" 200 298 "https://jsdsportsdevelopment.org/wp-includes/blocks/query-no-results/?C=N%3BO%3DD" "Mozilla/5.0 (Linux; Android 7.0;) AppleWebKit/537.36 (KHTML, like Gecko) Mobile Safari/537.36 (compatible; PetalBot;+https://webmaster.petalsearch.com/site/petalbot)" "jsdsportsdevelopment.org"
114.119.140.87 - - [13/Sep/2022:20:56:45 -0700] "GET /wp-includes/blocks/navigation/view.min.asset.php HTTP/1.1" 200 - "https://jsdsportsdevelopment.org/wp-includes/blocks/navigation/?C=S%3BO%3DA" "Mozilla/5.0 (Linux; Android 7.0;) AppleWebKit/537.36 (KHTML, like Gecko) Mobile Safari/537.36 (compatible; PetalBot;+https://webmaster.petalsearch.com/site/petalbot)" "jsdsportsdevelopment.org"
114.119.141.100 - - [13/Sep/2022:21:02:22 -0700] "GET /wp-includes/blocks/comments-query-loop/?C=S%3BO%3DA HTTP/1.1" 200 459 "https://jsdsportsdevelopment.org/wp-includes/blocks/comments-query-loop/?C=D%3BO%3DA" "Mozilla/5.0 (Linux; Android 7.0;) AppleWebKit/537.36 (KHTML, like Gecko) Mobile Safari/537.36 (compatible; PetalBot;+https://webmaster.petalsearch.com/site/petalbot)" "jsdsportsdevelopment.org"
114.119.141.112 - - [13/Sep/2022:21:07:55 -0700] "GET /wp-includes/blocks/comments-title/block.json HTTP/1.1" 200 515 "https://jsdsportsdevelopment.org/wp-includes/blocks/comments-title/?C=N%3BO%3DD" "Mozilla/5.0 (Linux; Android 7.0;) AppleWebKit/537.36 (KHTML, like Gecko) Mobile Safari/537.36 (compatible; PetalBot;+https://webmaster.petalsearch.com/site/petalbot)" "jsdsportsdevelopment.org"
114.119.130.111 - - [13/Sep/2022:21:13:28 -0700] "GET /wp-includes/blocks/comments-query-loop/editor-rtl.css HTTP/1.1" 200 807 "https://jsdsportsdevelopment.org/wp-includes/blocks/comments-query-loop/?C=D%3BO%3DA" "Mozilla/5.0 (Linux; Android 7.0;) AppleWebKit/537.36 (KHTML, like Gecko) Mobile Safari/537.36 (compatible; PetalBot;+https://webmaster.petalsearch.com/site/petalbot)" "jsdsportsdevelopment.org"
114.119.140.87 - - [13/Sep/2022:21:19:01 -0700] "GET /wp-includes/blocks/?C=D%3BO%3DA HTTP/1.1" 200 715 "https://jsdsportsdevelopment.org/wp-includes/blocks/" "Mozilla/5.0 (Linux; Android 7.0;) AppleWebKit/537.36 (KHTML, like Gecko) Mobile Safari/537.36 (compatible; PetalBot;+https://webmaster.petalsearch.com/site/petalbot)" "jsdsportsdevelopment.org"
114.119.140.99 - - [13/Sep/2022:21:24:29 -0700] "GET /wp-includes/blocks/comment-author-name/?C=D%3BO%3DA HTTP/1.1" 200 385 "https://jsdsportsdevelopment.org/wp-includes/blocks/comment-author-name/?C=N%3BO%3DD" "Mozilla/5.0 (Linux; Android 7.0;) AppleWebKit/537.36 (KHTML, like Gecko) Mobile Safari/537.36 (compatible; PetalBot;+https://webmaster.petalsearch.com/site/petalbot)" "jsdsportsdevelopment.org"
20.163.120.201 - - [13/Sep/2022:21:28:57 -0700] "GET /dup-installer/main.installer.php HTTP/1.1" 404 73 "-" "Mozilla/5.0 (Windows NT 10.0; Win64; x64; rv:58.0) Gecko/20100101 Firefox/58.0" "jsdsportsdevelopment.org"
114.119.130.111 - - [13/Sep/2022:21:29:56 -0700] "GET /wp-includes/css/?C=M%3BO%3DA HTTP/1.1" 200 359 "https://jsdsportsdevelopment.org/wp-includes/css/?C=D%3BO%3DA" "Mozilla/5.0 (Linux; Android 7.0;) AppleWebKit/537.36 (KHTML, like Gecko) Mobile Safari/537.36 (compatible; PetalBot;+https://webmaster.petalsearch.com/site/petalbot)" "jsdsportsdevelopment.org"
114.119.140.99 - - [13/Sep/2022:21:35:31 -0700] "GET /wp-includes/css/dist/edit-site/style-rtl.min.css HTTP/1.1" 200 7900 "https://jsdsportsdevelopment.org/wp-includes/css/dist/edit-site/" "Mozilla/5.0 (Linux; Android 7.0;) AppleWebKit/537.36 (KHTML, like Gecko) Mobile Safari/537.36 (compatible; PetalBot;+https://webmaster.petalsearch.com/site/petalbot)" "jsdsportsdevelopment.org"
114.119.141.100 - - [13/Sep/2022:21:41:06 -0700] "GET /wp-includes/blocks/post-comments-form/editor-rtl.min.css HTTP/1.1" 200 96 "https://jsdsportsdevelopment.org/wp-includes/blocks/post-comments-form/?C=D%3BO%3DA" "Mozilla/5.0 (Linux; Android 7.0;) AppleWebKit/537.36 (KHTML, like Gecko) Mobile Safari/537.36 (compatible; PetalBot;+https://webmaster.petalsearch.com/site/petalbot)" "jsdsportsdevelopment.org"
176.109.189.183 - - [13/Sep/2022:22:42:14 -0700] "GET /lover.php HTTP/1.1" 404 73 "-" "-" "jsdsportsdevelopment.org"
114.119.136.24 - - [13/Sep/2022:23:06:55 -0700] "GET /robots.txt HTTP/1.1" 404 88 "-" "Mozilla/5.0 (compatible;PetalBot;+https://webmaster.petalsearch.com/site/petalbot)" "jsdsportsdevelopment.org"
35.208.141.64 - - [14/Sep/2022:02:12:01 -0700] "HEAD / HTTP/1.1" 200 - "-" "scalaj-http/2.4.2" "jsdsportsdevelopment.org"
35.208.141.64 - - [14/Sep/2022:02:12:01 -0700] "GET / HTTP/1.1" 200 428 "-" "Buck/2.3.2; (+https://app.hypefactors.com/media-monitoring/about.html)" "jsdsportsdevelopment.org"
35.208.141.64 - - [14/Sep/2022:02:12:01 -0700] "GET /robots.txt HTTP/1.1" 404 88 "-" "Buck/2.3.2; (+https://app.hypefactors.com/media-monitoring/about.html)" "jsdsportsdevelopment.org"
35.208.141.64 - - [14/Sep/2022:02:12:01 -0700] "GET /sitemap.xml HTTP/1.1" 404 88 "-" "Buck/2.3.2; (+https://app.hypefactors.com/media-monitoring/about.html)" "jsdsportsdevelopment.org"
10.247.24.59 - - [14/Sep/2022:02:12:31 -0700] "POST /wp-cron.php?doing_wp_cron=1663146750.9983921051025390625000 HTTP/1.1" 404 88 "https://jsdsportsdevelopment.org/wp-cron.php?doing_wp_cron=1663146750.9983921051025390625000" "WordPress/6.0.1; https://jsdsportsdevelopment.org" "jsdsportsdevelopment.org"
35.208.141.64 - - [14/Sep/2022:02:12:25 -0700] "GET /blog/ HTTP/1.1" 200 28684 "-" "Buck/2.3.2; (+https://app.hypefactors.com/media-monitoring/about.html)" "jsdsportsdevelopment.org"
35.208.141.64 - - [14/Sep/2022:02:13:07 -0700] "GET /wp-content/ HTTP/1.1" 200 354 "-" "Buck/2.3.2; (+https://app.hypefactors.com/media-monitoring/about.html)" "jsdsportsdevelopment.org"
35.208.141.64 - - [14/Sep/2022:02:13:32 -0700] "GET /wp-includes/ HTTP/1.1" 200 405 "-" "Buck/2.3.2; (+https://app.hypefactors.com/media-monitoring/about.html)" "jsdsportsdevelopment.org"
35.208.141.64 - - [14/Sep/2022:02:13:59 -0700] "GET /index.html.bak HTTP/1.1" 200 867 "-" "Buck/2.3.2; (+https://app.hypefactors.com/media-monitoring/about.html)" "jsdsportsdevelopment.org"
195.3.222.14 - - [14/Sep/2022:03:31:34 -0700] "GET / HTTP/1.1" 200 1156 "-" "Mozilla/5.0 (Windows NT 10.0; Win64; x64) AppleWebKit/537.36 (KHTML, like Gecko) Chrome/90.0.4430.85 Safari/537.36" "jsdsportsdevelopment.org"
10.247.24.59 - - [14/Sep/2022:03:50:41 -0700] "POST /wp-cron.php?doing_wp_cron=1663152641.0091478824615478515625 HTTP/1.1" 404 88 "https://jsdsportsdevelopment.org/wp-cron.php?doing_wp_cron=1663152641.0091478824615478515625" "WordPress/6.0.1; https://jsdsportsdevelopment.org" "jsdsportsdevelopment.org"
114.119.141.100 - - [14/Sep/2022:03:50:37 -0700] "GET /blog/index.php/2017/03/28/hello-world/ HTTP/1.1" 200 28684 "http://jsdsportsdevelopment.org/blog/mentoring/" "Mozilla/5.0 (Linux; Android 7.0;) AppleWebKit/537.36 (KHTML, like Gecko) Mobile Safari/537.36 (compatible; PetalBot;+https://webmaster.petalsearch.com/site/petalbot)" "jsdsportsdevelopment.org"
114.119.140.87 - - [14/Sep/2022:04:01:27 -0700] "GET /wp-includes/blocks/avatar/editor-rtl.min.css HTTP/1.1" 200 116 "https://jsdsportsdevelopment.org/wp-includes/blocks/avatar/?C=M%3BO%3DA" "Mozilla/5.0 (Linux; Android 7.0;) AppleWebKit/537.36 (KHTML, like Gecko) Mobile Safari/537.36 (compatible; PetalBot;+https://webmaster.petalsearch.com/site/petalbot)" "jsdsportsdevelopment.org"
114.119.130.111 - - [14/Sep/2022:04:11:23 -0700] "GET /wp-includes/blocks/term-description/?C=N%3BO%3DD HTTP/1.1" 200 379 "https://jsdsportsdevelopment.org/wp-includes/blocks/term-description/" "Mozilla/5.0 (Linux; Android 7.0;) AppleWebKit/537.36 (KHTML, like Gecko) Mobile Safari/537.36 (compatible; PetalBot;+https://webmaster.petalsearch.com/site/petalbot)" "jsdsportsdevelopment.org"
114.119.130.111 - - [14/Sep/2022:04:17:01 -0700] "GET /wp-includes/js/dist/development/react-refresh-entry.js HTTP/1.1" 200 8994 "https://jsdsportsdevelopment.org/wp-includes/js/dist/development/?C=S%3BO%3DA" "Mozilla/5.0 (Linux; Android 7.0;) AppleWebKit/537.36 (KHTML, like Gecko) Mobile Safari/537.36 (compatible; PetalBot;+https://webmaster.petalsearch.com/site/petalbot)" "jsdsportsdevelopment.org"
51.222.253.8 - - [14/Sep/2022:04:23:48 -0700] "GET /wp-includes/css/?C=N;O=D HTTP/1.1" 200 357 "-" "Mozilla/5.0 (compatible; AhrefsBot/7.0; +http://ahrefs.com/robot/)" "jsdsportsdevelopment.org"
114.119.140.87 - - [14/Sep/2022:04:42:02 -0700] "GET /wp-includes/blocks/query-no-results/?C=S%3BO%3DA HTTP/1.1" 200 389 "https://jsdsportsdevelopment.org/wp-includes/blocks/query-no-results/" "Mozilla/5.0 (Linux; Android 7.0;) AppleWebKit/537.36 (KHTML, like Gecko) Mobile Safari/537.36 (compatible; PetalBot;+https://webmaster.petalsearch.com/site/petalbot)" "jsdsportsdevelopment.org"
114.119.140.99 - - [14/Sep/2022:04:47:41 -0700] "GET /wp-includes/blocks/comment-edit-link/ HTTP/1.1" 200 385 "https://jsdsportsdevelopment.org/wp-includes/blocks/?C=M%3BO%3DA" "Mozilla/5.0 (Linux; Android 7.0;) AppleWebKit/537.36 (KHTML, like Gecko) Mobile Safari/537.36 (compatible; PetalBot;+https://webmaster.petalsearch.com/site/petalbot)" "jsdsportsdevelopment.org"
114.119.141.103 - - [14/Sep/2022:04:53:24 -0700] "GET /wp-content/themes/?C=S%3BO%3DA HTTP/1.1" 200 363 "https://jsdsportsdevelopment.org/wp-content/themes/" "Mozilla/5.0 (Linux; Android 7.0;) AppleWebKit/537.36 (KHTML, like Gecko) Mobile Safari/537.36 (compatible; PetalBot;+https://webmaster.petalsearch.com/site/petalbot)" "jsdsportsdevelopment.org"
51.222.253.15 - - [14/Sep/2022:04:56:21 -0700] "GET /robots.txt HTTP/1.1" 404 88 "-" "Mozilla/5.0 (compatible; AhrefsBot/7.0; +http://ahrefs.com/robot/)" "jsdsportsdevelopment.org"
51.222.253.16 - - [14/Sep/2022:04:56:22 -0700] "GET /wp-includes/js/dist/development/ HTTP/1.1" 200 437 "-" "Mozilla/5.0 (compatible; AhrefsBot/7.0; +http://ahrefs.com/robot/)" "jsdsportsdevelopment.org"
114.119.141.112 - - [14/Sep/2022:04:59:11 -0700] "GET /wp-includes/blocks/home-link/?C=S%3BO%3DA HTTP/1.1" 200 379 "https://jsdsportsdevelopment.org/wp-includes/blocks/home-link/" "Mozilla/5.0 (Linux; Android 7.0;) AppleWebKit/537.36 (KHTML, like Gecko) Mobile Safari/537.36 (compatible; PetalBot;+https://webmaster.petalsearch.com/site/petalbot)" "jsdsportsdevelopment.org"
114.119.140.85 - - [14/Sep/2022:05:04:53 -0700] "GET /?C=M%3BO%3DA HTTP/1.1" 200 428 "https://jsdsportsdevelopment.org" "Mozilla/5.0 (Linux; Android 7.0;) AppleWebKit/537.36 (KHTML, like Gecko) Mobile Safari/537.36 (compatible; PetalBot;+https://webmaster.petalsearch.com/site/petalbot)" "jsdsportsdevelopment.org"
114.119.140.85 - - [14/Sep/2022:05:10:41 -0700] "GET /wp-includes/blocks/?C=S%3BO%3DA HTTP/1.1" 200 715 "https://jsdsportsdevelopment.org/wp-includes/blocks/?C=M%3BO%3DA" "Mozilla/5.0 (Linux; Android 7.0;) AppleWebKit/537.36 (KHTML, like Gecko) Mobile Safari/537.36 (compatible; PetalBot;+https://webmaster.petalsearch.com/site/petalbot)" "jsdsportsdevelopment.org"
114.119.140.87 - - [14/Sep/2022:05:16:15 -0700] "GET /wp-includes/blocks/navigation-submenu/?C=S%3BO%3DA HTTP/1.1" 200 456 "https://jsdsportsdevelopment.org/wp-includes/blocks/navigation-submenu/?C=D%3BO%3DA" "Mozilla/5.0 (Linux; Android 7.0;) AppleWebKit/537.36 (KHTML, like Gecko) Mobile Safari/537.36 (compatible; PetalBot;+https://webmaster.petalsearch.com/site/petalbot)" "jsdsportsdevelopment.org"
114.119.140.87 - - [14/Sep/2022:05:22:02 -0700] "GET /wp-includes/blocks/comment-date/?C=S%3BO%3DA HTTP/1.1" 200 382 "https://jsdsportsdevelopment.org/wp-includes/blocks/comment-date/" "Mozilla/5.0 (Linux; Android 7.0;) AppleWebKit/537.36 (KHTML, like Gecko) Mobile Safari/537.36 (compatible; PetalBot;+https://webmaster.petalsearch.com/site/petalbot)" "jsdsportsdevelopment.org"
114.119.141.103 - - [14/Sep/2022:05:27:29 -0700] "GET /wp-includes/blocks/comments-pagination-next/?C=N%3BO%3DD HTTP/1.1" 200 389 "https://jsdsportsdevelopment.org/wp-includes/blocks/comments-pagination-next/?C=D%3BO%3DA" "Mozilla/5.0 (Linux; Android 7.0;) AppleWebKit/537.36 (KHTML, like Gecko) Mobile Safari/537.36 (compatible; PetalBot;+https://webmaster.petalsearch.com/site/petalbot)" "jsdsportsdevelopment.org"
114.119.141.112 - - [14/Sep/2022:05:32:58 -0700] "GET /wp-includes/blocks/navigation-submenu/editor-rtl.min.css HTTP/1.1" 200 299 "https://jsdsportsdevelopment.org/wp-includes/blocks/navigation-submenu/?C=D%3BO%3DA" "Mozilla/5.0 (Linux; Android 7.0;) AppleWebKit/537.36 (KHTML, like Gecko) Mobile Safari/537.36 (compatible; PetalBot;+https://webmaster.petalsearch.com/site/petalbot)" "jsdsportsdevelopment.org"
51.222.253.7 - - [14/Sep/2022:05:37:20 -0700] "GET / HTTP/1.1" 200 428 "-" "Mozilla/5.0 (compatible; AhrefsBot/7.0; +http://ahrefs.com/robot/)" "jsdsportsdevelopment.org"
114.119.140.85 - - [14/Sep/2022:05:46:24 -0700] "GET /wp-includes/blocks/post-navigation-link/block.json HTTP/1.1" 200 413 "https://jsdsportsdevelopment.org/wp-includes/blocks/post-navigation-link/?C=N%3BO%3DD" "Mozilla/5.0 (Linux; Android 7.0;) AppleWebKit/537.36 (KHTML, like Gecko) Mobile Safari/537.36 (compatible; PetalBot;+https://webmaster.petalsearch.com/site/petalbot)" "jsdsportsdevelopment.org"
51.15.183.168 - - [14/Sep/2022:05:55:54 -0700] "GET /mambots/editors/fckeditor/editor/filemanager/upload/php/upload.php HTTP/1.1" 404 73 "-" "Mozilla/5.0 (Windows NT 6.3; Win64; x64) AppleWebKit/537.36 (KHTML, like Gecko) Chrome/75.0.3770.100 Safari/537.36" "jsdsportsdevelopment.org"
114.119.141.100 - - [14/Sep/2022:06:02:45 -0700] "GET /wp-includes/blocks/navigation-link/?C=D%3BO%3DA HTTP/1.1" 200 503 "https://jsdsportsdevelopment.org/wp-includes/blocks/navigation-link/?C=S%3BO%3DA" "Mozilla/5.0 (Linux; Android 7.0;) AppleWebKit/537.36 (KHTML, like Gecko) Mobile Safari/537.36 (compatible; PetalBot;+https://webmaster.petalsearch.com/site/petalbot)" "jsdsportsdevelopment.org"
51.222.253.18 - - [14/Sep/2022:06:02:56 -0700] "GET /wp-includes/js/?C=N;O=D HTTP/1.1" 200 357 "-" "Mozilla/5.0 (compatible; AhrefsBot/7.0; +http://ahrefs.com/robot/)" "jsdsportsdevelopment.org"
152.89.196.13 - - [14/Sep/2022:06:05:27 -0700] "GET /configbak.php HTTP/1.1" 404 88 "-" "Mozilla/5.0 (Windows NT 10.0; Win64; x64; rv:67.0) Gecko/20100101 Firefox/67.0" "jsdsportsdevelopment.org"
51.222.253.9 - - [14/Sep/2022:06:30:39 -0700] "GET /wp-includes/php-compat/?C=N;O=D HTTP/1.1" 200 376 "-" "Mozilla/5.0 (compatible; AhrefsBot/7.0; +http://ahrefs.com/robot/)" "jsdsportsdevelopment.org"
184.94.240.88 - - [14/Sep/2022:08:33:08 -0700] "GET / HTTP/1.1" 200 1156 "-" "Mozilla/5.0 (Windows NT 10.0; WOW64; rv:53.0) Gecko/20100101 Firefox/53.0" "www.jsdsportsdevelopment.org"
10.247.24.58 - - [14/Sep/2022:08:33:23 -0700] "POST /wp-cron.php?doing_wp_cron=1663169603.7219688892364501953125 HTTP/1.1" 404 88 "https://jsdsportsdevelopment.org/wp-cron.php?doing_wp_cron=1663169603.7219688892364501953125" "WordPress/6.0.1; https://jsdsportsdevelopment.org" "jsdsportsdevelopment.org"
184.94.240.88 - - [14/Sep/2022:08:33:19 -0700] "GET /blog/ HTTP/1.1" 200 28750 "-" "Mozilla/5.0 (Windows NT 10.0; WOW64; rv:53.0) Gecko/20100101 Firefox/53.0" "www.jsdsportsdevelopment.org"
114.119.141.103 - - [14/Sep/2022:08:38:42 -0700] "GET /wp-includes/js/dist/development/react-refresh-entry.min.js HTTP/1.1" 200 8994 "https://jsdsportsdevelopment.org/wp-includes/js/dist/development/?C=S%3BO%3DA" "Mozilla/5.0 (Linux; Android 7.0;) AppleWebKit/537.36 (KHTML, like Gecko) Mobile Safari/537.36 (compatible; PetalBot;+https://webmaster.petalsearch.com/site/petalbot)" "jsdsportsdevelopment.org"
51.222.253.12 - - [14/Sep/2022:09:18:28 -0700] "GET / HTTP/1.1" 200 428 "-" "Mozilla/5.0 (compatible; AhrefsBot/7.0; +http://ahrefs.com/robot/)" "www.jsdsportsdevelopment.org"
5.255.253.121 - - [14/Sep/2022:09:45:41 -0700] "GET /robots.txt HTTP/1.1" 404 73 "-" "Mozilla/5.0 (compatible; YandexBot/3.0; +http://yandex.com/bots)" "jsdsportsdevelopment.org"
5.45.207.101 - - [14/Sep/2022:09:45:45 -0700] "GET / HTTP/1.1" 200 428 "-" "Mozilla/5.0 (compatible; YandexBot/3.0; +http://yandex.com/bots)" "jsdsportsdevelopment.org"
5.45.207.150 - - [14/Sep/2022:09:46:39 -0700] "GET /robots.txt HTTP/1.1" 404 73 "-" "Mozilla/5.0 (compatible; YandexBot/3.0; +http://yandex.com/bots)" "jsdsportsdevelopment.org"
5.45.207.150 - - [14/Sep/2022:09:49:39 -0700] "GET / HTTP/1.1" 200 428 "-" "Mozilla/5.0 (compatible; YandexBot/3.0; +http://yandex.com/bots)" "jsdsportsdevelopment.org"
114.119.141.100 - - [14/Sep/2022:09:55:27 -0700] "GET /wp-includes/blocks/navigation/ HTTP/1.1" 200 561 "https://jsdsportsdevelopment.org/wp-includes/blocks/?C=M%3BO%3DA" "Mozilla/5.0 (Linux; Android 7.0;) AppleWebKit/537.36 (KHTML, like Gecko) Mobile Safari/537.36 (compatible; PetalBot;+https://webmaster.petalsearch.com/site/petalbot)" "jsdsportsdevelopment.org"
51.222.253.2 - - [14/Sep/2022:09:59:05 -0700] "GET /wp-includes/?C=M;O=D HTTP/1.1" 200 404 "-" "Mozilla/5.0 (compatible; AhrefsBot/7.0; +http://ahrefs.com/robot/)" "jsdsportsdevelopment.org"
185.191.171.1 - - [14/Sep/2022:10:01:48 -0700] "GET /robots.txt HTTP/1.1" 404 88 "-" "Mozilla/5.0 (compatible; SemrushBot/7~bl; +http://www.semrush.com/bot.html)" "jsdsportsdevelopment.org"
10.247.24.58 - - [14/Sep/2022:10:01:54 -0700] "POST /wp-cron.php?doing_wp_cron=1663174913.9223799705505371093750 HTTP/1.1" 404 88 "https://jsdsportsdevelopment.org/wp-cron.php?doing_wp_cron=1663174913.9223799705505371093750" "WordPress/6.0.1; https://jsdsportsdevelopment.org" "jsdsportsdevelopment.org"
185.191.171.15 - - [14/Sep/2022:10:01:51 -0700] "GET /blog/index.php/2017/03/28/hello-world/ HTTP/1.1" 200 28684 "-" "Mozilla/5.0 (compatible; SemrushBot/7~bl; +http://www.semrush.com/bot.html)" "jsdsportsdevelopment.org"
185.197.74.148 - - [14/Sep/2022:10:33:11 -0700] "GET / HTTP/1.1" 200 1156 "https://jsdsportsdevelopment.org/" "Mozilla/5.0 (Windows NT 10.0; Win64; x64) AppleWebKit/537.36 (KHTML, like Gecko) Chrome/90.0.4430.72 Safari/537.36 Edg/90.0.818.39" "jsdsportsdevelopment.org"
10.247.24.58 - - [14/Sep/2022:10:33:15 -0700] "POST /wp-cron.php?doing_wp_cron=1663176795.3465590476989746093750 HTTP/1.1" 404 88 "https://jsdsportsdevelopment.org/wp-cron.php?doing_wp_cron=1663176795.3465590476989746093750" "WordPress/6.0.1; https://jsdsportsdevelopment.org" "jsdsportsdevelopment.org"
185.197.74.148 - - [14/Sep/2022:10:33:12 -0700] "GET /blog/ HTTP/1.1" 200 28684 "https://jsdsportsdevelopment.org/blog/" "Mozilla/5.0 (Windows NT 10.0; Win64; x64) AppleWebKit/537.36 (KHTML, like Gecko) Chrome/90.0.4430.72 Safari/537.36 Edg/90.0.818.39" "jsdsportsdevelopment.org"
185.197.74.148 - - [14/Sep/2022:10:33:17 -0700] "GET /blog/index.php/mentoring/ HTTP/1.1" 200 28684 "https://jsdsportsdevelopment.org/blog/mentoring/" "Mozilla/5.0 (Windows NT 10.0; Win64; x64) AppleWebKit/537.36 (KHTML, like Gecko) Chrome/90.0.4430.72 Safari/537.36 Edg/90.0.818.39" "jsdsportsdevelopment.org"
185.197.74.148 - - [14/Sep/2022:10:33:22 -0700] "GET /?page_id=16 HTTP/1.1" 200 1156 "https://jsdsportsdevelopment.org/?page_id=16" "Mozilla/5.0 (Windows NT 10.0; Win64; x64) AppleWebKit/537.36 (KHTML, like Gecko) Chrome/90.0.4430.72 Safari/537.36 Edg/90.0.818.39" "jsdsportsdevelopment.org"
10.247.24.60 - - [14/Sep/2022:11:06:20 -0700] "POST /wp-cron.php?doing_wp_cron=1663178780.2485570907592773437500 HTTP/1.1" 404 88 "https://jsdsportsdevelopment.org/wp-cron.php?doing_wp_cron=1663178780.2485570907592773437500" "WordPress/6.0.1; https://jsdsportsdevelopment.org" "jsdsportsdevelopment.org"
114.119.130.111 - - [14/Sep/2022:11:06:16 -0700] "GET /blog/wp-login.php?action=lostpassword HTTP/1.1" 200 3420 "http://jsdsportsdevelopment.org/blog/wp-login.php" "Mozilla/5.0 (Linux; Android 7.0;) AppleWebKit/537.36 (KHTML, like Gecko) Mobile Safari/537.36 (compatible; PetalBot;+https://webmaster.petalsearch.com/site/petalbot)" "jsdsportsdevelopment.org"
198.54.124.131 - - [14/Sep/2022:11:06:58 -0700] "GET /wp-content/themes/authentic/includes/download.php?file=../../../../wp-config.php HTTP/1.1" 404 88 "-" "Mozilla/5.0 (Windows NT 10.0; rv:91.0) Gecko/20100101 Firefox/91.0" "jsdsportsdevelopment.org"
114.119.130.111 - - [14/Sep/2022:11:11:51 -0700] "GET /wp-includes/blocks/query-no-results/?C=M%3BO%3DA HTTP/1.1" 200 389 "https://jsdsportsdevelopment.org/wp-includes/blocks/query-no-results/" "Mozilla/5.0 (Linux; Android 7.0;) AppleWebKit/537.36 (KHTML, like Gecko) Mobile Safari/537.36 (compatible; PetalBot;+https://webmaster.petalsearch.com/site/petalbot)" "jsdsportsdevelopment.org"
42.83.147.34 - - [14/Sep/2022:11:20:54 -0700] "GET / HTTP/1.1" 200 428 "-" "Mozilla/5.0 (Windows NT 6.1; Win64; x64) AppleWebKit/537.36 (KHTML, like Gecko)Chrome/74.0.3729.169 Safari/537.36" "jsdsportsdevelopment.org"
114.119.130.111 - - [14/Sep/2022:11:30:31 -0700] "GET /wp-includes/blocks/post-author-biography/block.json HTTP/1.1" 200 401 "https://jsdsportsdevelopment.org/wp-includes/blocks/post-author-biography/?C=N%3BO%3DD" "Mozilla/5.0 (Linux; Android 7.0;) AppleWebKit/537.36 (KHTML, like Gecko) Mobile Safari/537.36 (compatible; PetalBot;+https://webmaster.petalsearch.com/site/petalbot)" "jsdsportsdevelopment.org"
10.247.24.60 - - [14/Sep/2022:11:36:09 -0700] "POST /wp-cron.php?doing_wp_cron=1663180569.3361489772796630859375 HTTP/1.1" 404 88 "https://jsdsportsdevelopment.org/wp-cron.php?doing_wp_cron=1663180569.3361489772796630859375" "WordPress/6.0.1; https://jsdsportsdevelopment.org" "jsdsportsdevelopment.org"
114.119.141.103 - - [14/Sep/2022:11:36:06 -0700] "GET /blog/index.php/mentoring/ HTTP/1.1" 200 28684 "http://jsdsportsdevelopment.org/blog/our-team/" "Mozilla/5.0 (Linux; Android 7.0;) AppleWebKit/537.36 (KHTML, like Gecko) Mobile Safari/537.36 (compatible; PetalBot;+https://webmaster.petalsearch.com/site/petalbot)" "jsdsportsdevelopment.org"
114.119.141.112 - - [14/Sep/2022:11:41:41 -0700] "GET /?page_id=109 HTTP/1.1" 200 428 "http://jsdsportsdevelopment.org/blog/our-team/" "Mozilla/5.0 (Linux; Android 7.0;) AppleWebKit/537.36 (KHTML, like Gecko) Mobile Safari/537.36 (compatible; PetalBot;+https://webmaster.petalsearch.com/site/petalbot)" "jsdsportsdevelopment.org"
114.119.141.100 - - [14/Sep/2022:11:50:18 -0700] "GET /wp-includes/blocks/post-author/style.min.css HTTP/1.1" 200 176 "https://jsdsportsdevelopment.org/wp-includes/blocks/post-author/?C=D%3BO%3DA" "Mozilla/5.0 (Linux; Android 7.0;) AppleWebKit/537.36 (KHTML, like Gecko) Mobile Safari/537.36 (compatible; PetalBot;+https://webmaster.petalsearch.com/site/petalbot)" "jsdsportsdevelopment.org"
114.119.130.111 - - [14/Sep/2022:11:56:07 -0700] "GET /wp-includes/blocks/pattern/block.json HTTP/1.1" 200 222 "https://jsdsportsdevelopment.org/wp-includes/blocks/pattern/?C=N%3BO%3DD" "Mozilla/5.0 (Linux; Android 7.0;) AppleWebKit/537.36 (KHTML, like Gecko) Mobile Safari/537.36 (compatible; PetalBot;+https://webmaster.petalsearch.com/site/petalbot)" "jsdsportsdevelopment.org"
114.119.141.112 - - [14/Sep/2022:12:01:29 -0700] "GET /wp-includes/blocks/template-part/ HTTP/1.1" 200 501 "https://jsdsportsdevelopment.org/wp-includes/blocks/?C=M%3BO%3DA" "Mozilla/5.0 (Linux; Android 7.0;) AppleWebKit/537.36 (KHTML, like Gecko) Mobile Safari/537.36 (compatible; PetalBot;+https://webmaster.petalsearch.com/site/petalbot)" "jsdsportsdevelopment.org"
114.119.140.87 - - [14/Sep/2022:12:07:06 -0700] "GET /wp-includes/blocks/avatar/block.json HTTP/1.1" 200 461 "https://jsdsportsdevelopment.org/wp-includes/blocks/avatar/?C=M%3BO%3DA" "Mozilla/5.0 (Linux; Android 7.0;) AppleWebKit/537.36 (KHTML, like Gecko) Mobile Safari/537.36 (compatible; PetalBot;+https://webmaster.petalsearch.com/site/petalbot)" "jsdsportsdevelopment.org"
114.119.130.111 - - [14/Sep/2022:12:26:44 -0700] "GET /wp-includes/blocks/avatar/style-rtl.css HTTP/1.1" 200 781 "https://jsdsportsdevelopment.org/wp-includes/blocks/avatar/?C=M%3BO%3DA" "Mozilla/5.0 (Linux; Android 7.0;) AppleWebKit/537.36 (KHTML, like Gecko) Mobile Safari/537.36 (compatible; PetalBot;+https://webmaster.petalsearch.com/site/petalbot)" "jsdsportsdevelopment.org"
114.119.130.111 - - [14/Sep/2022:12:32:27 -0700] "GET /wp-includes/blocks/avatar/?C=D%3BO%3DA HTTP/1.1" 200 497 "https://jsdsportsdevelopment.org/wp-includes/blocks/avatar/?C=M%3BO%3DA" "Mozilla/5.0 (Linux; Android 7.0;) AppleWebKit/537.36 (KHTML, like Gecko) Mobile Safari/537.36 (compatible; PetalBot;+https://webmaster.petalsearch.com/site/petalbot)" "jsdsportsdevelopment.org"
178.33.114.104 - - [14/Sep/2022:12:33:57 -0700] "GET /index.php?ac=mup HTTP/1.1" 404 73 "jsdsportsdevelopment.org" "Mozilla/5.0 (Windows NT 6.1; WOW64) AppleWebKit/537.36 (KHTML, like Gecko) Chrome/50.0.2661.75 Safari/537.36" "jsdsportsdevelopment.org"
114.119.130.111 - - [14/Sep/2022:12:49:07 -0700] "GET /wp-includes/blocks/avatar/?C=S%3BO%3DA HTTP/1.1" 200 497 "https://jsdsportsdevelopment.org/wp-includes/blocks/avatar/?C=M%3BO%3DA" "Mozilla/5.0 (Linux; Android 7.0;) AppleWebKit/537.36 (KHTML, like Gecko) Mobile Safari/537.36 (compatible; PetalBot;+https://webmaster.petalsearch.com/site/petalbot)" "jsdsportsdevelopment.org"
114.119.140.85 - - [14/Sep/2022:13:00:13 -0700] "GET /wp-includes/js/dist/ HTTP/1.1" 200 368 "https://jsdsportsdevelopment.org/wp-includes/js/dist/development/?C=S%3BO%3DA" "Mozilla/5.0 (Linux; Android 7.0;) AppleWebKit/537.36 (KHTML, like Gecko) Mobile Safari/537.36 (compatible; PetalBot;+https://webmaster.petalsearch.com/site/petalbot)" "jsdsportsdevelopment.org"
114.119.130.111 - - [14/Sep/2022:13:05:57 -0700] "GET /wp-includes/blocks/comments-pagination/editor-rtl.min.css HTTP/1.1" 200 222 "https://jsdsportsdevelopment.org/wp-includes/blocks/comments-pagination/?C=N%3BO%3DD" "Mozilla/5.0 (Linux; Android 7.0;) AppleWebKit/537.36 (KHTML, like Gecko) Mobile Safari/537.36 (compatible; PetalBot;+https://webmaster.petalsearch.com/site/petalbot)" "jsdsportsdevelopment.org"
114.119.141.100 - - [14/Sep/2022:13:11:38 -0700] "GET /wp-includes/blocks/template-part/editor.min.css HTTP/1.1" 200 149 "https://jsdsportsdevelopment.org/wp-includes/blocks/template-part/?C=N%3BO%3DD" "Mozilla/5.0 (Linux; Android 7.0;) AppleWebKit/537.36 (KHTML, like Gecko) Mobile Safari/537.36 (compatible; PetalBot;+https://webmaster.petalsearch.com/site/petalbot)" "jsdsportsdevelopment.org"
10.247.24.60 - - [14/Sep/2022:13:17:05 -0700] "POST /wp-cron.php?doing_wp_cron=1663186625.4676759243011474609375 HTTP/1.1" 404 88 "https://jsdsportsdevelopment.org/wp-cron.php?doing_wp_cron=1663186625.4676759243011474609375" "WordPress/6.0.1; https://jsdsportsdevelopment.org" "jsdsportsdevelopment.org"
114.119.141.103 - - [14/Sep/2022:13:17:02 -0700] "GET /blog/?page_id=109 HTTP/1.1" 200 25499 "http://jsdsportsdevelopment.org/blog/sports/" "Mozilla/5.0 (Linux; Android 7.0;) AppleWebKit/537.36 (KHTML, like Gecko) Mobile Safari/537.36 (compatible; PetalBot;+https://webmaster.petalsearch.com/site/petalbot)" "jsdsportsdevelopment.org"
114.119.141.103 - - [14/Sep/2022:13:22:22 -0700] "GET /wp-includes/blocks/post-author-biography/?C=M%3BO%3DA HTTP/1.1" 200 388 "https://jsdsportsdevelopment.org/wp-includes/blocks/post-author-biography/?C=N%3BO%3DD" "Mozilla/5.0 (Linux; Android 7.0;) AppleWebKit/537.36 (KHTML, like Gecko) Mobile Safari/537.36 (compatible; PetalBot;+https://webmaster.petalsearch.com/site/petalbot)" "jsdsportsdevelopment.org"
114.119.140.85 - - [14/Sep/2022:13:40:15 -0700] "GET /wp-includes/blocks/comments-pagination-previous/block.json HTTP/1.1" 200 427 "https://jsdsportsdevelopment.org/wp-includes/blocks/comments-pagination-previous/" "Mozilla/5.0 (Linux; Android 7.0;) AppleWebKit/537.36 (KHTML, like Gecko) Mobile Safari/537.36 (compatible; PetalBot;+https://webmaster.petalsearch.com/site/petalbot)" "jsdsportsdevelopment.org"
114.119.140.99 - - [14/Sep/2022:13:46:09 -0700] "GET /wp-includes/blocks/avatar/?C=N%3BO%3DD HTTP/1.1" 200 497 "https://jsdsportsdevelopment.org/wp-includes/blocks/avatar/?C=M%3BO%3DA" "Mozilla/5.0 (Linux; Android 7.0;) AppleWebKit/537.36 (KHTML, like Gecko) Mobile Safari/537.36 (compatible; PetalBot;+https://webmaster.petalsearch.com/site/petalbot)" "jsdsportsdevelopment.org"
10.247.24.59 - - [14/Sep/2022:13:51:52 -0700] "POST /wp-cron.php?doing_wp_cron=1663188712.0306661128997802734375 HTTP/1.1" 404 88 "https://jsdsportsdevelopment.org/wp-cron.php?doing_wp_cron=1663188712.0306661128997802734375" "WordPress/6.0.1; https://jsdsportsdevelopment.org" "jsdsportsdevelopment.org"
114.119.130.111 - - [14/Sep/2022:13:51:47 -0700] "GET /blog/index.php/sports/ HTTP/1.1" 200 28684 "http://jsdsportsdevelopment.org/blog/mentoring/" "Mozilla/5.0 (Linux; Android 7.0;) AppleWebKit/537.36 (KHTML, like Gecko) Mobile Safari/537.36 (compatible; PetalBot;+https://webmaster.petalsearch.com/site/petalbot)" "jsdsportsdevelopment.org"
114.119.141.112 - - [14/Sep/2022:13:57:01 -0700] "GET /wp-includes/blocks/comments-pagination-numbers/editor-rtl.min.css HTTP/1.1" 200 123 "https://jsdsportsdevelopment.org/wp-includes/blocks/comments-pagination-numbers/?C=M%3BO%3DA" "Mozilla/5.0 (Linux; Android 7.0;) AppleWebKit/537.36 (KHTML, like Gecko) Mobile Safari/537.36 (compatible; PetalBot;+https://webmaster.petalsearch.com/site/petalbot)" "jsdsportsdevelopment.org"
51.159.108.231 - - [14/Sep/2022:14:14:29 -0700] "GET / HTTP/1.1" 200 428 "-" "Mozilla/5.0 (Windows NT 10.0; WOW64) AppleWebKit/537.36 (KHTML, like Gecko) Chrome/84.0.4147.125 Safari/537.36" "jsdsportsdevelopment.org"
51.159.108.231 - - [14/Sep/2022:14:14:29 -0700] "GET /style.php?sig=rename HTTP/1.1" 404 88 "-" "Mozilla/5.0 (Windows NT 10.0; WOW64) AppleWebKit/537.36 (KHTML, like Gecko) Chrome/84.0.4147.125 Safari/537.36" "jsdsportsdevelopment.org"
51.159.108.231 - - [14/Sep/2022:14:14:30 -0700] "GET /wp-system-cloud.php HTTP/1.1" 404 88 "-" "Mozilla/5.0 (Windows NT 10.0; WOW64) AppleWebKit/537.36 (KHTML, like Gecko) Chrome/84.0.4147.125 Safari/537.36" "jsdsportsdevelopment.org"
51.159.108.231 - - [14/Sep/2022:14:14:30 -0700] "GET /wp-includes/wp-system-opencloud.php HTTP/1.1" 404 88 "-" "Mozilla/5.0 (Windows NT 10.0; WOW64) AppleWebKit/537.36 (KHTML, like Gecko) Chrome/84.0.4147.125 Safari/537.36" "jsdsportsdevelopment.org"
51.159.108.231 - - [14/Sep/2022:14:14:30 -0700] "GET /wp-includes/wp-system-cloud.php HTTP/1.1" 404 88 "-" "Mozilla/5.0 (Windows NT 10.0; WOW64) AppleWebKit/537.36 (KHTML, like Gecko) Chrome/84.0.4147.125 Safari/537.36" "jsdsportsdevelopment.org"
51.159.108.231 - - [14/Sep/2022:14:14:31 -0700] "GET /wp-includes/system-reboot.php HTTP/1.1" 404 88 "-" "Mozilla/5.0 (Windows NT 10.0; WOW64) AppleWebKit/537.36 (KHTML, like Gecko) Chrome/84.0.4147.125 Safari/537.36" "jsdsportsdevelopment.org"
51.159.108.231 - - [14/Sep/2022:14:14:31 -0700] "GET /wp-includes/class-wordpress-license.php HTTP/1.1" 404 88 "-" "Mozilla/5.0 (Windows NT 10.0; WOW64) AppleWebKit/537.36 (KHTML, like Gecko) Chrome/84.0.4147.125 Safari/537.36" "jsdsportsdevelopment.org"
51.159.108.231 - - [14/Sep/2022:14:14:31 -0700] "GET /wp-includes/class-detect-spam.php HTTP/1.1" 404 88 "-" "Mozilla/5.0 (Windows NT 10.0; WOW64) AppleWebKit/537.36 (KHTML, like Gecko) Chrome/84.0.4147.125 Safari/537.36" "jsdsportsdevelopment.org"
51.159.108.231 - - [14/Sep/2022:14:14:32 -0700] "GET /wp-includes/class-wordpress-cloud.php HTTP/1.1" 404 88 "-" "Mozilla/5.0 (Windows NT 10.0; WOW64) AppleWebKit/537.36 (KHTML, like Gecko) Chrome/84.0.4147.125 Safari/537.36" "jsdsportsdevelopment.org"
51.15.183.168 - - [14/Sep/2022:14:44:23 -0700] "GET /includes/fckeditor/editor/filemanager/upload/php/upload.php HTTP/1.1" 404 73 "-" "Mozilla/5.0 (Windows NT 6.3; Win64; x64) AppleWebKit/537.36 (KHTML, like Gecko) Chrome/75.0.3770.100 Safari/537.36" "jsdsportsdevelopment.org"
95.214.24.135 - - [14/Sep/2022:14:54:14 -0700] "GET /wp-content/themes/seotheme/mar.php HTTP/1.1" 404 88 "www.google.com" "Mozlila/5.0 (Linux; Android 7.0; SM-G892A Bulid/NRD90M; wv) AppleWebKit/537.36 (KHTML, like Gecko) Version/4.0 Chrome/60.0.3112.107 Moblie Safari/537.36" "jsdsportsdevelopment.org"
95.214.24.135 - - [14/Sep/2022:14:54:29 -0700] "GET /wp-content/themes/seotheme/mar.php HTTP/1.1" 404 88 "www.google.com" "Mozlila/5.0 (Linux; Android 7.0; SM-G892A Bulid/NRD90M; wv) AppleWebKit/537.36 (KHTML, like Gecko) Version/4.0 Chrome/60.0.3112.107 Moblie Safari/537.36" "jsdsportsdevelopment.org"
95.214.24.135 - - [14/Sep/2022:14:54:50 -0700] "GET /wp-content/uploads/2022/09/mar.php HTTP/1.1" 404 88 "www.google.com" "Mozlila/5.0 (Linux; Android 7.0; SM-G892A Bulid/NRD90M; wv) AppleWebKit/537.36 (KHTML, like Gecko) Version/4.0 Chrome/60.0.3112.107 Moblie Safari/537.36" "jsdsportsdevelopment.org"
95.214.24.135 - - [14/Sep/2022:14:55:01 -0700] "GET /wp-content/uploads/2022/09/mar.php HTTP/1.1" 404 88 "www.google.com" "Mozlila/5.0 (Linux; Android 7.0; SM-G892A Bulid/NRD90M; wv) AppleWebKit/537.36 (KHTML, like Gecko) Version/4.0 Chrome/60.0.3112.107 Moblie Safari/537.36" "jsdsportsdevelopment.org"
114.119.140.99 - - [14/Sep/2022:15:26:35 -0700] "GET /wp-includes/blocks/navigation-link/editor-rtl.css HTTP/1.1" 200 1568 "https://jsdsportsdevelopment.org/wp-includes/blocks/navigation-link/?C=S%3BO%3DA" "Mozilla/5.0 (Linux; Android 7.0;) AppleWebKit/537.36 (KHTML, like Gecko) Mobile Safari/537.36 (compatible; PetalBot;+https://webmaster.petalsearch.com/site/petalbot)" "jsdsportsdevelopment.org"
54.191.240.9 - - [14/Sep/2022:15:28:03 -0700] "GET / HTTP/1.1" 200 428 "-" "Mozilla/5.0 (X11; Linux x86_64) AppleWebKit/537.36 (KHTML, like Gecko) Chrome/83.0.4103.97 Safari/537.36" "jsdsportsdevelopment.org"
35.165.43.241 - - [14/Sep/2022:15:28:10 -0700] "GET / HTTP/1.1" 200 428 "-" "Mozilla/5.0 (X11; Linux x86_64) AppleWebKit/537.36 (KHTML, like Gecko) Chrome/83.0.4103.97 Safari/537.36" "jsdsportsdevelopment.org"
35.89.183.70 - - [14/Sep/2022:15:28:32 -0700] "GET /favicon.ico HTTP/1.1" 404 88 "http://jsdsportsdevelopment.org/favicon.ico" "Mozilla/5.0 (X11; Linux x86_64) AppleWebKit/537.36 (KHTML, like Gecko) Chrome/83.0.4103.97 Safari/537.36" "jsdsportsdevelopment.org"
35.89.183.70 - - [14/Sep/2022:15:28:35 -0700] "GET / HTTP/1.1" 200 428 "http://jsdsportsdevelopment.org" "Mozilla/5.0 (X11; Linux x86_64) AppleWebKit/537.36 (KHTML, like Gecko) Chrome/83.0.4103.97 Safari/537.36" "jsdsportsdevelopment.org"
52.13.98.250 - - [14/Sep/2022:15:28:45 -0700] "GET /favicon.ico HTTP/1.1" 404 88 "-" "Mozilla/5.0 (X11; Linux x86_64) AppleWebKit/537.36 (KHTML, like Gecko) Chrome/83.0.4103.97 Safari/537.36" "jsdsportsdevelopment.org"
52.13.98.250 - - [14/Sep/2022:15:28:47 -0700] "GET / HTTP/1.1" 200 428 "-" "Mozilla/5.0 (X11; Linux x86_64) AppleWebKit/537.36 (KHTML, like Gecko) Chrome/83.0.4103.97 Safari/537.36" "jsdsportsdevelopment.org"
10.247.24.58 - - [14/Sep/2022:15:33:24 -0700] "POST /wp-cron.php?doing_wp_cron=1663194804.7192800045013427734375 HTTP/1.1" 404 88 "https://jsdsportsdevelopment.org/wp-cron.php?doing_wp_cron=1663194804.7192800045013427734375" "WordPress/6.0.1; https://jsdsportsdevelopment.org" "jsdsportsdevelopment.org"
114.119.140.87 - - [14/Sep/2022:15:33:21 -0700] "GET /blog/?page_id=22 HTTP/1.1" 200 24110 "http://jsdsportsdevelopment.org/blog/sports/" "Mozilla/5.0 (Linux; Android 7.0;) AppleWebKit/537.36 (KHTML, like Gecko) Mobile Safari/537.36 (compatible; PetalBot;+https://webmaster.petalsearch.com/site/petalbot)" "jsdsportsdevelopment.org"
114.119.140.85 - - [14/Sep/2022:15:39:12 -0700] "GET /wp-includes/php-compat/?C=M%3BO%3DA HTTP/1.1" 200 379 "https://jsdsportsdevelopment.org/wp-includes/php-compat/?C=S%3BO%3DA" "Mozilla/5.0 (Linux; Android 7.0;) AppleWebKit/537.36 (KHTML, like Gecko) Mobile Safari/537.36 (compatible; PetalBot;+https://webmaster.petalsearch.com/site/petalbot)" "jsdsportsdevelopment.org"
114.119.141.103 - - [14/Sep/2022:16:01:41 -0700] "GET /wp-includes/blocks/navigation/?C=D%3BO%3DA HTTP/1.1" 200 561 "https://jsdsportsdevelopment.org/wp-includes/blocks/navigation/?C=S%3BO%3DA" "Mozilla/5.0 (Linux; Android 7.0;) AppleWebKit/537.36 (KHTML, like Gecko) Mobile Safari/537.36 (compatible; PetalBot;+https://webmaster.petalsearch.com/site/petalbot)" "jsdsportsdevelopment.org"
66.249.75.38 - - [14/Sep/2022:16:22:25 -0700] "GET /robots.txt HTTP/1.1" 404 88 "-" "Mozilla/5.0 (compatible; Googlebot/2.1; +http://www.google.com/bot.html)" "jsdsportsdevelopment.org"
10.247.24.59 - - [14/Sep/2022:16:23:15 -0700] "POST /wp-cron.php?doing_wp_cron=1663197795.0090210437774658203125 HTTP/1.1" 404 88 "https://jsdsportsdevelopment.org/wp-cron.php?doing_wp_cron=1663197795.0090210437774658203125" "WordPress/6.0.1; https://jsdsportsdevelopment.org" "jsdsportsdevelopment.org"
66.249.75.41 - - [14/Sep/2022:16:23:18 -0700] "GET /wp-includes/css/dist/block-library/style.min.css?ver=6.0.1 HTTP/1.1" 404 88 "https://jsdsportsdevelopment.org/blog/sports/basketball/" "Mozilla/5.0 (Linux; Android 6.0.1; Nexus 5X Build/MMB29P) AppleWebKit/537.36 (KHTML, like Gecko) Chrome/105.0.5195.102 Mobile Safari/537.36 (compatible; Googlebot/2.1; +http://www.google.com/bot.html)" "jsdsportsdevelopment.org"
66.249.75.41 - - [14/Sep/2022:16:23:19 -0700] "GET /wp-content/themes/avenue/inc/css/temps/blue.css?ver=2.03 HTTP/1.1" 404 88 "https://jsdsportsdevelopment.org/blog/sports/basketball/" "Mozilla/5.0 (Linux; Android 6.0.1; Nexus 5X Build/MMB29P) AppleWebKit/537.36 (KHTML, like Gecko) Chrome/105.0.5195.102 Mobile Safari/537.36 (compatible; Googlebot/2.1; +http://www.google.com/bot.html)" "jsdsportsdevelopment.org"
66.249.75.41 - - [14/Sep/2022:16:23:19 -0700] "GET /wp-content/themes/avenue/style.css?ver=6.0.1 HTTP/1.1" 404 88 "https://jsdsportsdevelopment.org/blog/sports/basketball/" "Mozilla/5.0 (Linux; Android 6.0.1; Nexus 5X Build/MMB29P) AppleWebKit/537.36 (KHTML, like Gecko) Chrome/105.0.5195.102 Mobile Safari/537.36 (compatible; Googlebot/2.1; +http://www.google.com/bot.html)" "jsdsportsdevelopment.org"
66.249.75.38 - - [14/Sep/2022:16:23:19 -0700] "GET /wp-content/themes/avenue/inc/css/camera.css?ver=2.03 HTTP/1.1" 404 88 "https://jsdsportsdevelopment.org/blog/sports/basketball/" "Mozilla/5.0 (Linux; Android 6.0.1; Nexus 5X Build/MMB29P) AppleWebKit/537.36 (KHTML, like Gecko) Chrome/105.0.5195.102 Mobile Safari/537.36 (compatible; Googlebot/2.1; +http://www.google.com/bot.html)" "jsdsportsdevelopment.org"
66.249.75.41 - - [14/Sep/2022:16:23:19 -0700] "GET /wp-includes/js/wp-emoji-release.min.js?ver=6.0.1 HTTP/1.1" 404 88 "https://jsdsportsdevelopment.org/blog/sports/basketball/" "Mozilla/5.0 (Linux; Android 6.0.1; Nexus 5X Build/MMB29P) AppleWebKit/537.36 (KHTML, like Gecko) Chrome/105.0.5195.102 Mobile Safari/537.36 (compatible; Googlebot/2.1; +http://www.google.com/bot.html)" "jsdsportsdevelopment.org"
66.249.75.38 - - [14/Sep/2022:16:23:19 -0700] "GET /wp-includes/js/jquery/ui/core.min.js?ver=1.13.1 HTTP/1.1" 404 88 "https://jsdsportsdevelopment.org/blog/sports/basketball/" "Mozilla/5.0 (Linux; Android 6.0.1; Nexus 5X Build/MMB29P) AppleWebKit/537.36 (KHTML, like Gecko) Chrome/105.0.5195.102 Mobile Safari/537.36 (compatible; Googlebot/2.1; +http://www.google.com/bot.html)" "jsdsportsdevelopment.org"
66.249.75.41 - - [14/Sep/2022:16:23:19 -0700] "GET /wp-content/themes/avenue/inc/css/style.css?ver=2.03 HTTP/1.1" 404 88 "https://jsdsportsdevelopment.org/blog/sports/basketball/" "Mozilla/5.0 (Linux; Android 6.0.1; Nexus 5X Build/MMB29P) AppleWebKit/537.36 (KHTML, like Gecko) Chrome/105.0.5195.102 Mobile Safari/537.36 (compatible; Googlebot/2.1; +http://www.google.com/bot.html)" "jsdsportsdevelopment.org"
66.249.75.38 - - [14/Sep/2022:16:23:19 -0700] "GET /wp-includes/js/jquery/jquery-migrate.min.js?ver=3.3.2 HTTP/1.1" 404 88 "https://jsdsportsdevelopment.org/blog/sports/basketball/" "Mozilla/5.0 (Linux; Android 6.0.1; Nexus 5X Build/MMB29P) AppleWebKit/537.36 (KHTML, like Gecko) Chrome/105.0.5195.102 Mobile Safari/537.36 (compatible; Googlebot/2.1; +http://www.google.com/bot.html)" "jsdsportsdevelopment.org"
66.249.75.38 - - [14/Sep/2022:16:23:19 -0700] "GET /wp-content/themes/avenue/inc/css/font-awesome.min.css?ver=2.03 HTTP/1.1" 404 88 "https://jsdsportsdevelopment.org/blog/sports/basketball/" "Mozilla/5.0 (Linux; Android 6.0.1; Nexus 5X Build/MMB29P) AppleWebKit/537.36 (KHTML, like Gecko) Chrome/105.0.5195.102 Mobile Safari/537.36 (compatible; Googlebot/2.1; +http://www.google.com/bot.html)" "jsdsportsdevelopment.org"
66.249.75.38 - - [14/Sep/2022:16:23:19 -0700] "GET /wp-includes/js/jquery/jquery.min.js?ver=3.6.0 HTTP/1.1" 404 88 "https://jsdsportsdevelopment.org/blog/sports/basketball/" "Mozilla/5.0 (Linux; Android 6.0.1; Nexus 5X Build/MMB29P) AppleWebKit/537.36 (KHTML, like Gecko) Chrome/105.0.5195.102 Mobile Safari/537.36 (compatible; Googlebot/2.1; +http://www.google.com/bot.html)" "jsdsportsdevelopment.org"
66.249.75.41 - - [14/Sep/2022:16:23:19 -0700] "GET /wp-content/themes/avenue/inc/css/animate.css?ver=2.03 HTTP/1.1" 404 88 "https://jsdsportsdevelopment.org/blog/sports/basketball/" "Mozilla/5.0 (Linux; Android 6.0.1; Nexus 5X Build/MMB29P) AppleWebKit/537.36 (KHTML, like Gecko) Chrome/105.0.5195.102 Mobile Safari/537.36 (compatible; Googlebot/2.1; +http://www.google.com/bot.html)" "jsdsportsdevelopment.org"
66.249.75.41 - - [14/Sep/2022:16:23:19 -0700] "GET /wp-content/themes/avenue/inc/css/bootstrap.css?ver=2.03 HTTP/1.1" 404 88 "https://jsdsportsdevelopment.org/blog/sports/basketball/" "Mozilla/5.0 (Linux; Android 6.0.1; Nexus 5X Build/MMB29P) AppleWebKit/537.36 (KHTML, like Gecko) Chrome/105.0.5195.102 Mobile Safari/537.36 (compatible; Googlebot/2.1; +http://www.google.com/bot.html)" "jsdsportsdevelopment.org"
66.249.75.38 - - [14/Sep/2022:16:23:19 -0700] "GET /wp-includes/css/dist/block-library/style.min.css?ver=6.0.1 HTTP/1.1" 404 88 "https://jsdsportsdevelopment.org/blog/sports/basketball/" "Mozilla/5.0 (Linux; Android 6.0.1; Nexus 5X Build/MMB29P) AppleWebKit/537.36 (KHTML, like Gecko) Chrome/105.0.5195.102 Mobile Safari/537.36 (compatible; Googlebot/2.1; +http://www.google.com/bot.html)" "jsdsportsdevelopment.org"
66.249.75.38 - - [14/Sep/2022:16:23:19 -0700] "GET /wp-content/themes/avenue/inc/css/temps/blue.css?ver=2.03 HTTP/1.1" 404 88 "https://jsdsportsdevelopment.org/blog/sports/basketball/" "Mozilla/5.0 (Linux; Android 6.0.1; Nexus 5X Build/MMB29P) AppleWebKit/537.36 (KHTML, like Gecko) Chrome/105.0.5195.102 Mobile Safari/537.36 (compatible; Googlebot/2.1; +http://www.google.com/bot.html)" "jsdsportsdevelopment.org"
66.249.75.41 - - [14/Sep/2022:16:23:19 -0700] "GET /wp-content/themes/avenue/inc/js/script.js?ver=2.03 HTTP/1.1" 404 88 "https://jsdsportsdevelopment.org/blog/sports/basketball/" "Mozilla/5.0 (Linux; Android 6.0.1; Nexus 5X Build/MMB29P) AppleWebKit/537.36 (KHTML, like Gecko) Chrome/105.0.5195.102 Mobile Safari/537.36 (compatible; Googlebot/2.1; +http://www.google.com/bot.html)" "jsdsportsdevelopment.org"
66.249.75.41 - - [14/Sep/2022:16:23:19 -0700] "GET /wp-content/themes/avenue/style.css?ver=6.0.1 HTTP/1.1" 404 88 "https://jsdsportsdevelopment.org/blog/sports/basketball/" "Mozilla/5.0 (Linux; Android 6.0.1; Nexus 5X Build/MMB29P) AppleWebKit/537.36 (KHTML, like Gecko) Chrome/105.0.5195.102 Mobile Safari/537.36 (compatible; Googlebot/2.1; +http://www.google.com/bot.html)" "jsdsportsdevelopment.org"
66.249.75.41 - - [14/Sep/2022:16:23:19 -0700] "GET /wp-content/themes/avenue/inc/css/camera.css?ver=2.03 HTTP/1.1" 404 88 "https://jsdsportsdevelopment.org/blog/sports/basketball/" "Mozilla/5.0 (Linux; Android 6.0.1; Nexus 5X Build/MMB29P) AppleWebKit/537.36 (KHTML, like Gecko) Chrome/105.0.5195.102 Mobile Safari/537.36 (compatible; Googlebot/2.1; +http://www.google.com/bot.html)" "jsdsportsdevelopment.org"
66.249.75.41 - - [14/Sep/2022:16:23:19 -0700] "GET /wp-includes/js/wp-emoji-release.min.js?ver=6.0.1 HTTP/1.1" 404 88 "https://jsdsportsdevelopment.org/blog/sports/basketball/" "Mozilla/5.0 (Linux; Android 6.0.1; Nexus 5X Build/MMB29P) AppleWebKit/537.36 (KHTML, like Gecko) Chrome/105.0.5195.102 Mobile Safari/537.36 (compatible; Googlebot/2.1; +http://www.google.com/bot.html)" "jsdsportsdevelopment.org"
66.249.75.38 - - [14/Sep/2022:16:23:19 -0700] "GET /wp-content/themes/avenue/inc/css/style.css?ver=2.03 HTTP/1.1" 404 88 "https://jsdsportsdevelopment.org/blog/sports/basketball/" "Mozilla/5.0 (Linux; Android 6.0.1; Nexus 5X Build/MMB29P) AppleWebKit/537.36 (KHTML, like Gecko) Chrome/105.0.5195.102 Mobile Safari/537.36 (compatible; Googlebot/2.1; +http://www.google.com/bot.html)" "jsdsportsdevelopment.org"
66.249.75.41 - - [14/Sep/2022:16:23:19 -0700] "GET /wp-content/themes/avenue/inc/css/animate.css?ver=2.03 HTTP/1.1" 404 88 "https://jsdsportsdevelopment.org/blog/sports/basketball/" "Mozilla/5.0 (Linux; Android 6.0.1; Nexus 5X Build/MMB29P) AppleWebKit/537.36 (KHTML, like Gecko) Chrome/105.0.5195.102 Mobile Safari/537.36 (compatible; Googlebot/2.1; +http://www.google.com/bot.html)" "jsdsportsdevelopment.org"
66.249.75.41 - - [14/Sep/2022:16:23:19 -0700] "GET /wp-includes/js/jquery/jquery-migrate.min.js?ver=3.3.2 HTTP/1.1" 404 88 "https://jsdsportsdevelopment.org/blog/sports/basketball/" "Mozilla/5.0 (Linux; Android 6.0.1; Nexus 5X Build/MMB29P) AppleWebKit/537.36 (KHTML, like Gecko) Chrome/105.0.5195.102 Mobile Safari/537.36 (compatible; Googlebot/2.1; +http://www.google.com/bot.html)" "jsdsportsdevelopment.org"
66.249.75.38 - - [14/Sep/2022:16:23:19 -0700] "GET /wp-includes/js/jquery/jquery.min.js?ver=3.6.0 HTTP/1.1" 404 88 "https://jsdsportsdevelopment.org/blog/sports/basketball/" "Mozilla/5.0 (Linux; Android 6.0.1; Nexus 5X Build/MMB29P) AppleWebKit/537.36 (KHTML, like Gecko) Chrome/105.0.5195.102 Mobile Safari/537.36 (compatible; Googlebot/2.1; +http://www.google.com/bot.html)" "jsdsportsdevelopment.org"
66.249.75.38 - - [14/Sep/2022:16:23:19 -0700] "GET /wp-content/themes/avenue/inc/css/bootstrap.css?ver=2.03 HTTP/1.1" 404 88 "https://jsdsportsdevelopment.org/blog/sports/basketball/" "Mozilla/5.0 (Linux; Android 6.0.1; Nexus 5X Build/MMB29P) AppleWebKit/537.36 (KHTML, like Gecko) Chrome/105.0.5195.102 Mobile Safari/537.36 (compatible; Googlebot/2.1; +http://www.google.com/bot.html)" "jsdsportsdevelopment.org"
